{"id":31,"date":"2014-06-17T08:37:50","date_gmt":"2014-06-17T08:37:50","guid":{"rendered":"http:\/\/blogit.utu.fi\/30luku\/?page_id=31"},"modified":"2014-08-19T10:48:58","modified_gmt":"2014-08-19T10:48:58","slug":"vala-naytelma","status":"publish","type":"page","link":"https:\/\/blogit.utu.fi\/30luku\/vala-naytelma\/","title":{"rendered":"Vala-n\u00e4ytelm\u00e4"},"content":{"rendered":"<p><a href=\"https:\/\/blogit.utu.fi\/30luku\/wp-content\/uploads\/sites\/23\/2014\/06\/ella-pyhalto-255.jpg\"><img loading=\"lazy\" decoding=\"async\" class=\"alignleft size-thumbnail wp-image-32\" src=\"https:\/\/blogit.utu.fi\/30luku\/wp-content\/uploads\/sites\/23\/2014\/06\/ella-pyhalto-255-150x150.jpg\" alt=\"ella-pyhalto-255\" width=\"150\" height=\"150\" \/><\/a>Osana Studia Generalia -sarjaa esit\u00e4mme Virpi Haataisen k\u00e4sikirjoittaman ja ohjaaman, Teatteri Avoimien Ovien produktion<em><a href=\"http:\/\/www.avoimetovet.fi\/vala\"> Vala \u2013 n\u00e4ytelm\u00e4 runoilija Katri Valan el\u00e4m\u00e4st\u00e4\u00a0<\/a>\u00a0 <\/em>tiistaina 30.9.2014 klo 19 Aurinkobaletin tiloissa Manillassa (os. It\u00e4inen rantakatu 64). N\u00e4ytelm\u00e4n j\u00e4lkeen on keskustelutilaisuus, miss\u00e4 ohjaaja-kirjoittaja Virpi Haatainen ja n\u00e4yttelij\u00e4t kertovat produktion taustoista ja tekemisest\u00e4.<\/p>\n<p>Liput ovat nyt myynniss\u00e4 hintaan 25 e (20e\/el\u00e4kel\u00e4iset, 15 e\/opiskelijat, ty\u00f6tt\u00f6m\u00e4t, varus- ja siviilipalvelusmiehet)<\/p>\n<p>Lippuja voi varata suoraan Aurinkobaletin toimistosta sen aukioloaikoina ma-pe 10-16, puhelimitse 02-284 0100 tai s\u00e4hk\u00f6postitse info(at)aurinkobaletti.com. Liput voi lunastaa toimistosta sen aukioloaikoina tai viimeist\u00e4\u00e4n puoli tuntia ennen esityst\u00e4.<\/p>\n<p><em>&#8221;<\/em>Vala<em> kertoo voimakkaasti kokevasta ja tarkkan\u00e4k\u00f6isest\u00e4 yhteiskunnallisesta vaikuttajasta, runoilija Katri Valasta. Nuorena Katri huumaantuu el\u00e4m\u00e4st\u00e4, runoista ja Olavi Paavolaisesta. Katrin arki on kuitenkin t\u00e4ynn\u00e4 velvollisuuksia ja kamppailua. Lapsena koettu is\u00e4n menetys ja sit\u00e4 seurannut k\u00f6yhyys ja h\u00e4pe\u00e4 eiv\u00e4t p\u00e4\u00e4st\u00e4 h\u00e4nt\u00e4 otteestaan. 1930-luvulla Katrin tilanne vaikeutuu poliittisten ongelmien my\u00f6t\u00e4.\u00a0 Asenteiden k\u00e4rjistyess\u00e4, Katrista ja h\u00e4nen veljest\u00e4\u00e4n Erkist\u00e4 tulee aktivisteja, kiivaita demokratian ja sananvapauden puolustajia.<\/em><\/p>\n<p><em><a href=\"https:\/\/blogit.utu.fi\/30luku\/wp-content\/uploads\/sites\/23\/2014\/06\/ella-pyhalto-juhani-rajalin-251.jpg\"><img loading=\"lazy\" decoding=\"async\" class=\"alignright wp-image-33 size-medium\" src=\"https:\/\/blogit.utu.fi\/30luku\/wp-content\/uploads\/sites\/23\/2014\/06\/ella-pyhalto-juhani-rajalin-251-300x200.jpg\" alt=\"ella-pyhalto-juhani-rajalin-251\" width=\"300\" height=\"200\" srcset=\"https:\/\/blogit.utu.fi\/30luku\/wp-content\/uploads\/sites\/23\/2014\/06\/ella-pyhalto-juhani-rajalin-251-300x200.jpg 300w, https:\/\/blogit.utu.fi\/30luku\/wp-content\/uploads\/sites\/23\/2014\/06\/ella-pyhalto-juhani-rajalin-251-1024x682.jpg 1024w, https:\/\/blogit.utu.fi\/30luku\/wp-content\/uploads\/sites\/23\/2014\/06\/ella-pyhalto-juhani-rajalin-251.jpg 1200w\" sizes=\"auto, (max-width: 300px) 100vw, 300px\" \/><\/a>Katri etsii koko el\u00e4m\u00e4ns\u00e4 turvallista kotia, pes\u00e4puuta. Mutta pes\u00e4puu vaihtuu alati ja sota vie lopullisesti kaiken. Taide tuo kuitenkin lohtua Katrin el\u00e4m\u00e4\u00e4n. Kirjoittaessaan h\u00e4n tuntee itsens\u00e4 vapaaksi, pienen ohikiit\u00e4v\u00e4n hetken h\u00e4n on turvassa, kuin is\u00e4n syliss\u00e4.&#8221; <\/em>(Teksti: Teatteri Avoimet ovet<em>)<\/em><\/p>\n<p>&nbsp;<\/p>\n<p>K\u00e4sikirjoitus ja ohjaus <strong>Virpi Haatainen<\/strong><br \/>\nLavastus ja puvut <strong>Heini Granberg, <\/strong>Valo- ja \u00e4\u00e4nisuunnittelu <strong>Antti Kujala<\/strong><\/p>\n<p>Rooleissa\u00a0<strong>Ella Pyh\u00e4lt\u00f6, Henry Hanikka, Juhani Rajalin<\/strong><\/p>\n","protected":false},"excerpt":{"rendered":"<p>Osana Studia Generalia -sarjaa esit\u00e4mme Virpi Haataisen k\u00e4sikirjoittaman ja ohjaaman, Teatteri Avoimien Ovien produktion Vala \u2013 n\u00e4ytelm\u00e4 runoilija Katri Valan el\u00e4m\u00e4st\u00e4\u00a0\u00a0 tiistaina 30.9.2014 klo 19 Aurinkobaletin tiloissa Manillassa (os. It\u00e4inen rantakatu 64). N\u00e4ytelm\u00e4n j\u00e4lkeen on keskustelutilaisuus, miss\u00e4 ohjaaja-kirjoittaja Virpi Haatainen &hellip; <a href=\"https:\/\/blogit.utu.fi\/30luku\/vala-naytelma\/\">Lue loppuun <span class=\"meta-nav\">&rarr;<\/span><\/a><\/p>\n","protected":false},"author":80,"featured_media":0,"parent":0,"menu_order":0,"comment_status":"open","ping_status":"open","template":"","meta":{"footnotes":""},"class_list":["post-31","page","type-page","status-publish","hentry"],"_links":{"self":[{"href":"https:\/\/blogit.utu.fi\/30luku\/wp-json\/wp\/v2\/pages\/31","targetHints":{"allow":["GET"]}}],"collection":[{"href":"https:\/\/blogit.utu.fi\/30luku\/wp-json\/wp\/v2\/pages"}],"about":[{"href":"https:\/\/blogit.utu.fi\/30luku\/wp-json\/wp\/v2\/types\/page"}],"author":[{"embeddable":true,"href":"https:\/\/blogit.utu.fi\/30luku\/wp-json\/wp\/v2\/users\/80"}],"replies":[{"embeddable":true,"href":"https:\/\/blogit.utu.fi\/30luku\/wp-json\/wp\/v2\/comments?post=31"}],"version-history":[{"count":9,"href":"https:\/\/blogit.utu.fi\/30luku\/wp-json\/wp\/v2\/pages\/31\/revisions"}],"predecessor-version":[{"id":51,"href":"https:\/\/blogit.utu.fi\/30luku\/wp-json\/wp\/v2\/pages\/31\/revisions\/51"}],"wp:attachment":[{"href":"https:\/\/blogit.utu.fi\/30luku\/wp-json\/wp\/v2\/media?parent=31"}],"curies":[{"name":"wp","href":"https:\/\/api.w.org\/{rel}","templated":true}]}}