{"id":281,"date":"2019-09-20T10:52:30","date_gmt":"2019-09-20T10:52:30","guid":{"rendered":"https:\/\/blogit.utu.fi\/ajankoneet\/?page_id=281"},"modified":"2020-01-10T10:11:18","modified_gmt":"2020-01-10T10:11:18","slug":"teot","status":"publish","type":"page","link":"https:\/\/blogit.utu.fi\/ajankoneet\/teot\/","title":{"rendered":"Teot"},"content":{"rendered":"<h3>2020-<\/h3>\n<p>AJAN KONEET \u2013 arkistoaktivistinen interventio haastaa arkiston ja ajan uudelleen m\u00e4\u00e4rittelyyn. T\u00e4htitieteilij\u00e4 Yrj\u00f6 V\u00e4is\u00e4l\u00e4 (1891\u20131971) on tehnyt meille aikakoneen, jonka kaavat ovat arkistoissa ja osat Tuorlan observatorion esineist\u00f6ss\u00e4 ja observatorion rakennuksissa. Nelihenkisen ty\u00f6ryhm\u00e4n j\u00e4senet rakentavat tuon laitteen uudelleen. Kone pys\u00e4ytt\u00e4\u00e4 ajan, muuttaa kokijan aikaj\u00e4nteen ja pakottaa kyseenalaistamaan ihmiskunnan nykyisen suunnan. Hanke toteutetaan Tuorlan observatorion alueella Piikki\u00f6ss\u00e4, jossa edelleen on konkreettisesti l\u00e4sn\u00e4 t\u00e4htitieteilij\u00e4 Yrj\u00f6 V\u00e4is\u00e4l\u00e4n aikakausi ja h\u00e4nen tieteellinen perint\u00f6ns\u00e4. AJAN KONEET -hankkeessa tutkitaan aikaa ja ajan j\u00e4lki\u00e4 arkistoaktivistisen ty\u00f6skentelyn sek\u00e4 materiaalisen esinetutkimuksen (H\u00e4nninen &amp; M\u00e4ki) kautta yhdist\u00e4en ty\u00f6skentely\u00e4 taiteelliseen ja kuratoriaaliseen ty\u00f6h\u00f6n (Pohjolainen &amp; Saarikoski). Taiteellisten interventioiden tarkoituksena on tarjota vaihtoehtoisia n\u00e4k\u00f6kulmia ajan ymm\u00e4rt\u00e4miseen ja tutkimuksen tekemiseen sek\u00e4 liitt\u00e4\u00e4 siten tutkimusprosessit osaksi taiteellista ty\u00f6skentely\u00e4. Haluamme l\u00f6yt\u00e4\u00e4 tutkimuksen ja taiteen avulla arkistoille keinoja k\u00e4ytt\u00e4\u00e4 radikaalia empatiaa ja v\u00e4litt\u00e4misen etiikkaa ihmisten aikaj\u00e4nteen ja toiminnan muuttamiseen. T\u00e4m\u00e4 muutos tekee arkistoista ja arkistotoimijoista aktiivisia maailman muuttajia, mik\u00e4 ravistelee sek\u00e4 arkistoja ja muita muistiorganisaatioita kuin my\u00f6s arkistotiedett\u00e4.<\/p>\n<h3>Syyskuu 2019<\/h3>\n<p>Saimme loppusyksyst\u00e4 kollektiivissa idean hankesivustomme kuvittamisesta. Halusimme tuoda esille Tuorlan observatorion kiinnostavaa esineist\u00f6\u00e4, ja samalla el\u00e4yty\u00e4 itse \u2013 kuvitella vaihtoehtoista menneisyytt\u00e4 steampunkin hengess\u00e4. Kaivelimme vaatekaappejamme, lainasimme professori Yrj\u00f6 V\u00e4is\u00e4l\u00e4n tohtorinhattua, valikoimme edustavia esineit\u00e4 ja rakensimme yhden aamup\u00e4iv\u00e4n ajaksi kuvitteellisen t\u00e4htitieteilij\u00e4n ty\u00f6huoneen aitoon tilaan, Yrj\u00f6 V\u00e4is\u00e4l\u00e4n ty\u00f6huoneeseen Tuorlaan. Katso teksti ja kuvia Ajassa nyt -sivulta!<\/p>\n<h3>Syyskuu 2019-<\/h3>\n<p>Olemme mukana Turun yliopiston museologian opiskelijoiden teemaseminaarissa syksyll\u00e4 2019. Seminaarissa opiskelijat tuottavat &#8221;Maan ja taivaan v\u00e4lill\u00e4&#8221; -n\u00e4yttelyn juhlistamaan Turun yliopiston 100-vuotista historiaa. N\u00e4yttelyyn tulee esille Tuorlan observatorion esineist\u00f6\u00e4 sek\u00e4 yliopiston arkeologisia kokoelmia.<\/p>\n<h3>Toukokuu 2019<\/h3>\n<p>What\u00b4s up? Tiede esiin -seminaari 10.5.2019, Turun yliopisto, \u00c5bo Akademi &amp; Turun museokeskus. Esittely Tuorlan observatorion muistitietohankkeesta (M\u00e4ki). <a href=\"https:\/\/sites.utu.fi\/hiiskuttua\/humanistit-esittelivat-turun-museokeskuksen-vaelle-tutkimushankkeitaan-whats-up-tiede-esiin-seminaarissa\/\" target=\"_blank\" rel=\"noopener noreferrer\"> https:\/\/sites.utu.fi\/hiiskuttua\/humanistit-esittelivat-turun-museokeskuksen-vaelle-tutkimushankkeitaan-whats-up-tiede-esiin-seminaarissa\/<\/a><\/p>\n<h3>Huhti-kes\u00e4kuu 2019<\/h3>\n<p>Valikoima Tuorlan arkea. Esinen\u00e4yttely Kuviteltu avaruus -seminaarin yhteydess\u00e4 (M\u00e4ki &amp; Saarikoski). Sirkkalan kasarmin aula, Turun yliopisto.<\/p>\n<h3>Huhtikuu 2019<\/h3>\n<p>Tuorlan menneisyys -ty\u00f6pajailta lapsiperheille 1.4.2019 (M\u00e4ki &amp; Saarikoski).<\/p>\n<h3>Huhtikuu 2019<\/h3>\n<p>Esitelm\u00e4: &#8221;From observatory to science centre \u2013 transformation, heritage processes and identities of Tuorla observatory&#8221; (M\u00e4ki &amp; Saarikoski). SIEF2019, Track Changes: Reflecting on a Transforming World.<br \/>\nPosteri: &#8221;Conjoining art &amp; science at the Science Centre Tuorla: Dreamscape of a scientist&#8221; (Saarikoski). SIEF2019, Track Changes: Reflecting on a Transforming World.<\/p>\n<p><strong><img loading=\"lazy\" decoding=\"async\" class=\"alignnone size-medium wp-image-359\" src=\"https:\/\/blogit.utu.fi\/ajankoneet\/wp-content\/uploads\/sites\/428\/2019\/09\/posteriV\u00e4is\u00e4l\u00e4n-uni_valmis_pieni_rgb-212x300.jpg\" alt=\"\" width=\"212\" height=\"300\" srcset=\"https:\/\/blogit.utu.fi\/ajankoneet\/wp-content\/uploads\/sites\/428\/2019\/09\/posteriV\u00e4is\u00e4l\u00e4n-uni_valmis_pieni_rgb-212x300.jpg 212w, https:\/\/blogit.utu.fi\/ajankoneet\/wp-content\/uploads\/sites\/428\/2019\/09\/posteriV\u00e4is\u00e4l\u00e4n-uni_valmis_pieni_rgb-768x1088.jpg 768w, https:\/\/blogit.utu.fi\/ajankoneet\/wp-content\/uploads\/sites\/428\/2019\/09\/posteriV\u00e4is\u00e4l\u00e4n-uni_valmis_pieni_rgb-723x1024.jpg 723w, https:\/\/blogit.utu.fi\/ajankoneet\/wp-content\/uploads\/sites\/428\/2019\/09\/posteriV\u00e4is\u00e4l\u00e4n-uni_valmis_pieni_rgb.jpg 1403w\" sizes=\"auto, (max-width: 212px) 100vw, 212px\" \/><\/strong><\/p>\n<h3>Toukokuu 2018-<\/h3>\n<p>Tuorlan observatorion muistitietohankkeessa (M\u00e4ki &amp; Saarikoski) on dokumentoitu Tuorlan observatorion esineist\u00f6\u00e4, arkistoaineistoa sek\u00e4 rakennuskantaa ja havainnoitu Tuorlan muutosta observatoriosta tiedekeskukseksi. Dokumentointity\u00f6t\u00e4 on rahoittanut Turun yliopiston Historian, kulttuurin ja taiteiden tutkimuksen laitos sek\u00e4 Tuorlan tiedekeskus. Muistitietohankkeessa on koottu jo yli 300 esinett\u00e4 k\u00e4sitt\u00e4v\u00e4 museaalinen luettelo, tehty 20 haastattelua sek\u00e4 inventoitu Tuorlan kirjakokoelma ja Tuorlan alueen havaintorakennukset. Dokumentointity\u00f6 jatkuu edelleen.<\/p>\n<h3>2016-2017<\/h3>\n<p>Yrj\u00f6 V\u00e4is\u00e4l\u00e4n kokoelman arkistointi, Turun yliopiston keskusarkisto (H\u00e4nninen).<\/p>\n<h3>JULKAISUJA:<\/h3>\n<p>Veivo, Outi; Salmi, Leena; Saarikoski, Jaana &amp; M\u00e4ki, Maija (tulossa 2020). Heijastuksia Tuorlan tutkimuskeskuksen monikielisest\u00e4 kielimaisemasta 1960-luvulta. Kieli\u00e4 ja kohtaamisia Turun historiassa, SKS.<\/p>\n<p>H\u00e4nninen, Kirsi &amp; Heimo, Anne 2019. Constructing Our Own Heritage: Participatory, Community and Spontaneous Archives and Digitally Born Heritage in Folkloristics in the Digital Age. Pekka Hakamies and Anne Heimo. Folklore Fellows\u2019 Communication 316. Helsinki: Suomalainen Tiedeakatemia, 110\u2013131.<\/p>\n<h3>BLOGITEKSTEJ\u00c4:<\/h3>\n<p>M\u00e4ki, Maija 2018. T\u00e4htitieteilij\u00f6iden j\u00e4ljill\u00e4 Tuorlassa: muistitietohankkeessa tallennettiin observatorion arkea ja vanhaa tutkimusv\u00e4lineist\u00f6\u00e4, <a href=\"https:\/\/sites.utu.fi\/hiiskuttua\/tahtitieteilijoiden-jaljilla-tuorlassa-muistitietohankkeessa-tallennettiin-observatorion-arkea-ja-vanhaa-tutkimusvalineistoa\/\" target=\"_blank\" rel=\"noopener noreferrer\"> https:\/\/sites.utu.fi\/hiiskuttua\/tahtitieteilijoiden-jaljilla-tuorlassa-muistitietohankkeessa-tallennettiin-observatorion-arkea-ja-vanhaa-tutkimusvalineistoa\/<\/a><\/p>\n<p>M\u00e4ki, Maija &amp; Saarikoski, Jaana 2018. Tuorlan aarteita esille, <a href=\"https:\/\/fokaus.wordpress.com\/2018\/10\/25\/tuorlan-aarteita-esille\/\" target=\"_blank\" rel=\"noopener noreferrer\"> https:\/\/fokaus.wordpress.com\/2018\/10\/25\/tuorlan-aarteita-esille\/<\/a><\/p>\n<p>Saarikoski, Jaana 2018. T\u00f6iss\u00e4 taivaan porteilla &#8211; harjoittelussa Tuorlan observatoriolla, <a href=\"https:\/\/fokaus.wordpress.com\/2018\/10\/01\/toissa-taivaan-porteilla-harjoittelussa-tuorlan-observatoriolla\/\" target=\"_blank\" rel=\"noopener noreferrer\"> https:\/\/fokaus.wordpress.com\/2018\/10\/01\/toissa-taivaan-porteilla-harjoittelussa-tuorlan-observatoriolla\/<\/a><\/p>\n","protected":false},"excerpt":{"rendered":"<p>2020- AJAN KONEET \u2013 arkistoaktivistinen interventio haastaa arkiston ja ajan uudelleen m\u00e4\u00e4rittelyyn. T\u00e4htitieteilij\u00e4 Yrj\u00f6 V\u00e4is\u00e4l\u00e4 (1891\u20131971) on tehnyt meille aikakoneen, jonka kaavat ovat arkistoissa ja osat Tuorlan observatorion esineist\u00f6ss\u00e4 ja observatorion rakennuksissa. Nelihenkisen ty\u00f6ryhm\u00e4n j\u00e4senet rakentavat tuon laitteen uudelleen. Kone pys\u00e4ytt\u00e4\u00e4 ajan, muuttaa kokijan aikaj\u00e4nteen ja pakottaa kyseenalaistamaan ihmiskunnan nykyisen suunnan. Hanke toteutetaan Tuorlan observatorion&#8230; <\/p>\n<div class=\"link-more\"><a href=\"https:\/\/blogit.utu.fi\/ajankoneet\/teot\/\">Read More<\/a><\/div>\n","protected":false},"author":5359,"featured_media":0,"parent":0,"menu_order":0,"comment_status":"closed","ping_status":"closed","template":"","meta":{"footnotes":""},"class_list":["post-281","page","type-page","status-publish","hentry"],"_links":{"self":[{"href":"https:\/\/blogit.utu.fi\/ajankoneet\/wp-json\/wp\/v2\/pages\/281","targetHints":{"allow":["GET"]}}],"collection":[{"href":"https:\/\/blogit.utu.fi\/ajankoneet\/wp-json\/wp\/v2\/pages"}],"about":[{"href":"https:\/\/blogit.utu.fi\/ajankoneet\/wp-json\/wp\/v2\/types\/page"}],"author":[{"embeddable":true,"href":"https:\/\/blogit.utu.fi\/ajankoneet\/wp-json\/wp\/v2\/users\/5359"}],"replies":[{"embeddable":true,"href":"https:\/\/blogit.utu.fi\/ajankoneet\/wp-json\/wp\/v2\/comments?post=281"}],"version-history":[{"count":4,"href":"https:\/\/blogit.utu.fi\/ajankoneet\/wp-json\/wp\/v2\/pages\/281\/revisions"}],"predecessor-version":[{"id":507,"href":"https:\/\/blogit.utu.fi\/ajankoneet\/wp-json\/wp\/v2\/pages\/281\/revisions\/507"}],"wp:attachment":[{"href":"https:\/\/blogit.utu.fi\/ajankoneet\/wp-json\/wp\/v2\/media?parent=281"}],"curies":[{"name":"wp","href":"https:\/\/api.w.org\/{rel}","templated":true}]}}