{"id":63,"date":"2025-05-19T09:42:41","date_gmt":"2025-05-19T06:42:41","guid":{"rendered":"https:\/\/blogit.utu.fi\/amemploy\/?page_id=63"},"modified":"2026-01-11T16:38:41","modified_gmt":"2026-01-11T14:38:41","slug":"news","status":"publish","type":"page","link":"https:\/\/blogit.utu.fi\/amemploy\/news\/","title":{"rendered":"News"},"content":{"rendered":"\n<h2 class=\"wp-block-heading\">Upcoming events<\/h2>\n\n\n\n<p><em>Look forward to news about upcoming events.<\/em> <\/p>\n\n\n\n<p><\/p>\n\n\n\n<h2 class=\"wp-block-heading\">Past events<\/h2>\n\n\n\n<p><strong>8 December 2025<\/strong><\/p>\n\n\n\n<p><strong>Seminar &#8220;The ride is over \u2013 towards decent work in the gig-economy&#8221; organized by the UCL Labour Rights Institute, London <\/strong><\/p>\n\n\n\n<p><a href=\"https:\/\/www.ucl.ac.uk\/laws\/events\/2025\/dec\/ride-over-towards-decent-work-gig-economy\">https:\/\/www.ucl.ac.uk\/laws\/events\/2025\/dec\/ride-over-towards-decent-work-gig-economy<\/a><\/p>\n\n\n\n<p>Presentation concerning the transparency provisions in newly adopted Platform Work Directive, presented by Associate Professor <strong>Annika Rosin<\/strong>. <\/p>\n\n\n\n<p><strong>20-22 August 2025<\/strong><\/p>\n\n\n\n<p><strong>WORK2025 Conference, organized by the Turku Centre for Labour Studies TCLS, University of Turku<\/strong><\/p>\n\n\n\n<p><a href=\"https:\/\/work2025.fi\">https:\/\/work2025.fi<\/a><\/p>\n\n\n\n<p>11:30-13:00 Wednesday, 20 August, 2025: Improving the transparency of algorithmic management in platform work: The role of Platform Work Directive, presented by Associate Professor <strong>Annika Rosin<\/strong><\/p>\n\n\n\n<p>08:30-10:00 Thursday, 21 August, 2025: Automated work shift planning: Assessing impacts on Employees&#8217; data protection and fundamental rights, presented by Doctoral Researcher <strong>Sini Mickelsson<\/strong><\/p>\n\n\n\n<p>08:30-10:00 Friday, 22 August, 2025: Enhacing workers\u2019 effective remedies against unlawful algorithmic management \u2013 The AI Act\u2019s promises and limitations, presented by Doctoral Researcher <strong>Henni Parviainen<\/strong><\/p>\n\n\n\n<p><strong>5 June 2025<\/strong><\/p>\n\n\n\n<p><strong>Labour Law Day 2025, organized by AlmaInsights<\/strong> (in Finnish)<\/p>\n\n\n\n<p>Employment law and artificial intelligence \u2013 What should employers know about the AI Act? Who is responsible if decision-making based on an AI system algorithm causes discrimination?<\/p>\n\n\n\n<p>Ty\u00f6oikeus ja teko\u00e4ly&nbsp;\u2013&nbsp;Mit\u00e4 ty\u00f6nantajan tulee tiet\u00e4\u00e4 teko\u00e4lyasetuksesta? Kuka vastaa, jos teko\u00e4lyj\u00e4rjestelm\u00e4n algoritmiin perustunut p\u00e4\u00e4t\u00f6ksenteko aiheuttaa syrjint\u00e4\u00e4?<\/p>\n\n\n\n<p>OTM, KTM&nbsp;<strong>Henni Parviainen<\/strong>, v\u00e4it\u00f6skirjatutkija<\/p>\n\n\n\n<p><strong>23 May 2025<\/strong><\/p>\n\n\n\n<p><strong>Occupational Health and Safety Training Day, organized by the Regional State Administration Agency AVI OSH Department <\/strong>(in Finnish)<\/p>\n\n\n\n<p>Aluehallintoviraston ty\u00f6suojeluoikeuden erityiskysymykset -koulutus: Algoritmijohtaminen ty\u00f6el\u00e4m\u00e4ss\u00e4:<strong> <\/strong>Suomen Akatemian rahoittaman AMEMPLOY-tutkimushankkeen esittely<\/p>\n\n\n\n<p>OTT&nbsp;<strong>Annika Rosin<\/strong>, ty\u00f6- ja sosiaalioikeuden apulaisprofessori&nbsp;<br>OTM, KTM&nbsp;<strong>Henni Parviainen<\/strong>, v\u00e4it\u00f6skirjatutkija<\/p>\n\n\n\n<p><strong>28 March 2025<\/strong> <\/p>\n\n\n\n<p><strong>Faculty of Law Day, organized by the Faculty of Law, University of Turku<\/strong> (in Finnish)<\/p>\n\n\n\n<p><a href=\"https:\/\/www.utu.fi\/fi\/yliopisto\/oikeustieteellinen-tiedekunta\/alumneille\/tiedekunnan-paiva\">https:\/\/www.utu.fi\/fi\/yliopisto\/oikeustieteellinen-tiedekunta\/alumneille\/tiedekunnan-paiva<\/a><\/p>\n\n\n\n<p>Algoritmijohtaminen ty\u00f6el\u00e4m\u00e4ss\u00e4:<strong> <\/strong>Suomen Akatemian rahoittaman AMEMPLOY-tutkimushankkeen esittely<\/p>\n\n\n\n<p>OTT&nbsp;<strong>Annika Rosin<\/strong>, ty\u00f6- ja sosiaalioikeuden apulaisprofessori;&nbsp;<br>OTM, KTM<strong>&nbsp;Henni Parviainen<\/strong>, v\u00e4it\u00f6skirjatutkija<br><\/p>\n","protected":false},"excerpt":{"rendered":"<p>Upcoming events Look forward to news about upcoming events. Past events 8 December 2025 Seminar &#8220;The ride is over \u2013 towards decent work in the gig-economy&#8221; organized by the UCL Labour Rights Institute, London https:\/\/www.ucl.ac.uk\/laws\/events\/2025\/dec\/ride-over-towards-decent-work-gig-economy Presentation concerning the transparency provisions in newly adopted Platform Work Directive, presented by Associate Professor Annika Rosin. 20-22 August 2025 [&hellip;]<\/p>\n","protected":false},"author":44322,"featured_media":0,"parent":0,"menu_order":0,"comment_status":"closed","ping_status":"closed","template":"","meta":{"footnotes":""},"class_list":["post-63","page","type-page","status-publish","hentry"],"_links":{"self":[{"href":"https:\/\/blogit.utu.fi\/amemploy\/wp-json\/wp\/v2\/pages\/63","targetHints":{"allow":["GET"]}}],"collection":[{"href":"https:\/\/blogit.utu.fi\/amemploy\/wp-json\/wp\/v2\/pages"}],"about":[{"href":"https:\/\/blogit.utu.fi\/amemploy\/wp-json\/wp\/v2\/types\/page"}],"author":[{"embeddable":true,"href":"https:\/\/blogit.utu.fi\/amemploy\/wp-json\/wp\/v2\/users\/44322"}],"replies":[{"embeddable":true,"href":"https:\/\/blogit.utu.fi\/amemploy\/wp-json\/wp\/v2\/comments?post=63"}],"version-history":[{"count":21,"href":"https:\/\/blogit.utu.fi\/amemploy\/wp-json\/wp\/v2\/pages\/63\/revisions"}],"predecessor-version":[{"id":251,"href":"https:\/\/blogit.utu.fi\/amemploy\/wp-json\/wp\/v2\/pages\/63\/revisions\/251"}],"wp:attachment":[{"href":"https:\/\/blogit.utu.fi\/amemploy\/wp-json\/wp\/v2\/media?parent=63"}],"curies":[{"name":"wp","href":"https:\/\/api.w.org\/{rel}","templated":true}]}}

<h2 class="wp-block-heading">Upcoming events</h2>



<p><em>Look forward to news about upcoming events.</em> </p>



<p></p>



<h2 class="wp-block-heading">Past events</h2>



<p><strong>8 December 2025</strong></p>



<p><strong>Seminar &#8220;The ride is over – towards decent work in the gig-economy&#8221; organized by the UCL Labour Rights Institute, London </strong></p>



<p><a href="https://www.ucl.ac.uk/laws/events/2025/dec/ride-over-towards-decent-work-gig-economy">https://www.ucl.ac.uk/laws/events/2025/dec/ride-over-towards-decent-work-gig-economy</a></p>



<p>Presentation concerning the transparency provisions in newly adopted Platform Work Directive, presented by Associate Professor <strong>Annika Rosin</strong>. </p>



<p><strong>20-22 August 2025</strong></p>



<p><strong>WORK2025 Conference, organized by the Turku Centre for Labour Studies TCLS, University of Turku</strong></p>



<p><a href="https://work2025.fi">https://work2025.fi</a></p>



<p>11:30-13:00 Wednesday, 20 August, 2025: Improving the transparency of algorithmic management in platform work: The role of Platform Work Directive, presented by Associate Professor <strong>Annika Rosin</strong></p>



<p>08:30-10:00 Thursday, 21 August, 2025: Automated work shift planning: Assessing impacts on Employees&#8217; data protection and fundamental rights, presented by Doctoral Researcher <strong>Sini Mickelsson</strong></p>



<p>08:30-10:00 Friday, 22 August, 2025: Enhacing workers’ effective remedies against unlawful algorithmic management – The AI Act’s promises and limitations, presented by Doctoral Researcher <strong>Henni Parviainen</strong></p>



<p><strong>5 June 2025</strong></p>



<p><strong>Labour Law Day 2025, organized by AlmaInsights</strong> (in Finnish)</p>



<p>Employment law and artificial intelligence – What should employers know about the AI Act? Who is responsible if decision-making based on an AI system algorithm causes discrimination?</p>



<p>Työoikeus ja tekoäly&nbsp;–&nbsp;Mitä työnantajan tulee tietää tekoälyasetuksesta? Kuka vastaa, jos tekoälyjärjestelmän algoritmiin perustunut päätöksenteko aiheuttaa syrjintää?</p>



<p>OTM, KTM&nbsp;<strong>Henni Parviainen</strong>, väitöskirjatutkija</p>



<p><strong>23 May 2025</strong></p>



<p><strong>Occupational Health and Safety Training Day, organized by the Regional State Administration Agency AVI OSH Department </strong>(in Finnish)</p>



<p>Aluehallintoviraston työsuojeluoikeuden erityiskysymykset -koulutus: Algoritmijohtaminen työelämässä:<strong> </strong>Suomen Akatemian rahoittaman AMEMPLOY-tutkimushankkeen esittely</p>



<p>OTT&nbsp;<strong>Annika Rosin</strong>, työ- ja sosiaalioikeuden apulaisprofessori&nbsp;<br>OTM, KTM&nbsp;<strong>Henni Parviainen</strong>, väitöskirjatutkija</p>



<p><strong>28 March 2025</strong> </p>



<p><strong>Faculty of Law Day, organized by the Faculty of Law, University of Turku</strong> (in Finnish)</p>



<p><a href="https://www.utu.fi/fi/yliopisto/oikeustieteellinen-tiedekunta/alumneille/tiedekunnan-paiva">https://www.utu.fi/fi/yliopisto/oikeustieteellinen-tiedekunta/alumneille/tiedekunnan-paiva</a></p>



<p>Algoritmijohtaminen työelämässä:<strong> </strong>Suomen Akatemian rahoittaman AMEMPLOY-tutkimushankkeen esittely</p>



<p>OTT&nbsp;<strong>Annika Rosin</strong>, työ- ja sosiaalioikeuden apulaisprofessori;&nbsp;<br>OTM, KTM<strong>&nbsp;Henni Parviainen</strong>, väitöskirjatutkija<br></p>
