{"id":77,"date":"2024-09-24T00:57:39","date_gmt":"2024-09-23T21:57:39","guid":{"rendered":"https:\/\/blogit.utu.fi\/antiikintutkimus2025\/?page_id=77"},"modified":"2024-09-24T00:57:39","modified_gmt":"2024-09-23T21:57:39","slug":"posterit","status":"publish","type":"page","link":"https:\/\/blogit.utu.fi\/antiikintutkimus2025\/posterit\/","title":{"rendered":"Posterit"},"content":{"rendered":"\n<p>Posterit ripustetaan nastoilla yliopiston posteriseinille, jotka on suunniteltu pystymallisia A0-kokoisia postereita varten. Jos teet vaakamallisen posterin, sein\u00e4lle sopii parhaiten A1-kokoinen posteri.<\/p>\n\n\n\n<p>Posterin suunnittelussa voi hy\u00f6dynt\u00e4\u00e4 oman yliopiston graafista mallia, jos sellainen on k\u00e4ytett\u00e4viss\u00e4. Muista huolehtia siit\u00e4, ett\u00e4 posterin graafiset elementit ovat riitt\u00e4v\u00e4n tarkat isoa painatusta varten. Kukin posterin esitt\u00e4j\u00e4 huolehtii itse oman posterinsa painattamisesta.<\/p>\n","protected":false},"excerpt":{"rendered":"<p>Posterit ripustetaan nastoilla yliopiston posteriseinille, jotka on suunniteltu pystymallisia A0-kokoisia postereita varten. Jos teet vaakamallisen posterin, sein\u00e4lle sopii parhaiten A1-kokoinen posteri. Posterin suunnittelussa voi hy\u00f6dynt\u00e4\u00e4 oman yliopiston graafista mallia, jos sellainen on k\u00e4ytett\u00e4viss\u00e4. Muista huolehtia siit\u00e4, ett\u00e4 posterin graafiset elementit ovat riitt\u00e4v\u00e4n tarkat isoa painatusta varten. Kukin posterin esitt\u00e4j\u00e4 huolehtii itse oman posterinsa painattamisesta.<\/p>\n","protected":false},"author":29028,"featured_media":0,"parent":0,"menu_order":0,"comment_status":"closed","ping_status":"closed","template":"","meta":{"footnotes":""},"class_list":["post-77","page","type-page","status-publish","hentry","post-preview"],"_links":{"self":[{"href":"https:\/\/blogit.utu.fi\/antiikintutkimus2025\/wp-json\/wp\/v2\/pages\/77","targetHints":{"allow":["GET"]}}],"collection":[{"href":"https:\/\/blogit.utu.fi\/antiikintutkimus2025\/wp-json\/wp\/v2\/pages"}],"about":[{"href":"https:\/\/blogit.utu.fi\/antiikintutkimus2025\/wp-json\/wp\/v2\/types\/page"}],"author":[{"embeddable":true,"href":"https:\/\/blogit.utu.fi\/antiikintutkimus2025\/wp-json\/wp\/v2\/users\/29028"}],"replies":[{"embeddable":true,"href":"https:\/\/blogit.utu.fi\/antiikintutkimus2025\/wp-json\/wp\/v2\/comments?post=77"}],"version-history":[{"count":1,"href":"https:\/\/blogit.utu.fi\/antiikintutkimus2025\/wp-json\/wp\/v2\/pages\/77\/revisions"}],"predecessor-version":[{"id":78,"href":"https:\/\/blogit.utu.fi\/antiikintutkimus2025\/wp-json\/wp\/v2\/pages\/77\/revisions\/78"}],"wp:attachment":[{"href":"https:\/\/blogit.utu.fi\/antiikintutkimus2025\/wp-json\/wp\/v2\/media?parent=77"}],"curies":[{"name":"wp","href":"https:\/\/api.w.org\/{rel}","templated":true}]}}