{"id":9,"date":"2024-08-26T20:20:29","date_gmt":"2024-08-26T17:20:29","guid":{"rendered":"https:\/\/blogit.utu.fi\/antiikintutkimus2025\/?page_id=9"},"modified":"2024-08-26T21:17:22","modified_gmt":"2024-08-26T18:17:22","slug":"yhteystiedot","status":"publish","type":"page","link":"https:\/\/blogit.utu.fi\/antiikintutkimus2025\/yhteystiedot\/","title":{"rendered":"Yhteystiedot"},"content":{"rendered":"\n<p>Konferenssin j\u00e4rjest\u00e4\u00e4 Turun yliopiston klassillisten kielten ja antiikin kulttuurin oppiaineryhm\u00e4, jonka yhteystiedot l\u00f6yd\u00e4t&nbsp;<a href=\"https:\/\/www.utu.fi\/fi\/yliopisto\/humanistinen-tiedekunta\/klassilliset-kielet-ja-antiikin-kulttuuri\/yhteystiedot\" target=\"_blank\" rel=\"noreferrer noopener\">t\u00e4st\u00e4 linkist\u00e4<\/a>.<\/p>\n\n\n\n<p>Konferenssin s\u00e4hk\u00f6postiosoite: <a href=\"mailto:antiikintutkimus2025@utu.fi\">antiikintutkimus2025@utu.fi<\/a><\/p>\n\n\n\n<p>Konferenssin <a href=\"https:\/\/www.facebook.com\/events\/287888507656729\" target=\"_blank\" rel=\"noreferrer noopener\">Facebook-tapahtuma<\/a><\/p>\n\n\n\n<p>Verkkosivujen yll\u00e4pito: <a href=\"mailto:joonas.vanhala@utu.fi\">joonas.vanhala@utu.fi<\/a><\/p>\n","protected":false},"excerpt":{"rendered":"<p>Konferenssin j\u00e4rjest\u00e4\u00e4 Turun yliopiston klassillisten kielten ja antiikin kulttuurin oppiaineryhm\u00e4, jonka yhteystiedot l\u00f6yd\u00e4t&nbsp;t\u00e4st\u00e4 linkist\u00e4. Konferenssin s\u00e4hk\u00f6postiosoite: antiikintutkimus2025@utu.fi Konferenssin Facebook-tapahtuma Verkkosivujen yll\u00e4pito: joonas.vanhala@utu.fi<\/p>\n","protected":false},"author":29028,"featured_media":0,"parent":0,"menu_order":0,"comment_status":"closed","ping_status":"closed","template":"","meta":{"footnotes":""},"class_list":["post-9","page","type-page","status-publish","hentry","post-preview"],"_links":{"self":[{"href":"https:\/\/blogit.utu.fi\/antiikintutkimus2025\/wp-json\/wp\/v2\/pages\/9","targetHints":{"allow":["GET"]}}],"collection":[{"href":"https:\/\/blogit.utu.fi\/antiikintutkimus2025\/wp-json\/wp\/v2\/pages"}],"about":[{"href":"https:\/\/blogit.utu.fi\/antiikintutkimus2025\/wp-json\/wp\/v2\/types\/page"}],"author":[{"embeddable":true,"href":"https:\/\/blogit.utu.fi\/antiikintutkimus2025\/wp-json\/wp\/v2\/users\/29028"}],"replies":[{"embeddable":true,"href":"https:\/\/blogit.utu.fi\/antiikintutkimus2025\/wp-json\/wp\/v2\/comments?post=9"}],"version-history":[{"count":5,"href":"https:\/\/blogit.utu.fi\/antiikintutkimus2025\/wp-json\/wp\/v2\/pages\/9\/revisions"}],"predecessor-version":[{"id":48,"href":"https:\/\/blogit.utu.fi\/antiikintutkimus2025\/wp-json\/wp\/v2\/pages\/9\/revisions\/48"}],"wp:attachment":[{"href":"https:\/\/blogit.utu.fi\/antiikintutkimus2025\/wp-json\/wp\/v2\/media?parent=9"}],"curies":[{"name":"wp","href":"https:\/\/api.w.org\/{rel}","templated":true}]}}