{"id":70,"date":"2015-11-13T11:17:33","date_gmt":"2015-11-13T08:17:33","guid":{"rendered":"http:\/\/blogit.utu.fi\/avot\/?page_id=70"},"modified":"2015-11-23T12:01:34","modified_gmt":"2015-11-23T09:01:34","slug":"hankepartnerit","status":"publish","type":"page","link":"https:\/\/blogit.utu.fi\/avot\/hankepartnerit\/","title":{"rendered":"Hankepartnerit"},"content":{"rendered":"<ul>\n<li>Turun yliopisto: Avoin yliopisto, Technology Research Center ja it-laitos (koordinaattori)<\/li>\n<li>Diakonia-ammattikorkeakoulu<\/li>\n<li>Helsingin yliopisto: Avoin yliopisto<\/li>\n<li>It\u00e4-Suomen yliopisto<\/li>\n<li>Karelia-ammattikorkeakoulu<\/li>\n<li>Jyv\u00e4skyl\u00e4n ammattikorkeakoulu <a href=\"http:\/\/www.jamk.fi\/avoin\">www.jamk.fi\/avoin<\/a><br \/>\nMaarit Korva, maarit.korva(at)jamk.fi<\/li>\n<li>Jyv\u00e4skyl\u00e4n yliopisto<\/li>\n<li>Yrityssalo Oy<\/li>\n<li>\u00c5bo Akademi <a href=\"http:\/\/www.abo.fi\/student\/sv\/oppnauni\" target=\"_blank\">http:\/\/www.abo.fi\/student\/sv\/oppnauni <\/a><br \/>\nCarina Gr\u00e4sbeck, carina.grasbect(at)abo.fi<\/li>\n<\/ul>\n","protected":false},"excerpt":{"rendered":"<p>Turun yliopisto: Avoin yliopisto, Technology Research Center ja it-laitos (koordinaattori) Diakonia-ammattikorkeakoulu Helsingin yliopisto: Avoin yliopisto It\u00e4-Suomen yliopisto Karelia-ammattikorkeakoulu Jyv\u00e4skyl\u00e4n ammattikorkeakoulu www.jamk.fi\/avoin Maarit Korva, maarit.korva(at)jamk.fi Jyv\u00e4skyl\u00e4n yliopisto Yrityssalo Oy \u00c5bo Akademi http:\/\/www.abo.fi\/student\/sv\/oppnauni Carina Gr\u00e4sbeck, carina.grasbect(at)abo.fi<\/p>\n","protected":false},"author":24,"featured_media":0,"parent":0,"menu_order":0,"comment_status":"closed","ping_status":"closed","template":"","meta":{"footnotes":""},"class_list":["post-70","page","type-page","status-publish","hentry"],"_links":{"self":[{"href":"https:\/\/blogit.utu.fi\/avot\/wp-json\/wp\/v2\/pages\/70","targetHints":{"allow":["GET"]}}],"collection":[{"href":"https:\/\/blogit.utu.fi\/avot\/wp-json\/wp\/v2\/pages"}],"about":[{"href":"https:\/\/blogit.utu.fi\/avot\/wp-json\/wp\/v2\/types\/page"}],"author":[{"embeddable":true,"href":"https:\/\/blogit.utu.fi\/avot\/wp-json\/wp\/v2\/users\/24"}],"replies":[{"embeddable":true,"href":"https:\/\/blogit.utu.fi\/avot\/wp-json\/wp\/v2\/comments?post=70"}],"version-history":[{"count":4,"href":"https:\/\/blogit.utu.fi\/avot\/wp-json\/wp\/v2\/pages\/70\/revisions"}],"predecessor-version":[{"id":79,"href":"https:\/\/blogit.utu.fi\/avot\/wp-json\/wp\/v2\/pages\/70\/revisions\/79"}],"wp:attachment":[{"href":"https:\/\/blogit.utu.fi\/avot\/wp-json\/wp\/v2\/media?parent=70"}],"curies":[{"name":"wp","href":"https:\/\/api.w.org\/{rel}","templated":true}]}}