{"id":108,"date":"2018-10-10T13:21:22","date_gmt":"2018-10-10T13:21:22","guid":{"rendered":"https:\/\/blogit.utu.fi\/balticsciencenetwork\/?page_id=108"},"modified":"2020-02-21T12:55:33","modified_gmt":"2020-02-21T12:55:33","slug":"tapahtumat","status":"publish","type":"page","link":"https:\/\/blogit.utu.fi\/balticsciencenetwork\/tapahtumat\/","title":{"rendered":"Tapahtumat"},"content":{"rendered":"<p>Baltic Science Network on j\u00e4rjest\u00e4nyt tapahtumia hankepartnereille ja sidosryhmilleen.<\/p>\n<h3>Tulevat tapahtumat:<\/h3>\n<p><strong>4.6.2020<\/strong><\/p>\n<p>CBSS Baltic Sea Science Day, Turku<\/p>\n<p>Lis\u00e4tietoa tulossa my\u00f6hemmin.<\/p>\n<h3><\/h3>\n<h3><strong>Menneet tapahtumat:<\/strong><\/h3>\n<h3>Helmikuu 2018<\/h3>\n<p><strong>22.-23.2.2018<\/strong><\/p>\n<p>Baltic Science Network Final Conference &amp; CBSS Baltic Sea Science Day, Riika<\/p>\n<p>Baltic Science Networkin konferenssi j\u00e4rjestettiin Riikassa samassa yhteydess\u00e4 CBSS:n Baltic Sea Science Dayn kanssa. Samalla juhlittiin 100-vuotiasta Latvian yliopistoa.<\/p>\n<p>Lyhyt raportti konferenssista l\u00f6ytyy <a href=\"https:\/\/blogit.utu.fi\/balticsciencenetwork\/2019\/03\/01\/baltic-science-network-loppukonferenssissa-keskusteltiin-hankkeen-tuloksista-ja-itameri-yhteistyon-hyodyista\/\">t\u00e4\u00e4lt\u00e4<\/a>.<\/p>\n<h3><\/h3>\n<h3>Joulukuu 2018<\/h3>\n<p><strong>3.12.2018<\/strong><\/p>\n<p><a href=\"https:\/\/blogit.utu.fi\/balticsciencenetwork\/bsn-sidosryhmaseminaari-helsingissa\/\">Baltic Science Network sidosryhm\u00e4seminaari, Helsinki<\/a><\/p>\n<p>Sidosryhm\u00e4seminaarin tarkoituksena on kertoa hankkeesta ja sen tuloksista ja keskustella osallistujien kanssa siit\u00e4, miten hankkeen tuloksia sovelletaan Suomessa.<\/p>\n<p>Seminaarin ohjelma ja ilmoittautuminen l\u00f6ytyv\u00e4t <a href=\"https:\/\/blogit.utu.fi\/balticsciencenetwork\/bsn-sidosryhmaseminaari-helsingissa\/\">t\u00e4\u00e4lt\u00e4<\/a>.<\/p>\n<h3>Marraskuu 2018<\/h3>\n<p><strong>26.11.2018<\/strong><\/p>\n<p><span class=\"field-wrapper\"><a href=\"https:\/\/sciencebusiness.net\/events\/baltic-sea-region-science-powerhouse\">The Baltic Sea Region &#8211; A Science Powerhouse, Bryssel<\/a><br \/>\n<\/span><\/p>\n<p>Baltic Science Network j\u00e4rjest\u00e4\u00e4 yhdess\u00e4 <a href=\"https:\/\/www.baltic-tram.eu\/\">Baltic TRAM<\/a>-hankkeen kanssa seminaarin Brysseliss\u00e4. Tilaisuudessa tuodaan esiin It\u00e4meren alueta tieteen huippualueena. It\u00e4meren alueella on paljon huippututkimusta, ja It\u00e4meren alue voikin toimia hyv\u00e4n\u00e4 esimerkkin\u00e4 toimivasta l\u00e4hialueyhteisty\u00f6st\u00e4 tieteess\u00e4.<\/p>\n<p>Seminaarin ohjelma ja ilmoittautuminen l\u00f6ytyv\u00e4t <a href=\"https:\/\/sciencebusiness.net\/events\/baltic-sea-region-science-powerhouse\">t\u00e4\u00e4lt\u00e4<\/a>.<\/p>\n<p><img loading=\"lazy\" decoding=\"async\" class=\"alignnone wp-image-180 size-medium\" src=\"https:\/\/blogit.utu.fi\/balticsciencenetwork\/wp-content\/uploads\/sites\/195\/2018\/10\/Mailing-banner-600x120-300x60.jpg\" alt=\"\" width=\"300\" height=\"60\" srcset=\"https:\/\/blogit.utu.fi\/balticsciencenetwork\/wp-content\/uploads\/sites\/195\/2018\/10\/Mailing-banner-600x120-300x60.jpg 300w, https:\/\/blogit.utu.fi\/balticsciencenetwork\/wp-content\/uploads\/sites\/195\/2018\/10\/Mailing-banner-600x120.jpg 600w\" sizes=\"auto, (max-width: 300px) 100vw, 300px\" \/><\/p>\n","protected":false},"excerpt":{"rendered":"<p>Baltic Science Network on j\u00e4rjest\u00e4nyt tapahtumia hankepartnereille ja sidosryhmilleen. Tulevat tapahtumat: 4.6.2020 CBSS Baltic Sea Science Day, Turku Lis\u00e4tietoa tulossa my\u00f6hemmin. Menneet tapahtumat: Helmikuu 2018 22.-23.2.2018 Baltic Science Network Final Conference &amp; CBSS Baltic Sea Science Day, Riika Baltic Science Networkin konferenssi j\u00e4rjestettiin Riikassa samassa yhteydess\u00e4 CBSS:n Baltic Sea Science Dayn kanssa. Samalla juhlittiin 100-vuotiasta [&hellip;]<\/p>\n","protected":false},"author":311,"featured_media":0,"parent":0,"menu_order":0,"comment_status":"closed","ping_status":"closed","template":"","meta":{"footnotes":""},"class_list":["post-108","page","type-page","status-publish","hentry","post-preview"],"_links":{"self":[{"href":"https:\/\/blogit.utu.fi\/balticsciencenetwork\/wp-json\/wp\/v2\/pages\/108","targetHints":{"allow":["GET"]}}],"collection":[{"href":"https:\/\/blogit.utu.fi\/balticsciencenetwork\/wp-json\/wp\/v2\/pages"}],"about":[{"href":"https:\/\/blogit.utu.fi\/balticsciencenetwork\/wp-json\/wp\/v2\/types\/page"}],"author":[{"embeddable":true,"href":"https:\/\/blogit.utu.fi\/balticsciencenetwork\/wp-json\/wp\/v2\/users\/311"}],"replies":[{"embeddable":true,"href":"https:\/\/blogit.utu.fi\/balticsciencenetwork\/wp-json\/wp\/v2\/comments?post=108"}],"version-history":[{"count":8,"href":"https:\/\/blogit.utu.fi\/balticsciencenetwork\/wp-json\/wp\/v2\/pages\/108\/revisions"}],"predecessor-version":[{"id":294,"href":"https:\/\/blogit.utu.fi\/balticsciencenetwork\/wp-json\/wp\/v2\/pages\/108\/revisions\/294"}],"wp:attachment":[{"href":"https:\/\/blogit.utu.fi\/balticsciencenetwork\/wp-json\/wp\/v2\/media?parent=108"}],"curies":[{"name":"wp","href":"https:\/\/api.w.org\/{rel}","templated":true}]}}