{"id":518,"date":"2017-12-18T11:20:49","date_gmt":"2017-12-18T11:20:49","guid":{"rendered":"https:\/\/blogit.utu.fi\/bugs\/?page_id=518"},"modified":"2017-12-20T14:04:40","modified_gmt":"2017-12-20T12:04:40","slug":"katriina-huttunen","status":"publish","type":"page","link":"https:\/\/blogit.utu.fi\/bugs\/contact-us-inner\/katriina-huttunen\/","title":{"rendered":"Katriina Huttunen"},"content":{"rendered":"<p>Katriina Huttunen viimeistelee opintojaan ja pro gradu-tutkielmaansa kehitysmaatutkimuksen oppiaineeseen Helsingin yliopistoon. Gradussaan h\u00e4n tarkastelee turistikohtaamisia (\u2019touristic encounters\u2019) l\u00e4nsiafrikkalaisen tanssi- ja musiikkikulttuurin ymp\u00e4rille rakennetuilla kursseilla kysyen, millaisia suhteita t\u00e4llaisessa radikaalin eriarvoisuuden kontekstissa rakennetaan ja mahdollistuu, ja kuinka eriarvoisuutta koetaan, k\u00e4sitell\u00e4\u00e4n ja ilmaistaan. Niin gradussaan kuin muutoinkin Huttunen on kiinnostunut j\u00e4lkikoloniaalisesta ajattelusta, eettisten suhteiden mahdollisuudesta ja luonteesta radikaalin eriarvoisuuden kontekstissa sek\u00e4 valtasuhteiden tarkastelusta mikrotasolla. H\u00e4n on valmistumassa my\u00f6s \u00e4idinkielen opettajaksi, ja onkin kiinnostunut kriittisest\u00e4 pedagogiikasta ja kriittisen globaalikasvatuksen mahdollisuuksista.<\/p>\n","protected":false},"excerpt":{"rendered":"<p>Katriina Huttunen viimeistelee opintojaan ja pro gradu-tutkielmaansa kehitysmaatutkimuksen oppiaineeseen Helsingin yliopistoon. Gradussaan h\u00e4n tarkastelee turistikohtaamisia (\u2019touristic encounters\u2019) l\u00e4nsiafrikkalaisen tanssi- ja musiikkikulttuurin ymp\u00e4rille rakennetuilla kursseilla kysyen, millaisia suhteita t\u00e4llaisessa radikaalin eriarvoisuuden kontekstissa rakennetaan ja mahdollistuu, ja kuinka eriarvoisuutta koetaan, k\u00e4sitell\u00e4\u00e4n ja ilmaistaan. Niin gradussaan kuin muutoinkin Huttunen on kiinnostunut j\u00e4lkikoloniaalisesta ajattelusta, eettisten suhteiden mahdollisuudesta ja luonteesta [&hellip;]<\/p>\n","protected":false},"author":4787,"featured_media":0,"parent":287,"menu_order":0,"comment_status":"closed","ping_status":"closed","template":"","meta":{"footnotes":""},"class_list":["post-518","page","type-page","status-publish","czr-hentry"],"_links":{"self":[{"href":"https:\/\/blogit.utu.fi\/bugs\/wp-json\/wp\/v2\/pages\/518","targetHints":{"allow":["GET"]}}],"collection":[{"href":"https:\/\/blogit.utu.fi\/bugs\/wp-json\/wp\/v2\/pages"}],"about":[{"href":"https:\/\/blogit.utu.fi\/bugs\/wp-json\/wp\/v2\/types\/page"}],"author":[{"embeddable":true,"href":"https:\/\/blogit.utu.fi\/bugs\/wp-json\/wp\/v2\/users\/4787"}],"replies":[{"embeddable":true,"href":"https:\/\/blogit.utu.fi\/bugs\/wp-json\/wp\/v2\/comments?post=518"}],"version-history":[{"count":1,"href":"https:\/\/blogit.utu.fi\/bugs\/wp-json\/wp\/v2\/pages\/518\/revisions"}],"predecessor-version":[{"id":520,"href":"https:\/\/blogit.utu.fi\/bugs\/wp-json\/wp\/v2\/pages\/518\/revisions\/520"}],"up":[{"embeddable":true,"href":"https:\/\/blogit.utu.fi\/bugs\/wp-json\/wp\/v2\/pages\/287"}],"wp:attachment":[{"href":"https:\/\/blogit.utu.fi\/bugs\/wp-json\/wp\/v2\/media?parent=518"}],"curies":[{"name":"wp","href":"https:\/\/api.w.org\/{rel}","templated":true}]}}