{"id":547,"date":"2017-12-20T12:30:00","date_gmt":"2017-12-20T10:30:00","guid":{"rendered":"https:\/\/blogit.utu.fi\/bugs\/?page_id=547"},"modified":"2017-12-20T14:44:55","modified_gmt":"2017-12-20T12:44:55","slug":"naomi-wuori","status":"publish","type":"page","link":"https:\/\/blogit.utu.fi\/bugs\/contact-us-inner\/naomi-wuori\/","title":{"rendered":"Naomi Wuori"},"content":{"rendered":"<p><img loading=\"lazy\" decoding=\"async\" class=\"alignnone  wp-image-560\" src=\"https:\/\/blogit.utu.fi\/bugs\/wp-content\/uploads\/sites\/133\/2017\/12\/NaomiWuoriImage-1-263x300.jpg\" alt=\"\" width=\"202\" height=\"230\" srcset=\"https:\/\/blogit.utu.fi\/bugs\/wp-content\/uploads\/sites\/133\/2017\/12\/NaomiWuoriImage-1-263x300.jpg 263w, https:\/\/blogit.utu.fi\/bugs\/wp-content\/uploads\/sites\/133\/2017\/12\/NaomiWuoriImage-1-768x877.jpg 768w, https:\/\/blogit.utu.fi\/bugs\/wp-content\/uploads\/sites\/133\/2017\/12\/NaomiWuoriImage-1-897x1024.jpg 897w, https:\/\/blogit.utu.fi\/bugs\/wp-content\/uploads\/sites\/133\/2017\/12\/NaomiWuoriImage-1.jpg 2013w\" sizes=\"auto, (max-width: 202px) 100vw, 202px\" \/><\/p>\n<p>Naomi Wuori on sosiologian maisterivaiheen p\u00e4\u00e4aineopiskelija Helsingin Yliopistossa. H\u00e4nen teht\u00e4v\u00e4n\u00e4\u00e4n on ker\u00e4t\u00e4 tutkimusprojektissa dataa kyselylomakkeiden avulla, p\u00e4ivitt\u00e4\u00e4 tietokantaa sek\u00e4 litteroida tutkijoiden tekemi\u00e4 haastatteluja.<\/p>\n<p>&nbsp;<\/p>\n<p>&nbsp;<\/p>\n","protected":false},"excerpt":{"rendered":"<p>Naomi Wuori on sosiologian maisterivaiheen p\u00e4\u00e4aineopiskelija Helsingin Yliopistossa. H\u00e4nen teht\u00e4v\u00e4n\u00e4\u00e4n on ker\u00e4t\u00e4 tutkimusprojektissa dataa kyselylomakkeiden avulla, p\u00e4ivitt\u00e4\u00e4 tietokantaa sek\u00e4 litteroida tutkijoiden tekemi\u00e4 haastatteluja. &nbsp; &nbsp;<\/p>\n","protected":false},"author":4787,"featured_media":0,"parent":287,"menu_order":0,"comment_status":"closed","ping_status":"closed","template":"","meta":{"footnotes":""},"class_list":["post-547","page","type-page","status-publish","czr-hentry"],"_links":{"self":[{"href":"https:\/\/blogit.utu.fi\/bugs\/wp-json\/wp\/v2\/pages\/547","targetHints":{"allow":["GET"]}}],"collection":[{"href":"https:\/\/blogit.utu.fi\/bugs\/wp-json\/wp\/v2\/pages"}],"about":[{"href":"https:\/\/blogit.utu.fi\/bugs\/wp-json\/wp\/v2\/types\/page"}],"author":[{"embeddable":true,"href":"https:\/\/blogit.utu.fi\/bugs\/wp-json\/wp\/v2\/users\/4787"}],"replies":[{"embeddable":true,"href":"https:\/\/blogit.utu.fi\/bugs\/wp-json\/wp\/v2\/comments?post=547"}],"version-history":[{"count":5,"href":"https:\/\/blogit.utu.fi\/bugs\/wp-json\/wp\/v2\/pages\/547\/revisions"}],"predecessor-version":[{"id":653,"href":"https:\/\/blogit.utu.fi\/bugs\/wp-json\/wp\/v2\/pages\/547\/revisions\/653"}],"up":[{"embeddable":true,"href":"https:\/\/blogit.utu.fi\/bugs\/wp-json\/wp\/v2\/pages\/287"}],"wp:attachment":[{"href":"https:\/\/blogit.utu.fi\/bugs\/wp-json\/wp\/v2\/media?parent=547"}],"curies":[{"name":"wp","href":"https:\/\/api.w.org\/{rel}","templated":true}]}}