{"id":164,"date":"2019-09-04T17:08:50","date_gmt":"2019-09-04T17:08:50","guid":{"rendered":"https:\/\/blogit.utu.fi\/conspiracytheories\/?page_id=164"},"modified":"2023-01-04T12:15:55","modified_gmt":"2023-01-04T12:15:55","slug":"publications","status":"publish","type":"page","link":"https:\/\/blogit.utu.fi\/conspiracytheories\/publications\/","title":{"rendered":"Publications"},"content":{"rendered":"<p><strong>Juha R\u00e4ikk\u00e4:<\/strong><\/p>\n<ul>\n<li>2023. &#8220;Climate Change Conspiracy Theories&#8221; in Marcello di Paola (Ed.), <em>Handbook of Philosophy of Climate Change <\/em>(Heidelberg, Springer). (Forthcoming)<\/li>\n<li>2022. \u201d\u201dTotuus on vain sivuseikka\u201d \u2013 Uusi salaliittoajattelu pyrkii ker\u00e4\u00e4m\u00e4\u00e4n joukkoja ja vahvistamaan viholliskuvaa.\u201d <em>MustRead<\/em>. https:\/\/www.mustread.fi\/artikkelit\/totuus-on-vain-sivuseikka-uusi-salaliittoajattelu-pyrkii-keraamaan-joukkoja-ja-vahvistamaan-viholliskuvaa\/<\/li>\n<li>2022. \u201dSalaliittoteoriat ilmastoskeptisismin tukipilareina.\u201d <em>Teologia.fi.<\/em> https:\/\/teologia.fi\/2022\/12\/salaliittoteoriat-ilmastoskeptisismin-tukipilareina\/<\/li>\n<li>2022. \u201cOn the Rationality of Word-Taking\u201d, <em>Social Epistemology Review and Reply Collective<\/em>11 (12): 68-81.\u00a0<a href=\"https:\/\/wp.me\/p1Bfg0-7t2\">https:\/\/wp.me\/p1Bfg0-7t2<\/a>.<\/li>\n<li>2021. <em>Salaliittoteorioiden filosofia \u2014 Temppeliherroista liskoihmisiin<\/em>. Gaudeamus, Helsinki. (286 p.)<\/li>\n<li>2020. &#8220;Non-Doxastic Conspiracy Theories&#8221;, <em>Argumenta<\/em> 5, 1-22 (A. Ichino &amp; J. R\u00e4ikk\u00e4).<\/li>\n<li>2020. &#8220;Conspiracy Theories and Collective Responsibility&#8221; in S. Bazargan-Forward &amp; D. Tollefsen (Eds.), <em>The Routledge Handbook on Collective Responsibility<\/em>. New York: Routledge, 472-485.<\/li>\n<li>2020. &#8220;Philosophy and Conspiracy Theories&#8221; in P. Knight &amp; M. Butter (Eds.), <em>Routledge Handbook of Conspiracy Theories<\/em>. Lontoo: Routledge, 56-66 (J. R\u00e4ikk\u00e4 &amp; J. Ritola).<\/li>\n<li>2018.\u00a0<em>Esseit\u00e4 etiikasta<\/em>, Revised edition. United Press, Tallinn. (259 p.)<\/li>\n<li>2018. \u201cConspiracy Theory Phobia\u201d in J. Uscinski (Ed.),\u00a0<em>Conspiracy Theories and the People Who Believe Them<\/em>\u00a0(Oxford University Press, Oxford), 178-186. (J. R\u00e4ikk\u00e4 &amp; L. Basham).\u200b<\/li>\n<li>2017. &#8220;Salaliitto&#8221; teoksessa J. Sinokki Rasismin filosofia (Ethos, Turku).<\/li>\n<li>2017.\u00a0<em>Ihmisen ep\u00e4t\u00e4ydellisyydest\u00e4 ja muita kirjoituksia<\/em>. Unipress, Kuopio.\u00a0(176 p.)<\/li>\n<li>2014.\u00a0<em>Social Justice in Practice<\/em>. Springer, Heidelberg. (167 p.)<\/li>\n<li>2009. \u201cThe Ethics of Conspiracy Theorizing\u201d,\u00a0<em>The Journal of Value Inquiry<\/em>\u00a043, 457-468.<\/li>\n<li>2009. \u201cOn Political Conspiracy Theories\u201d,\u00a0<em>The Journal of Political Philosophy<\/em>\u00a017, 185-201.<\/li>\n<\/ul>\n<p><strong>Elisa Aaltola<\/strong><\/p>\n<ul>\n<li>H\u00e4pe\u00e4 ja rakkaus: ihmisel\u00e4inluonto (Into 2019).<\/li>\n<li>Varieties of Empathy: Moral Psychology and Animal Ethics (Rowman and Littlefield 2018).<\/li>\n<li>\u201cShame: From Defensive Fury to Epistemological Shifts and Political Change,\u201d in Ethical and Political Approaches to Nonhuman Animal (Springer 2017).<\/li>\n<li>\u201cThe Problem of Akrasia: Moral Cultivation and Socio-Political Resistance,\u201d in Philosophy and the Politics of Animal Liberation (Palgrave MacMillan 2016).<\/li>\n<\/ul>\n","protected":false},"excerpt":{"rendered":"<p>Juha R\u00e4ikk\u00e4: 2023. &#8220;Climate Change Conspiracy Theories&#8221; in Marcello di Paola (Ed.), Handbook of Philosophy of Climate Change (Heidelberg, Springer). (Forthcoming) 2022. \u201d\u201dTotuus on vain sivuseikka\u201d \u2013 Uusi salaliittoajattelu pyrkii ker\u00e4\u00e4m\u00e4\u00e4n joukkoja ja vahvistamaan viholliskuvaa.\u201d MustRead. https:\/\/www.mustread.fi\/artikkelit\/totuus-on-vain-sivuseikka-uusi-salaliittoajattelu-pyrkii-keraamaan-joukkoja-ja-vahvistamaan-viholliskuvaa\/ 2022. \u201dSalaliittoteoriat ilmastoskeptisismin &hellip; <a href=\"https:\/\/blogit.utu.fi\/conspiracytheories\/publications\/\">Continue reading <span class=\"meta-nav\">&rarr;<\/span><\/a><\/p>\n","protected":false},"author":149,"featured_media":0,"parent":0,"menu_order":0,"comment_status":"closed","ping_status":"closed","template":"","meta":{"footnotes":""},"class_list":["post-164","page","type-page","status-publish","hentry"],"_links":{"self":[{"href":"https:\/\/blogit.utu.fi\/conspiracytheories\/wp-json\/wp\/v2\/pages\/164","targetHints":{"allow":["GET"]}}],"collection":[{"href":"https:\/\/blogit.utu.fi\/conspiracytheories\/wp-json\/wp\/v2\/pages"}],"about":[{"href":"https:\/\/blogit.utu.fi\/conspiracytheories\/wp-json\/wp\/v2\/types\/page"}],"author":[{"embeddable":true,"href":"https:\/\/blogit.utu.fi\/conspiracytheories\/wp-json\/wp\/v2\/users\/149"}],"replies":[{"embeddable":true,"href":"https:\/\/blogit.utu.fi\/conspiracytheories\/wp-json\/wp\/v2\/comments?post=164"}],"version-history":[{"count":9,"href":"https:\/\/blogit.utu.fi\/conspiracytheories\/wp-json\/wp\/v2\/pages\/164\/revisions"}],"predecessor-version":[{"id":531,"href":"https:\/\/blogit.utu.fi\/conspiracytheories\/wp-json\/wp\/v2\/pages\/164\/revisions\/531"}],"wp:attachment":[{"href":"https:\/\/blogit.utu.fi\/conspiracytheories\/wp-json\/wp\/v2\/media?parent=164"}],"curies":[{"name":"wp","href":"https:\/\/api.w.org\/{rel}","templated":true}]}}