{"id":2,"date":"2023-12-21T13:00:32","date_gmt":"2023-12-21T11:00:32","guid":{"rendered":"https:\/\/blogit.utu.fi\/crossspeciesconnections\/?page_id=2"},"modified":"2024-04-23T16:38:18","modified_gmt":"2024-04-23T13:38:18","slug":"esimerkkisivu","status":"publish","type":"page","link":"https:\/\/blogit.utu.fi\/crossspeciesconnections\/esimerkkisivu\/","title":{"rendered":"Tietoa"},"content":{"rendered":"\n<p><strong>Blogin yll\u00e4pit\u00e4j\u00e4t<\/strong><\/p>\n\n\n\n<p><em>kuva<\/em><\/p>\n\n\n\n<p>Marjaana Raukola-Lindblom<\/p>\n\n\n\n<p><em>esittelyteksti<\/em><\/p>\n\n\n\n<p><\/p>\n\n\n\n<p><em>kuva<\/em><\/p>\n\n\n\n<p>Ida Luotonen<\/p>\n\n\n\n<p><em>esittelyteksti<\/em><\/p>\n\n\n\n<p><\/p>\n\n\n\n<p><strong>Logopedian pro gradu -tutkielmat Turun yliopistossa<\/strong><\/p>\n\n\n\n<div class=\"wp-block-media-text is-stacked-on-mobile is-style-default\"><figure class=\"wp-block-media-text__media\"><img decoding=\"async\" src=\"https:\/\/blogit.utu.fi\/animalassistedinterventions\/wp-content\/uploads\/sites\/693\/2023\/12\/IMG-20210815-WA0007-1-768x1024.jpg\" alt=\"\" class=\"wp-image-37 size-full\" \/><\/figure><div class=\"wp-block-media-text__content\">\n<p>Maria Hurmerinta<\/p>\n\n\n\n<p>Pro gradun aihe:<em> <\/em>Sosiaali- ja terveysalan ammattilaisten n\u00e4kemyksi\u00e4 koira-avusteisen ty\u00f6skentelyn vaikutuksista asiakkaan kommunikatiivisiin toimintoihin ja kognitioon<\/p>\n\n\n\n<p>Kev\u00e4t 2024<\/p>\n\n\n\n<p><\/p>\n\n\n\n<p><\/p>\n<\/div><\/div>\n\n\n\n<p><em>Tutkimukseni pohjautui koira-avusteisesti ty\u00f6skenteleville <em>sosiaali- ja terveysalan ammattilaisille suunnatun kyselytutkimuksen<\/em> <em>aineistoon.<\/em><\/em> <em>Tutkimuksen tarkoituksena oli selvitt\u00e4\u00e4 ammattilaisten n\u00e4kemyksi\u00e4 koira-avusteisuuden vaikutuksista asiakkaan kommunikatiivisiin toimintoihin ja kognitioon. Lis\u00e4ksi tarkasteltiin, onko ammattilaisten oman alan ty\u00f6kokemuksen tai el\u00e4inavusteisen ty\u00f6skentelyn kokemuksen m\u00e4\u00e4r\u00e4ll\u00e4 yhteytt\u00e4 heid\u00e4n n\u00e4kemyksiins\u00e4 koira-avusteisuuden vaikutuksista.<\/em><\/p>\n\n\n\n<p><em>Kyselyyn vastanneista ammattilaisista valtaosa koki koira-avusteisuuden vaikuttaneen positiivisesti asiakkaiden kommunikatiivisiin toimintoihin ja kognitioon. Kommunikatiivisiin toimintoihin liittyvist\u00e4 kyvyist\u00e4 koira-avusteisuuden koettiin vaikuttaneen eniten keskusteluun osallistumisen ja sosiaalisissa tilanteissa sopivalla tavalla k\u00e4ytt\u00e4ytymisen kykyihin. Kognition osalta eniten positiivisia vaikutuksia havaittiin empatiakyvyn sek\u00e4 toisten tunnetilojen tunnistamisen kyvyn suhteen. Pidemm\u00e4n ty\u00f6kokemuksen ja koira-avusteisen ty\u00f6skentelyn kokemuksen havaittiin olevan yhteydess\u00e4 positiivisempiin havaintoihin kuullun ymm\u00e4rt\u00e4misen ja vuoron odottamisen kykyjen osalta. N\u00e4iden lis\u00e4ksi ty\u00f6kokemus oli yhteydess\u00e4 positiivisempiin havaintoihin syy-seuraussuhteiden ymm\u00e4rt\u00e4misen ja toisten tunnetilojen tunnistamisen kyvyist\u00e4.<\/em> <em>Tutkimuksen tulokset<\/em> <em>ovat suuntaa antava katsaus siihen, miten hy\u00f6dyllisen\u00e4 koira-avusteisuus koetaan suomalaisten sosiaali- ja terveysalan ammattilaisten keskuudessa asiakkaiden kommunikatiivisten toimintojen ja kognition osalta<\/em>. <\/p>\n\n\n\n<div class=\"wp-block-media-text is-stacked-on-mobile\"><figure class=\"wp-block-media-text__media\"><img loading=\"lazy\" decoding=\"async\" width=\"640\" height=\"640\" src=\"https:\/\/blogit.utu.fi\/crossspeciesconnections\/wp-content\/uploads\/sites\/696\/2024\/02\/essi.jpeg\" alt=\"\" class=\"wp-image-38 size-full\" srcset=\"https:\/\/blogit.utu.fi\/crossspeciesconnections\/wp-content\/uploads\/sites\/696\/2024\/02\/essi.jpeg 640w, https:\/\/blogit.utu.fi\/crossspeciesconnections\/wp-content\/uploads\/sites\/696\/2024\/02\/essi-300x300.jpeg 300w, https:\/\/blogit.utu.fi\/crossspeciesconnections\/wp-content\/uploads\/sites\/696\/2024\/02\/essi-150x150.jpeg 150w\" sizes=\"auto, (max-width: 640px) 100vw, 640px\" \/><\/figure><div class=\"wp-block-media-text__content\">\n<p>Essi Yl\u00f6nen<\/p>\n\n\n\n<p>Pro gradun aihe: Koiran toiminnan tavoitteet ja taidot koira-avusteisessa sosiaali- ja terveysalan ty\u00f6ss\u00e4<\/p>\n\n\n\n<p>Kev\u00e4t 2024<\/p>\n<\/div><\/div>\n\n\n\n<p><em>Tutkimuksessani selvitettiin tavoitteellista koira-avusteista ty\u00f6t\u00e4 tekevien sosiaali- ja terveysalan ammattilaisten ajatuksia koiran taidoista ja koiran toiminnan tavoitteista. Tutkimus toteutettiin kyselytutkimuksena ja aineistoa analysoitiin sek\u00e4 laadullisesti, ett\u00e4 tilastollisesti. Tuloksista huomattiin, ett\u00e4 vastaajat kokivat koiran toiminnan tavoitteiksi erityisesti asiakkaan stressin, ahdistuksen ja j\u00e4nnityksen lievitt\u00e4misen, motivaation lis\u00e4\u00e4misen sek\u00e4 vuorovaikutuksen tukemisen. Ty\u00f6kokemusvuosien kasvaessa my\u00f6s arviot psyykkisen joustavuuden eli resilienssin vahvistumiselle sek\u00e4 tunteiden ja k\u00e4ytt\u00e4ytymisen s\u00e4\u00e4telylle koiran toiminnan tavoitteina kasvoivat. Koira-avusteisen ty\u00f6kokemuksen m\u00e4\u00e4r\u00e4ll\u00e4 ei ollut vaikutusta arvioihin koiran toiminnan tavoitteista. Vastaajat kokivat koirilta edellytett\u00e4viksi taidoiksi esimerkiksi koiran halun olla l\u00e4sn\u00e4, kiinnostuksen ihmisest\u00e4 sek\u00e4 kyvyn rauhoittua. Tulokset mukailevat aiempia tutkimustuloksia, ja antavat suuntaa siit\u00e4, millainen teht\u00e4v\u00e4 ja merkitys koiralla on sosiaali- ja terveysalan ty\u00f6ss\u00e4, sek\u00e4 millaiset koiran taidot koetaan t\u00e4rkeiksi.<\/em><\/p>\n\n\n\n<p>&#8230;..<\/p>\n\n\n\n<p><em>kuva<\/em><\/p>\n\n\n\n<p>Irene Raunio ja Iina Myllym\u00e4ki<\/p>\n\n\n\n<p><em>esittelyteksti<\/em><\/p>\n","protected":false},"excerpt":{"rendered":"<p>Blogin yll\u00e4pit\u00e4j\u00e4t kuva Marjaana Raukola-Lindblom esittelyteksti kuva Ida Luotonen esittelyteksti Logopedian pro gradu -tutkielmat Turun yliopistossa Maria Hurmerinta Pro gradun aihe: Sosiaali- ja terveysalan ammattilaisten n\u00e4kemyksi\u00e4 koira-avusteisen ty\u00f6skentelyn vaikutuksista asiakkaan kommunikatiivisiin toimintoihin ja kognitioon Kev\u00e4t 2024 Tutkimukseni pohjautui koira-avusteisesti ty\u00f6skenteleville &hellip; <a href=\"https:\/\/blogit.utu.fi\/crossspeciesconnections\/esimerkkisivu\/\">Lue loppuun <span class=\"meta-nav\">&rarr;<\/span><\/a><\/p>\n","protected":false},"author":36795,"featured_media":0,"parent":0,"menu_order":1,"comment_status":"closed","ping_status":"open","template":"","meta":{"footnotes":""},"class_list":["post-2","page","type-page","status-publish","hentry"],"_links":{"self":[{"href":"https:\/\/blogit.utu.fi\/crossspeciesconnections\/wp-json\/wp\/v2\/pages\/2","targetHints":{"allow":["GET"]}}],"collection":[{"href":"https:\/\/blogit.utu.fi\/crossspeciesconnections\/wp-json\/wp\/v2\/pages"}],"about":[{"href":"https:\/\/blogit.utu.fi\/crossspeciesconnections\/wp-json\/wp\/v2\/types\/page"}],"author":[{"embeddable":true,"href":"https:\/\/blogit.utu.fi\/crossspeciesconnections\/wp-json\/wp\/v2\/users\/36795"}],"replies":[{"embeddable":true,"href":"https:\/\/blogit.utu.fi\/crossspeciesconnections\/wp-json\/wp\/v2\/comments?post=2"}],"version-history":[{"count":13,"href":"https:\/\/blogit.utu.fi\/crossspeciesconnections\/wp-json\/wp\/v2\/pages\/2\/revisions"}],"predecessor-version":[{"id":58,"href":"https:\/\/blogit.utu.fi\/crossspeciesconnections\/wp-json\/wp\/v2\/pages\/2\/revisions\/58"}],"wp:attachment":[{"href":"https:\/\/blogit.utu.fi\/crossspeciesconnections\/wp-json\/wp\/v2\/media?parent=2"}],"curies":[{"name":"wp","href":"https:\/\/api.w.org\/{rel}","templated":true}]}}