{"id":4,"date":"2015-03-27T07:59:03","date_gmt":"2015-03-27T07:59:03","guid":{"rendered":"http:\/\/blogit.utu.fi\/digitokl\/?page_id=4"},"modified":"2015-04-23T12:34:21","modified_gmt":"2015-04-23T12:34:21","slug":"turun-opettajankoulutuslaitos-ja-tvt","status":"publish","type":"page","link":"https:\/\/blogit.utu.fi\/digitokl\/turun-opettajankoulutuslaitos-ja-tvt\/","title":{"rendered":"Turun Opettajankoulutuslaitos ja TVT"},"content":{"rendered":"<p>T\u00e4m\u00e4n sivuston \u00a0tarkoitus on koota linkkej\u00e4 ja vinkkej\u00e4 tieto- ja viestint\u00e4tekniikan opetusk\u00e4ytt\u00f6\u00f6n.<\/p>\n<p>Vaikkapa t\u00e4mm\u00f6isi\u00e4 k\u00e4yt\u00e4nn\u00f6nl\u00e4heisi\u00e4:\u00a0<a href=\"http:\/\/tulevaisuudenkoulu.net\">http:\/\/tulevaisuudenkoulu.net<\/a><\/p>\n<p><a href=\"https:\/\/www.youtube.com\/channel\/UCLBeNc9eO8EmwAAzeR7mGpQ\/videos?spfreload=10\">Tai videoita<\/a>\u00a0YouTubesta.<\/p>\n<p>T\u00e4nne voi linkitt\u00e4\u00e4 my\u00f6s alan viimeisimpi\u00e4 tutkimuksia. Ja hei, saa my\u00f6s kommentoida!<\/p>\n","protected":false},"excerpt":{"rendered":"<p>T\u00e4m\u00e4n sivuston \u00a0tarkoitus on koota linkkej\u00e4 ja vinkkej\u00e4 tieto- ja viestint\u00e4tekniikan opetusk\u00e4ytt\u00f6\u00f6n. Vaikkapa t\u00e4mm\u00f6isi\u00e4 k\u00e4yt\u00e4nn\u00f6nl\u00e4heisi\u00e4:\u00a0http:\/\/tulevaisuudenkoulu.net Tai videoita\u00a0YouTubesta. T\u00e4nne voi linkitt\u00e4\u00e4 my\u00f6s alan viimeisimpi\u00e4 tutkimuksia. Ja hei, saa my\u00f6s kommentoida!<\/p>\n","protected":false},"author":76,"featured_media":0,"parent":0,"menu_order":0,"comment_status":"open","ping_status":"open","template":"","meta":{"footnotes":""},"class_list":["post-4","page","type-page","status-publish","hentry"],"_links":{"self":[{"href":"https:\/\/blogit.utu.fi\/digitokl\/wp-json\/wp\/v2\/pages\/4","targetHints":{"allow":["GET"]}}],"collection":[{"href":"https:\/\/blogit.utu.fi\/digitokl\/wp-json\/wp\/v2\/pages"}],"about":[{"href":"https:\/\/blogit.utu.fi\/digitokl\/wp-json\/wp\/v2\/types\/page"}],"author":[{"embeddable":true,"href":"https:\/\/blogit.utu.fi\/digitokl\/wp-json\/wp\/v2\/users\/76"}],"replies":[{"embeddable":true,"href":"https:\/\/blogit.utu.fi\/digitokl\/wp-json\/wp\/v2\/comments?post=4"}],"version-history":[{"count":4,"href":"https:\/\/blogit.utu.fi\/digitokl\/wp-json\/wp\/v2\/pages\/4\/revisions"}],"predecessor-version":[{"id":38,"href":"https:\/\/blogit.utu.fi\/digitokl\/wp-json\/wp\/v2\/pages\/4\/revisions\/38"}],"wp:attachment":[{"href":"https:\/\/blogit.utu.fi\/digitokl\/wp-json\/wp\/v2\/media?parent=4"}],"curies":[{"name":"wp","href":"https:\/\/api.w.org\/{rel}","templated":true}]}}