{"id":206,"date":"2019-01-25T11:14:41","date_gmt":"2019-01-25T09:14:41","guid":{"rendered":"http:\/\/blogit.utu.fi\/dosenttiyhdistys\/?page_id=206"},"modified":"2019-03-27T13:35:47","modified_gmt":"2019-03-27T11:35:47","slug":"registerbeskrivning","status":"publish","type":"page","link":"https:\/\/blogit.utu.fi\/dosenttiyhdistys\/registerbeskrivning\/","title":{"rendered":"Registerbeskrivning"},"content":{"rendered":"<p><strong>Docentf\u00f6reningen vid Universiteten i \u00c5bo rf. Registerbeskrivning<\/strong><\/p>\n<p><strong>Registeransvarig<\/strong><\/p>\n<p>Docentf\u00f6reningen vid Universiteten i \u00c5bo rf.<br \/>\nValtio-oppi, Assistentsg. 7, 20014 \u00c5bo<br \/>\n050-3265172<br \/>\nanpaja@utu.fi<\/p>\n<p><strong>Kontaktperson<\/strong><\/p>\n<p>Docentf\u00f6reningen vid Universiteten i \u00c5bo rf.<br \/>\nSekreterare Antti Pajala<br \/>\nValtio-oppi, Assistentsg. 7, 20014 \u00c5bo<br \/>\n050-3265172<br \/>\nanpaja@utu.fi<\/p>\n<p><strong>Registrets namn<\/strong><br \/>\nDocentf\u00f6reningen vid Universiteten i \u00c5bo rf. medlemsregister och postningslista<\/p>\n<p><strong>\u00c4ndam\u00e5l och r\u00e4ttslig grund f\u00f6r behandling av personuppgifter<\/strong><\/p>\n<p>Docentf\u00f6reningen vid Universiteten i \u00c5bo rf. medlemsregister anges alla medlemmar. Postningslistan anv\u00e4nds f\u00f6r att f\u00f6rmedla information som ber\u00f6r f\u00f6reningens verksamhet eller dess n\u00e4ra verksamhetsomr\u00e5de till medlemmar och f\u00f6r att g\u00f6ra anm\u00e4rkningar om medlemsavgifter. R\u00e4ttslig grund f\u00f6r behandlingen \u00e4r EU:s dataskyddsf\u00f6rordning artikel 6, sektion 1, paragraf a, om datahantering som utg\u00e5r fr\u00e5n den registrerades samtycke. Information om f\u00f6reningens medlemsantal beh\u00f6vs d\u00e5 f\u00f6reningen betalar sin medlemsavgift till Finlands docentb\u00f6rbund, i vilken Docentf\u00f6reningen vid Universiteten i \u00c5bo rf. \u00e4r ett medlemssamfund.<\/p>\n<p>Registerdata anv\u00e4nds inte f\u00f6r automatiserade beslut eller profilering.<\/p>\n<p><strong>Registrets persongrupper och datainneh\u00e5ll<\/strong><\/p>\n<p>De som h\u00f6r till registret \u00e4r personer som personligen ans\u00f6kt om medlemskap och godk\u00e4nts av styrelsen samt betalat medlemsavgift, personer som personligen angett sig som st\u00e4ndiga medlemmar, samt personer som styrelsen valt till hedersmedlemmar. I registret sparas medlemmens namn, st\u00e4llning i f\u00f6reningen, postadress, e-postadress samt information om betalning av medlemsavgift. F\u00f6reningens sekreterare uppr\u00e4tth\u00e5ller medlemsregistret. Sekreteraren, ordf\u00f6randen samt vice-ordf\u00f6randen har tillg\u00e5ng till registrets inneh\u00e5ll.<\/p>\n<p><strong>Informationsk\u00e4llor<\/strong><\/p>\n<p>Medlemmarna sj\u00e4lva.<\/p>\n<p><strong>Utl\u00e4mnande av uppgifter<\/strong><\/p>\n<p>Uppgifter \u00f6verl\u00e4mnas inte till utomst\u00e5ende.<\/p>\n<p><strong>Skydd av registret<\/strong><\/p>\n<p>Materialet i pappersform bevaras i ett l\u00e5st sk\u00e5p dit utomst\u00e5ende inte har tillg\u00e5ng. Endast sekreteraren och ordf\u00f6randen hanterar det fysiska materialet. Medlemsregistrets inneh\u00e5ll f\u00f6rvaras p\u00e5 en extern h\u00e5rdskiva som f\u00f6rvaras i en l\u00e5sbar l\u00e5da. Datorerna finns i l\u00e5sta kontorsutrymmen. Anv\u00e4ndningen av materialet \u00e4r begr\u00e4nsat p\u00e5 s\u00e5 s\u00e4tt att endast sekretetaren anv\u00e4nder materialet i sitt arbete. Informationen i medlemsregistret hanteras med stor omsorgsfullhet.<\/p>\n<p><strong>F\u00f6rvaringstid f\u00f6r personuppgifter<\/strong><\/p>\n<p>Personuppgifter f\u00f6rvaras under den tid d\u00e5 personen \u00e4r medlem. Medlemskapet upph\u00f6r d\u00e5 medlemskapet f\u00f6rblivit obetalt tv\u00e5 p\u00e5f\u00f6ljande g\u00e5nger. D\u00e4refter avl\u00e4gsnas personen ur registret och e-postlistan. En medlem kan ocks\u00e5 sj\u00e4lv avs\u00e4ga sig sitt medlemskap eller fr\u00e5n listan genom att meddela f\u00f6reningens sekreterare.<\/p>\n<p><strong>Den registrerades r\u00e4ttigheter<\/strong><\/p>\n<p>Den registrerade har r\u00e4ttigheten att:<\/p>\n<p>&#8211; be registerinnehavaren om tillsyn till de personuppgifter som g\u00e4ller honom eller henne samt be om korrigering eller radering av ifr\u00e5gavarande uppgifter.<br \/>\n&#8211; be registerinnehavaren att begr\u00e4nsa behandlingen av personuppgifter som g\u00e4ller honom eller henne, mots\u00e4tta sig hanteringen eller \u00f6verf\u00f6ring av uppgifter fr\u00e5n ett system till ett annat.<br \/>\n&#8211; f\u00f6r den del som behandlingen av personuppgifter grundar sig p\u00e5 den registrerades samtycke, har den registrerade r\u00e4ttigheten att avsluta samtycket n\u00e4r som helst, utan att detta p\u00e5verkar lagenligheten av den behandling som skett p\u00e5 grund av samtycket innan samtycket upph\u00f6rde.<br \/>\n&#8211; \u00f6verklaga behandlingen av personuppgifter till den nationella \u00f6vervakningsmyndigheten om den registrerade anser att behandlingen av hans eller hennes personuppgifter bryter mot EU:s allm\u00e4nna dataskyddsf\u00f6rordning.<\/p>\n<p><strong>Den nationella dataskyddsombudsmannens kontaktuppgifter \u00e4r:<\/strong><\/p>\n<p>PB 800 00521 Helsingfors \/ Bang\u00e5rdsv\u00e4gen 9, 6:e v\u00e5n,00520 Helsingfors<br \/>\ntel. 029 56 66700<br \/>\ntietosuoja(at)om.fi<\/p>\n","protected":false},"excerpt":{"rendered":"<p>Docentf\u00f6reningen vid Universiteten i \u00c5bo rf. Registerbeskrivning Registeransvarig Docentf\u00f6reningen vid Universiteten i \u00c5bo rf. Valtio-oppi, Assistentsg. 7, 20014 \u00c5bo 050-3265172 anpaja@utu.fi Kontaktperson Docentf\u00f6reningen vid Universiteten i \u00c5bo rf. Sekreterare Antti Pajala Valtio-oppi, Assistentsg. 7, 20014 \u00c5bo 050-3265172 anpaja@utu.fi Registrets namn Docentf\u00f6reningen vid Universiteten i \u00c5bo rf. medlemsregister och postningslista \u00c4ndam\u00e5l och r\u00e4ttslig grund f\u00f6r behandling &hellip; <a href=\"https:\/\/blogit.utu.fi\/dosenttiyhdistys\/registerbeskrivning\/\" class=\"more-link\">Jatka lukemista <span class=\"screen-reader-text\">Registerbeskrivning<\/span> <span class=\"meta-nav\">&rarr;<\/span><\/a><\/p>\n","protected":false},"author":107,"featured_media":0,"parent":0,"menu_order":0,"comment_status":"closed","ping_status":"closed","template":"","meta":{"footnotes":""},"class_list":["post-206","page","type-page","status-publish","hentry"],"_links":{"self":[{"href":"https:\/\/blogit.utu.fi\/dosenttiyhdistys\/wp-json\/wp\/v2\/pages\/206","targetHints":{"allow":["GET"]}}],"collection":[{"href":"https:\/\/blogit.utu.fi\/dosenttiyhdistys\/wp-json\/wp\/v2\/pages"}],"about":[{"href":"https:\/\/blogit.utu.fi\/dosenttiyhdistys\/wp-json\/wp\/v2\/types\/page"}],"author":[{"embeddable":true,"href":"https:\/\/blogit.utu.fi\/dosenttiyhdistys\/wp-json\/wp\/v2\/users\/107"}],"replies":[{"embeddable":true,"href":"https:\/\/blogit.utu.fi\/dosenttiyhdistys\/wp-json\/wp\/v2\/comments?post=206"}],"version-history":[{"count":3,"href":"https:\/\/blogit.utu.fi\/dosenttiyhdistys\/wp-json\/wp\/v2\/pages\/206\/revisions"}],"predecessor-version":[{"id":224,"href":"https:\/\/blogit.utu.fi\/dosenttiyhdistys\/wp-json\/wp\/v2\/pages\/206\/revisions\/224"}],"wp:attachment":[{"href":"https:\/\/blogit.utu.fi\/dosenttiyhdistys\/wp-json\/wp\/v2\/media?parent=206"}],"curies":[{"name":"wp","href":"https:\/\/api.w.org\/{rel}","templated":true}]}}