{"id":62,"date":"2015-02-27T16:15:46","date_gmt":"2015-02-27T14:15:46","guid":{"rendered":"http:\/\/blogit.utu.fi\/dosenttiyhdistys\/?page_id=62"},"modified":"2025-05-10T11:10:56","modified_gmt":"2025-05-10T09:10:56","slug":"johtokunta","status":"publish","type":"page","link":"https:\/\/blogit.utu.fi\/dosenttiyhdistys\/johtokunta\/","title":{"rendered":"Johtokunta &#8211; Styrelsen"},"content":{"rendered":"\n<p>Turun Yliopistojen Dosenttiyhdistyksen johtokunta vuonna 2025:\n<br>Docentf\u00f6reningens vid Universiteten i \u00c5bo styrelse \u00e5r 2025:<\/p>\n<p>Tiina Mahlam\u00e4ki (Puheenjohtaja ja taloudenhoitaja \/ Ordf\u00f6rande och kass\u00f6r, TY) email: tituma@utu.fi<br>Joanna T\u00f6yr\u00e4\u00e4nvuori (Varapuheenjohtaja \/ Vice ordf\u00f6rande, TY)<br>Jaakko Rusama (Sihteeri \/ Sekreterare \u00c5A)<\/p>\n<p>Muut j\u00e4senet \/ Andra medlemmar:<br>Juha Horsti (TY)<br>Lauri Kemppainen (TY)<br> Ann-Catrin \u00d6stman (\u00c5A)<br>Janne Skaffari (TY\/\u00c5A)<\/p>\n\n\n\n<p><\/p>\n","protected":false},"excerpt":{"rendered":"<p>Turun Yliopistojen Dosenttiyhdistyksen johtokunta vuonna 2025: Docentf\u00f6reningens vid Universiteten i \u00c5bo styrelse \u00e5r 2025: Tiina Mahlam\u00e4ki (Puheenjohtaja ja taloudenhoitaja \/ Ordf\u00f6rande och kass\u00f6r, TY) email: tituma@utu.fiJoanna T\u00f6yr\u00e4\u00e4nvuori (Varapuheenjohtaja \/ Vice ordf\u00f6rande, TY)Jaakko Rusama (Sihteeri \/ Sekreterare \u00c5A) Muut j\u00e4senet \/ Andra medlemmar:Juha Horsti (TY)Lauri Kemppainen (TY) Ann-Catrin \u00d6stman (\u00c5A)Janne Skaffari (TY\/\u00c5A)<\/p>\n","protected":false},"author":107,"featured_media":0,"parent":0,"menu_order":0,"comment_status":"closed","ping_status":"closed","template":"","meta":{"footnotes":""},"class_list":["post-62","page","type-page","status-publish","hentry"],"_links":{"self":[{"href":"https:\/\/blogit.utu.fi\/dosenttiyhdistys\/wp-json\/wp\/v2\/pages\/62","targetHints":{"allow":["GET"]}}],"collection":[{"href":"https:\/\/blogit.utu.fi\/dosenttiyhdistys\/wp-json\/wp\/v2\/pages"}],"about":[{"href":"https:\/\/blogit.utu.fi\/dosenttiyhdistys\/wp-json\/wp\/v2\/types\/page"}],"author":[{"embeddable":true,"href":"https:\/\/blogit.utu.fi\/dosenttiyhdistys\/wp-json\/wp\/v2\/users\/107"}],"replies":[{"embeddable":true,"href":"https:\/\/blogit.utu.fi\/dosenttiyhdistys\/wp-json\/wp\/v2\/comments?post=62"}],"version-history":[{"count":21,"href":"https:\/\/blogit.utu.fi\/dosenttiyhdistys\/wp-json\/wp\/v2\/pages\/62\/revisions"}],"predecessor-version":[{"id":449,"href":"https:\/\/blogit.utu.fi\/dosenttiyhdistys\/wp-json\/wp\/v2\/pages\/62\/revisions\/449"}],"wp:attachment":[{"href":"https:\/\/blogit.utu.fi\/dosenttiyhdistys\/wp-json\/wp\/v2\/media?parent=62"}],"curies":[{"name":"wp","href":"https:\/\/api.w.org\/{rel}","templated":true}]}}