{"id":7,"date":"2015-02-27T10:40:44","date_gmt":"2015-02-27T08:40:44","guid":{"rendered":"http:\/\/blogit.utu.fi\/dosenttiyhdistys\/?page_id=7"},"modified":"2018-01-18T14:35:17","modified_gmt":"2018-01-18T12:35:17","slug":"saannot","status":"publish","type":"page","link":"https:\/\/blogit.utu.fi\/dosenttiyhdistys\/saannot\/","title":{"rendered":"S\u00e4\u00e4nn\u00f6t"},"content":{"rendered":"<p>Turun Yliopistojen Dosenttiyhdistys ry. &#8211; Docentf\u00f6reningen vid Universiteten i \u00c5bo rf.:n s\u00e4\u00e4nn\u00f6t<\/p>\n<p>1 \u00a7<\/p>\n<p>Yhdistyksen nimi on Turun Yliopistojen Dosenttiyhdistys ry., Docentf\u00f6reningen vid Universiteten i \u00c5bo rf., ja sen kotipaikka on Turun kaupunki.<\/p>\n<p>2 \u00a7<\/p>\n<p>Yhdistyksen tarkoituksena on toimia Turun yliopistojen dosenttien aatteellisten harrastusten yhdyssiteen\u00e4, valvoa heid\u00e4n etujaan sek\u00e4 tukea heit\u00e4 tieteenharjoittajina ja yliopistojen opettajina.<\/p>\n<p>Tarkoituksensa toteuttamiseksi Yhdistys j\u00e4rjest\u00e4\u00e4 esitelm\u00e4- ja muita tilaisuuksia, tiedottaa yleisesti dosenttien toiminnasta sek\u00e4 yll\u00e4pit\u00e4\u00e4 tarpeellisiksi katsottuja yhteyksi\u00e4 Suomen muiden yliopistojen, samoin kuin ulkomaisten yliopistojen dosenttiyhdistyksien tai vastaavien kanssa.<\/p>\n<p>Yhdistys pyrkii vaikuttamaan Turun yliopistojen hallinnollisiin ratkaisuihin, joiden avulla vahvistetaan dosenttikunnan opetus- ja tutkimustoimintaa sek\u00e4 palkkausta.<\/p>\n<p>3 \u00a7<\/p>\n<p>Yhdistyksen t\u00e4ysivaltaiseksi j\u00e4seneksi voidaan anomuksesta valita jokainen Turussa toimivan yliopiston dosentti. Lis\u00e4ksi Yhdistyksell\u00e4 voi olla kunnia- ja ulkoj\u00e4seni\u00e4. Kunniaj\u00e4seneksi voidaan kutsua dosentti, joka on poikkeuksellisella tavalla edist\u00e4nyt Yhdistyksen toimintaa. Ulkoj\u00e4seneksi voidaan kutsua henkil\u00f6, joka yliopistojen ulkopuolella on merkitt\u00e4v\u00e4sti edist\u00e4nyt Yhdistyksen toimintaa. Kunnia- ja ulkoj\u00e4senen oikeudet ovat samat kuin muilla j\u00e4senill\u00e4. J\u00e4sen voi erota Yhdistyksest\u00e4 ilmoittamalla siit\u00e4 kirjallisesti johtokunnalle. J\u00e4sen voidaan erottaa Yhdistyksest\u00e4, jos h\u00e4n menettelyll\u00e4\u00e4n Yhdistyksess\u00e4 tai sen ulkopuolella on toiminut Yhdistyksen tarkoitusperi\u00e4 vastaan tai muuten vaikeuttanut Yhdistyksen toimintaa. J\u00e4senen voi ottaa tai erottaa Yhdistyksen kokous.<\/p>\n<p>4 \u00a7<\/p>\n<p>Yhdistyksen j\u00e4senen on suoritettava Yhdistyksen vuosikokouksen m\u00e4\u00e4r\u00e4\u00e4m\u00e4 j\u00e4senmaksu. Jos j\u00e4sen kahtena per\u00e4kk\u00e4isen\u00e4 vuotena j\u00e4tt\u00e4\u00e4 j\u00e4senmaksunsa suorittamatta, h\u00e4nen voidaan katsoa eronneen Yhdistyksest\u00e4. Kunniaj\u00e4senet tai ulkoj\u00e4senet eiv\u00e4t maksa j\u00e4senmaksua.<\/p>\n<p>5 \u00a7<\/p>\n<p>Yhdistyksell\u00e4 on johtokunta, joka edustaa Yhdistyst\u00e4, huolehtii sen taloudesta ja juoksevien asioiden hoidosta sek\u00e4 Yhdistyksen kokousten p\u00e4\u00e4t\u00f6sten toimeenpanosta, valmistelee Yhdistyksen kokouksissa lopullisesti k\u00e4sitelt\u00e4viksi ja ratkaistaviksi esitelt\u00e4v\u00e4t asiat sek\u00e4 kutsuuYhdistyksen j\u00e4senet varsinaisiin ja tarpeen vaatiessa ylim\u00e4\u00e4r\u00e4isiin kokouksiin.<\/p>\n<p>Johtokunnan muodostavat johtokunnan puheenjohtaja, jota kutsutaan Yhdistyksen puheenjohtajaksi, varapuheenjohtaja, sihteeri, taloudenhoitaja sek\u00e4 kolme muuta j\u00e4sent\u00e4, jotka valitaan Yhdistyksen vuosikokouksessa toimikaudeksi kerrallaan.<\/p>\n<p>Toimikauden muodostaa Yhdistyksen kahden per\u00e4kk\u00e4isen vuosikokouksen v\u00e4linen aika.<\/p>\n<p>6 \u00a7<\/p>\n<p>Johtokunta on p\u00e4\u00e4t\u00f6svaltainen, jos l\u00e4sn\u00e4 on puheenjohtaja tai varapuheenjohtaja ja v\u00e4hint\u00e4\u00e4n kaksi muuta johtokunnan j\u00e4sent\u00e4.<\/p>\n<p>Johtokunnan kutsuu koolle puheenjohtaja, tai t\u00e4m\u00e4n estyneen\u00e4 ollessa, varapuheenjohtaja.<\/p>\n<p>7 \u00a7<\/p>\n<p>Johtokunnan on yhdistyslain mukaisesti viipym\u00e4tt\u00e4 teht\u00e4v\u00e4 ilmoitus yhdistysrekisteriin, mik\u00e4li Yhdistyksen nimen kirjoittamiseen oikeutetut henkil\u00f6t vaihtuvat. My\u00f6s Yhdistyksen nimen ja s\u00e4\u00e4nt\u00f6jen muutos on heti ilmoitettava yhdistysrekisteriin.<\/p>\n<p>8 \u00a7<\/p>\n<p>P\u00e4\u00e4t\u00f6ksist\u00e4, jotka tehd\u00e4\u00e4n Yhdistyksen, johtokunnan tai n\u00e4iden asettamien valiokuntien kokouksissa, on pidett\u00e4v\u00e4 p\u00f6yt\u00e4kirjaa.<\/p>\n<p>P\u00f6yt\u00e4kirja on seuraavassa kokouksessa tai kokouksen valitsemien kahden l\u00e4sn\u00e4olleen henkil\u00f6n tarkastettava ja nimikirjoituksellaan vahvistettava, mik\u00e4li he katsovat sen olleen kokouksen kulun mukainen.<\/p>\n<p>9 \u00a7<\/p>\n<p>Yhdistyksen nimen kirjoittavat yhdess\u00e4 puheenjohtaja tai varapuheenjohtaja, jompikumpi yhdess\u00e4 sihteerin tai taloudenhoitajan kanssa.<\/p>\n<p>10 \u00a7<\/p>\n<p>Yhdistys kokoontuu varsinaiseen kokoukseen kerran syys- ja kerran kev\u00e4tlukukaudella sek\u00e4 ylim\u00e4\u00e4r\u00e4iseen kokoukseen silloin, kun johtokunta katsoo sen tarpeelliseksi tai kun v\u00e4hint\u00e4\u00e4n 1\/10 Yhdistyksen \u00e4\u00e4nioikeutetuista j\u00e4senist\u00e4 sellaisen kokoontumista erikseen ilmoitettua asiaa varten johtokunnalta kirjallisesti pyyt\u00e4\u00e4.<\/p>\n<p>Kutsu Yhdistyksen kokoukseen on toimitettava v\u00e4hint\u00e4\u00e4n kaksi viikkoa ennen kokousta kirjallisesti kullekin j\u00e4senelle tai ilmoituksella Yhdistyksen kotipaikka kunnalla ilmestyv\u00e4ss\u00e4 lehdess\u00e4 vuosikokouksen p\u00e4\u00e4t\u00f6ksen mukaisesti.<\/p>\n<p>11 \u00a7<\/p>\n<p>Yhdistyksen tilivuosi on kalenterivuosi. Tilitys Yhdistyksen taloudenpidosta on esitett\u00e4v\u00e4 tammikuun kuluessa tilintarkastajille, joiden on annettava sen johdosta lausuntonsa ennen seuraavan helmikuun 15. p\u00e4iv\u00e4\u00e4.<\/p>\n<p>12 \u00a7<\/p>\n<p>Yhdistyksen varsinaisessa kev\u00e4tkokouksessa, joka on vuosikokous ja joka on pidett\u00e4v\u00e4 viimeist\u00e4\u00e4n huhtikuun aikana, k\u00e4sitell\u00e4\u00e4n seuraavat asiat:<\/p>\n<p>1. esitet\u00e4\u00e4n Yhdistyksen toimintakertomus<\/p>\n<p>2. p\u00e4\u00e4tet\u00e4\u00e4n tilien hyv\u00e4ksymisest\u00e4 ja vastuuvapauden my\u00f6nt\u00e4misest\u00e4 johtokunnalle<\/p>\n<p>3. m\u00e4\u00e4r\u00e4t\u00e4\u00e4n j\u00e4senmaksun suuruus<\/p>\n<p>4. valitaan johtokunta<\/p>\n<p>5. valitaan kaksi tilintarkastajaa sek\u00e4 heid\u00e4n varamiehens\u00e4<\/p>\n<p>6. hyv\u00e4ksyt\u00e4\u00e4n alkaneen vuoden toiminta- ja taloussuunnitelma<\/p>\n<p>7. p\u00e4\u00e4tet\u00e4\u00e4n, miten Yhdistyksen ilmoitukset julkaistaan.<\/p>\n<p>8. k\u00e4sitell\u00e4\u00e4n muut esille tulevat asiat.<\/p>\n<p>Vaalit toimitetaan avoimella \u00e4\u00e4nestyksell\u00e4, ellei joku vaadi suljettua lippu\u00e4\u00e4nestyst\u00e4. Vaalit ratkaisee yksinkertainen \u00e4\u00e4nten enemmist\u00f6. \u00c4\u00e4nten menness\u00e4 tasan arpa ratkaisee.<\/p>\n<p>13 \u00a7<\/p>\n<p>Syyskokous on pidett\u00e4v\u00e4 syyslukukauden aikana viimeist\u00e4\u00e4n marraskuun loppuun menness\u00e4.<\/p>\n<p>14 \u00a7<\/p>\n<p>Jos Yhdistyksen toimihenkil\u00f6ist\u00e4 joku tai jotkut eroavat kesken toimikauden teht\u00e4v\u00e4st\u00e4\u00e4n, t\u00e4ydennysvaali suoritetaan eronneitten toimikauden loppuajaksi.<\/p>\n<p>15 \u00a7<\/p>\n<p>Muut kuin vaaleja koskevat asiat ratkaistaan erimielisyyksien esiintyess\u00e4 avoimella \u00e4\u00e4nestyksell\u00e4. \u00c4\u00e4nten menness\u00e4 tasan puheenjohtajan \u00e4\u00e4ni ratkaisee.<\/p>\n<p>16 \u00a7<\/p>\n<p>P\u00e4\u00e4t\u00f6st\u00e4 n\u00e4iden s\u00e4\u00e4nt\u00f6jen muuttamisesta tai Yhdistyksen purkamisesta pit\u00e4\u00e4, jotta ne tulisivat voimaan, kannattaa kahdessa per\u00e4kk\u00e4isess\u00e4 kokouksessa v\u00e4hint\u00e4\u00e4n kaksi kolmannesta kaikista \u00e4\u00e4nestyksess\u00e4 annetuista \u00e4\u00e4nist\u00e4. S\u00e4\u00e4nt\u00f6muutos- ja purkamisesityksist\u00e4 on oltava maininta kokouskutsussa.<\/p>\n<p>17 \u00a7<\/p>\n<p>Turun yliopistojen dosenttiyhdistys ry., Docentf\u00f6reningen vid Universiteten i \u00c5bo rf:n purkautuessa sen varat siirret\u00e4\u00e4n Turun suomalainen yliopistoseura ry:lle tai muulle oikeuskelpoiselle yhteis\u00f6lle, joka on tarkoitettu edist\u00e4m\u00e4\u00e4n suomalaista hengenviljely\u00e4 tai muita Yhdistyst\u00e4 l\u00e4hell\u00e4 olevia tarkoitusperi\u00e4.<\/p>\n<p>N\u00e4m\u00e4 s\u00e4\u00e4nn\u00f6t on hyv\u00e4ksytty Yhdistyksen kahdessa per\u00e4kk\u00e4isess\u00e4 kokouksessa, jotka on pidetty 14.11.1996 ja 23.4.1997 ja astuvat voimaan s\u00e4\u00e4nt\u00f6jen rekisterip\u00e4iv\u00e4st\u00e4 alkaen.<\/p>\n<p>Turussa 25.11.1997<\/p>\n<p>Eino Hietanen\u00a0\u00a0\u00a0\u00a0\u00a0\u00a0\u00a0 Auvo Kostiainen<\/p>\n<p>Sihteeri\u00a0\u00a0\u00a0\u00a0\u00a0\u00a0\u00a0\u00a0\u00a0\u00a0\u00a0\u00a0\u00a0puheenjohtaja<\/p>\n","protected":false},"excerpt":{"rendered":"<p>Turun Yliopistojen Dosenttiyhdistys ry. &#8211; Docentf\u00f6reningen vid Universiteten i \u00c5bo rf.:n s\u00e4\u00e4nn\u00f6t 1 \u00a7 Yhdistyksen nimi on Turun Yliopistojen Dosenttiyhdistys ry., Docentf\u00f6reningen vid Universiteten i \u00c5bo rf., ja sen kotipaikka on Turun kaupunki. 2 \u00a7 Yhdistyksen tarkoituksena on toimia Turun yliopistojen dosenttien aatteellisten harrastusten yhdyssiteen\u00e4, valvoa heid\u00e4n etujaan sek\u00e4 tukea heit\u00e4 tieteenharjoittajina ja yliopistojen opettajina. &hellip; <a href=\"https:\/\/blogit.utu.fi\/dosenttiyhdistys\/saannot\/\" class=\"more-link\">Jatka lukemista <span class=\"screen-reader-text\">S\u00e4\u00e4nn\u00f6t<\/span> <span class=\"meta-nav\">&rarr;<\/span><\/a><\/p>\n","protected":false},"author":107,"featured_media":0,"parent":0,"menu_order":0,"comment_status":"open","ping_status":"open","template":"","meta":{"footnotes":""},"class_list":["post-7","page","type-page","status-publish","hentry"],"_links":{"self":[{"href":"https:\/\/blogit.utu.fi\/dosenttiyhdistys\/wp-json\/wp\/v2\/pages\/7","targetHints":{"allow":["GET"]}}],"collection":[{"href":"https:\/\/blogit.utu.fi\/dosenttiyhdistys\/wp-json\/wp\/v2\/pages"}],"about":[{"href":"https:\/\/blogit.utu.fi\/dosenttiyhdistys\/wp-json\/wp\/v2\/types\/page"}],"author":[{"embeddable":true,"href":"https:\/\/blogit.utu.fi\/dosenttiyhdistys\/wp-json\/wp\/v2\/users\/107"}],"replies":[{"embeddable":true,"href":"https:\/\/blogit.utu.fi\/dosenttiyhdistys\/wp-json\/wp\/v2\/comments?post=7"}],"version-history":[{"count":1,"href":"https:\/\/blogit.utu.fi\/dosenttiyhdistys\/wp-json\/wp\/v2\/pages\/7\/revisions"}],"predecessor-version":[{"id":8,"href":"https:\/\/blogit.utu.fi\/dosenttiyhdistys\/wp-json\/wp\/v2\/pages\/7\/revisions\/8"}],"wp:attachment":[{"href":"https:\/\/blogit.utu.fi\/dosenttiyhdistys\/wp-json\/wp\/v2\/media?parent=7"}],"curies":[{"name":"wp","href":"https:\/\/api.w.org\/{rel}","templated":true}]}}