{"id":74,"date":"2015-02-27T16:27:34","date_gmt":"2015-02-27T14:27:34","guid":{"rendered":"http:\/\/blogit.utu.fi\/dosenttiyhdistys\/?page_id=74"},"modified":"2025-05-10T11:09:03","modified_gmt":"2025-05-10T09:09:03","slug":"ajankohtaista-aktuellt","status":"publish","type":"page","link":"https:\/\/blogit.utu.fi\/dosenttiyhdistys\/ajankohtaista-aktuellt\/","title":{"rendered":"Ajankohtaista &#8211; Aktuellt"},"content":{"rendered":"<p><strong>Vuoden dosentti 2025<\/strong><br \/>\nVid f\u00f6reningens \u00e5rsm\u00f6tet 7.5.2025 h\u00e5ller \u00c5rets docent 2025, PD Marina Lindell ett f\u00f6redrag om \u00e4mnet \u201c<b>Samh\u00e4llspolarisering och medborgarpanelernas demokratiska betydelse<\/b>\u201d.<\/p>\n<p><strong>Vuoden dosentti 2019<\/strong><br \/>\nVuoden dosentti 2019, FT Johanna Nystedt pit\u00e4\u00e4 kiitospuheenvuoron 26.3.2019 Akateemisen p\u00e4iv\u00e4n tilaisuudessa klo 18.15 alkaen Turun Akatemiatalolla, Rothoviuksenkatu 1<\/p>\n<p>\u00c5rets docent 2019, FD Johanna Nystedt h\u00e5ller ett tacktal onsdagen den 26.3.2019 vid Akademiska dagen, kl. 18.15, i Akademihuset, Rothoviusgatan 1<\/p>\n<p><strong>Vuoden dosentti 2018<\/strong><br \/>\nVuoden dosentti 2018, FT Riikka Korja alustaa aiheesta \u201dLapsen itses\u00e4\u00e4telyn kehityksen suojaavat ja haavoittavat tekij\u00e4t\u201d keskiviikkona 21.3.2018 Akateemisen p\u00e4iv\u00e4n iltatilaisuudessa, klo 18.15 alkaen Turun yliopiston Calonia rakennuksessa, Caloniankuja 3<\/p>\n<p>\u00c5rets docent 2018, FD Riikka Korja h\u00e5ller ettt inl\u00e4gg \u00f6ver \u201dLapsen itses\u00e4\u00e4telyn kehityksen suojaavat ja haavoittavat tekij\u00e4t\u201d onsdagen den 21.3.2018 vid Akademiska dagen, kl. 18.15 i \u00c5bo universitet, Calonia, Caloniagr\u00e4nd 3Akademigatan 1<\/p>\n<p><strong>Vuoden dosentti 2017<\/strong><br \/>\nVuoden dosentti 2017, FT Mari Sandell alustaa aiheesta \u201dRuoan maistaminen on yksil\u00f6llist\u00e4\u201d maanantaina 20.3.2017 Akateemisen p\u00e4iv\u00e4n iltatilaisuudessa, klo 18.15 alkaen \u00c5bo Akademin geotalossa, Akatemiankatu 1<\/p>\n<p>\u00c5rets docent 2017, FD Mari Sandell h\u00e5ller f\u00f6redrag om temat \u201dRuoan maistaminen on yksil\u00f6llist\u00e4\u201d m\u00e5ndagen den 20.3.2017 vid Akademiska dagen, kl. 18.15, Geohuset, Akademigatan 1<\/p>\n<p><strong>Vuoden dosentti 2016<\/strong><br \/>\nVuoden dosentti 2016, FT Ruth Illman alustaa aiheesta \u201dUskontojen kirjo ja vuoropuhelu nyky-Suomessa\u201d (ruotsiksi; suomenkielinen Powerpoint) keskiviikkona 13.4.2016 klo 16.30 Donner Instituutissa, Piispankatu 13.<\/p>\n<p>\u00c5rets docent 2016, FD Ruth Illman h\u00e5ller f\u00f6redrag om \u201dReligi\u00f6s m\u00e5ngfald och dialog i Finland idag\u201d onsdagen den 13.4.2016 kl. 16.30 i Donnerska Institutet, Biskopsgatan 13.<\/p>\n<p><strong>Vuoden dosentti 2015<\/strong><\/p>\n<p>Turun Yliopistojen Dosenttiyhdistys ry. on p\u00e4\u00e4tt\u00e4nyt nimitt\u00e4\u00e4 VTT, dosentti Tapani Paavosen vuoden dosentiksi 2015. Paavonen on toiminut vuosikymmeni\u00e4 opetus- ja tutkijateht\u00e4viss\u00e4 polittisen historian oppiaineessa. Paavonen on saanut mm. Eurooppa-s\u00e4\u00e4ti\u00f6n Eurooppa-palkinnon vuonna 2014.<\/p>\n<p>Paavonen alustaa aiheesta \u201dIntegraatiopolitiikan tutkimus evidenssin ja sosiaalisen tilauksen v\u00e4liss\u00e4\u201d maanantaina 13.4.2015 klo 16.30 valtio-opin rakennuksen auditoriossa (kasarmialue, Arwidssoninkadun keltainen puutalo).<br \/>\nKaikki kiinnostuneet tervetuloa \u2013 Kahvitarjoilu!<br \/>\nTilaisuuden j\u00e4lkeen dosenttiyhdistyksen vuosikokous.<\/p>\n<p>\u00c5rets docent 2015, PD, Tapani Paavonen h\u00e5ller f\u00f6redrag om\u201d Integrationsforskningen mellan evidens och social best\u00e4llning\u201d (p\u00e5 finska) m\u00e5ndagen den 13.4.2015 kl. 16.30 i auditoriet i byggnaden f\u00f6r statsl\u00e4ra (auditoriet), Arwidssonsgatan, \u00c5bo universitet (kasernomr\u00e5det, den gula tr\u00e4byggnaden).<br \/>\nAlla intresserade \u00e4r v\u00e4lkomna \u2013 Kaffeservering!<br \/>\nEfter tillst\u00e4llningen docentf\u00f6reningens \u00e5rsm\u00f6te.<\/p>\n<p><strong>Dosenttiyhdistyksen lausunto taloushallinto-ohjeesta<\/strong><br \/>\nDosenttiyhdistys on antanut 22.8.2011 luonnoksesta Turun yliopiston taloushallinnon ohjeeksi projektien talouspalveluista \u201dYliopistoon ei-palvelussuhteessa olevien henkil\u00f6iden toimiminen projektin vastuullisena johtajana\u201d \/ 29.6.2011<br \/>\nseuraavan lausunnon:<\/p>\n<p>\u201dTurun yliopiston Herra Rehtorille<\/p>\n<p>Turun yliopistojen dosenttiyhdistys ry. \u2013 Docentf\u00f6reningen vid universiteten i \u00c5bo rf. ei voi pit\u00e4\u00e4 yll\u00e4 mainittua ohjeluonnosta hyv\u00e4ksytt\u00e4v\u00e4n\u00e4. Dosenttiyhdistyksen kanta voidaan tiivist\u00e4\u00e4 seuraavasti:<\/p>\n<p>1. Ohjeluonnos tarkoittaa dosenttien aseman heikennyst\u00e4 yliopistolain hengen vastaisesti.<\/p>\n<p>2. Ohjeluonnos lis\u00e4isi hallinnollista ty\u00f6t\u00e4 edelleen tuottamatta vastaavaa lis\u00e4etua.<\/p>\n<p>3. Paitsi ett\u00e4 ohjeluonnos aliarvioi dosentteja, on se ep\u00e4korrekti my\u00f6s tutkimusprojektien rahoittajia kohtaan.<\/p>\n<p>Ohjeluonnos on yliopistolain hengen vastainen. Hallituksen esityksen nykyiseksi yliopistolaiksi (HE 7\/2009) perusteluosassa yliopistolain tarkoituksesta dosenttilaitoksen suhteen sanotaan muun muassa: \u201dDosentit ovat t\u00e4rke\u00e4 yliopistojen voimavara. Tarkoituksena on nykyisen dosenttij\u00e4rjestelm\u00e4n s\u00e4ilytt\u00e4minen yliopistoissa uudistuksen j\u00e4lkeenkin.\u201d Eduskunta ei kumonnut edell\u00e4 siteerattua tavoitelausumaa. On n\u00e4in itsest\u00e4\u00e4n selv\u00e4\u00e4, ett\u00e4 dosentit jatkavat projektien johtajina kuten vanhankin yliopistolain aikana.<\/p>\n<p>Ohjeluonnoksen sis\u00e4lt\u00e4m\u00e4\u00e4 dosenttien aseman heikennyst\u00e4 ei voi muutoinkaan perustella mill\u00e4\u00e4n yliopistolaitoksen teht\u00e4viin ja toiminta-ajatukseen perustuvalla argumentilla. Yliopiston keskeisen\u00e4 teht\u00e4v\u00e4n\u00e4 on harjoittaa laadukasta tutkimusta. Pyrkimys rajoittaa dosenttien toimintaa tutkimusprojektien johtajana on dosenttien aliarvioimista ja r\u00e4ike\u00e4ss\u00e4 ristiriidassa t\u00e4m\u00e4n teht\u00e4v\u00e4n edist\u00e4misen kanssa.<\/p>\n<p>Vaikka projektien tutkijat normaalisti tuottavat kuluja siten kuin projektin johtaja on ohjeistanut tai yhdess\u00e4 on sovittu, lis\u00e4isi esitetty k\u00e4yt\u00e4nt\u00f6 hallinnollista ty\u00f6t\u00e4 entisest\u00e4\u00e4n. Projektin johtajan on joka tapauksessa seurattava varaink\u00e4ytt\u00f6\u00e4 voidakseen raportoida rahoittajalle.<\/p>\n<p>M\u00e4\u00e4r\u00e4ys, jonka mukaan \u201dei-palvelussuhteessa toimiva henkil\u00f6 voi luovuttaa vastuullisen johtajan teht\u00e4v\u00e4n tulosyksik\u00f6n esimiehelle\u201d ei ota huomioon, ett\u00e4 rahoittaja on my\u00f6nt\u00e4nyt rahoituksen projektin johtajan ansioiden ja kykyjen perusteella. Normaalisti rahoittaja edellytt\u00e4\u00e4, ett\u00e4 projektia johdetaan siten kuin m\u00e4\u00e4r\u00e4rahahakemuksessa on esitetty. On t\u00e4ydellisen ep\u00e4korrektia ryhty\u00e4 muuttamaan projektin johtosuhteita yliopistohallinnon p\u00e4\u00e4t\u00f6ksin ilman v\u00e4ltt\u00e4m\u00e4t\u00f6nt\u00e4 pakkoa ja rahoittajan kanssa sopimatta.\u201d<br \/>\n__________________________________________________<\/p>\n<p>Dosenttiyhdistys j\u00e4rjesti 22.11.2010 keskustelutilaisuuden, jossa opetus- ja kulttuuriministeri\u00f6n ylijohtaja, dosentti Sakari Karjalainen alusti aiheesta Miten Turun yliopistot nostetaan Euroopan johtavien yliopistojen joukkoon? (klikkaa powerpoint). Turun yliopiston ja \u00c5bo Akademin puheenvuorot esittiv\u00e4t rehtori Keijo Virtanen ja ensimm\u00e4inen vararehtori Christina Nygren-Landg\u00e4rds.<\/p>\n<p>Docentf\u00f6reningen ordnade den 22.11.2010 en diskussionstillst\u00e4llning d\u00e4r \u00f6verdirekt\u00f6ren vid undervisnings- och kulturministeriet, docent Sakari Karjalainen inledde \u00f6ver Hur upph\u00f6js \u00c5bouniversiteten till ledande universitet i Europa? (klicka powerpoint). Rektor Keijo Virtanen och f\u00f6rsta prorektor Christina Nygren-Landg\u00e4rds framf\u00f6rde Turun yliopistos och \u00c5bo Akademis inl\u00e4gg.<br \/>\n______________________________________<\/p>\n<p><strong>&#8221;Dosentti&#8221; eri kielill\u00e4<\/strong><\/p>\n<p>Opetusministeri\u00f6 ja valtioneuvoston kanslia ovat julkistaneet 18.2.2005 Korkeakoulusanaston. Dosentti-nimike on t\u00e4ss\u00e4 k\u00e4\u00e4nnetty eri kielille seuraavasti:<\/p>\n<p>Suomi: Dosentti<br \/>\nRuotsi: Docent<br \/>\nEnglanti: Adjunct professor [in (&#8230;)]<br \/>\nSaksa: Privatdozent\/Privatdozentin<br \/>\nRanska: Docent (tekstiss\u00e4 on pitk\u00e4 kuvaus viran kuvasta)<br \/>\nEspanja: Doctor habilitado\/Doctora habilitada<br \/>\nVen\u00e4j\u00e4: \u0414\u043e\u0446\u0435\u043d\u0442 (\u0432\u043d\u0435\u0448\u0442\u0430\u0442\u043d\u044b\u0439)<\/p>\n<p>Suomen ja Ruotsin dosentti\/docent -k\u00e4sitteelle on vaikea l\u00f6yt\u00e4\u00e4 t\u00e4sm\u00e4llist\u00e4 vastiketta muista kielist\u00e4, so. muiden maiden yliopistoj\u00e4rjestelmist\u00e4. Yll\u00e4 esitettyj\u00e4 ovat sanaston toimittajat p\u00e4\u00e4tyneet pit\u00e4m\u00e4\u00e4n l\u00e4hinn\u00e4 vastaavina. Englanninkielisen vastikkeen osalta toimittajat ovat hyv\u00e4ksyneet Suomen Dosenttiliiton kannan, ranskankielisen ei.<\/p>\n<p>Suomen Dosenttiliitto suosittelee, ett\u00e4 dosentit ryhtyisiv\u00e4t k\u00e4ytt\u00e4m\u00e4\u00e4n yll\u00e4 olevia k\u00e4\u00e4nn\u00f6ksi\u00e4. Erityisesti halutaan huomauttaa, ett\u00e4 &#8221;docent&#8221;-nimike englanninkielisiss\u00e4 maissa tarkoittaa huomattavasti vaatimattomampaa kompetenssia kuin dosentti on.<\/p>\n","protected":false},"excerpt":{"rendered":"<p>Vuoden dosentti 2025 Vid f\u00f6reningens \u00e5rsm\u00f6tet 7.5.2025 h\u00e5ller \u00c5rets docent 2025, PD Marina Lindell ett f\u00f6redrag om \u00e4mnet \u201cSamh\u00e4llspolarisering och medborgarpanelernas demokratiska betydelse\u201d. Vuoden dosentti 2019 Vuoden dosentti 2019, FT Johanna Nystedt pit\u00e4\u00e4 kiitospuheenvuoron 26.3.2019 Akateemisen p\u00e4iv\u00e4n tilaisuudessa klo 18.15 alkaen Turun Akatemiatalolla, Rothoviuksenkatu 1 \u00c5rets docent 2019, FD Johanna Nystedt h\u00e5ller ett tacktal onsdagen &hellip; <a href=\"https:\/\/blogit.utu.fi\/dosenttiyhdistys\/ajankohtaista-aktuellt\/\" class=\"more-link\">Jatka lukemista <span class=\"screen-reader-text\">Ajankohtaista &#8211; Aktuellt<\/span> <span class=\"meta-nav\">&rarr;<\/span><\/a><\/p>\n","protected":false},"author":107,"featured_media":0,"parent":0,"menu_order":0,"comment_status":"closed","ping_status":"closed","template":"","meta":{"footnotes":""},"class_list":["post-74","page","type-page","status-publish","hentry"],"_links":{"self":[{"href":"https:\/\/blogit.utu.fi\/dosenttiyhdistys\/wp-json\/wp\/v2\/pages\/74","targetHints":{"allow":["GET"]}}],"collection":[{"href":"https:\/\/blogit.utu.fi\/dosenttiyhdistys\/wp-json\/wp\/v2\/pages"}],"about":[{"href":"https:\/\/blogit.utu.fi\/dosenttiyhdistys\/wp-json\/wp\/v2\/types\/page"}],"author":[{"embeddable":true,"href":"https:\/\/blogit.utu.fi\/dosenttiyhdistys\/wp-json\/wp\/v2\/users\/107"}],"replies":[{"embeddable":true,"href":"https:\/\/blogit.utu.fi\/dosenttiyhdistys\/wp-json\/wp\/v2\/comments?post=74"}],"version-history":[{"count":8,"href":"https:\/\/blogit.utu.fi\/dosenttiyhdistys\/wp-json\/wp\/v2\/pages\/74\/revisions"}],"predecessor-version":[{"id":447,"href":"https:\/\/blogit.utu.fi\/dosenttiyhdistys\/wp-json\/wp\/v2\/pages\/74\/revisions\/447"}],"wp:attachment":[{"href":"https:\/\/blogit.utu.fi\/dosenttiyhdistys\/wp-json\/wp\/v2\/media?parent=74"}],"curies":[{"name":"wp","href":"https:\/\/api.w.org\/{rel}","templated":true}]}}