{"id":5,"date":"2018-01-16T14:02:35","date_gmt":"2018-01-16T14:02:35","guid":{"rendered":"https:\/\/blogit.utu.fi\/erappu\/?page_id=2"},"modified":"2018-01-19T12:13:59","modified_gmt":"2018-01-19T12:13:59","slug":"sample-page","status":"publish","type":"page","link":"https:\/\/blogit.utu.fi\/erappu\/sample-page\/","title":{"rendered":"Mik\u00e4 eRappu on?"},"content":{"rendered":"<p>eRappu on turkulaisten korkeakoulujen foorumi, jossa on jo yli kymmenen vuoden ajan kehitetty osaamista ja oppimisymp\u00e4rist\u00f6j\u00e4 opetusteknologian n\u00e4k\u00f6kulmasta. Vuosien varrella verkko-opetuksen pioneerien kokeiluista on tullut osa valtavirtaa ja nyky\u00e4\u00e4n opetusteknologia on l\u00e4sn\u00e4 niin perusopiskelijoiden kuin aikuisopiskelijoidenkin oppimisymp\u00e4rist\u00f6iss\u00e4. Mit\u00e4 suurempaa akrobatiaa opiskelija harjoittaa opintojensa edistymiseksi sit\u00e4 suurempaa joustoa edellytet\u00e4\u00e4n my\u00f6s opintoja j\u00e4rjest\u00e4vilt\u00e4 organisaatioilta ja opettajilta. eRapussa l\u00e4hestymme uusia ilmi\u00f6it\u00e4 pedagogiikka edell\u00e4, jaamme kokemuksia ja paitsi ett\u00e4 kehit\u00e4mme omaa osaamistamme koulutamme my\u00f6s muita. Olemme kiinnostuneet tulevaisuuden oppimisymp\u00e4rist\u00f6ist\u00e4, opettajan ja opiskelijan rooleista ja rohkeista kokeiluista.<\/p>\n<p><strong>eRapun sis\u00e4inen viestint\u00e4 <\/strong>tapahtuu perinteisesti kasvokkain tai verkossa.\u00a0 Tapaamme s\u00e4\u00e4nn\u00f6llisesti tarpeen mukaan. Alkuvuodesta ja kes\u00e4kuussa arvioidaan mennytt\u00e4 ja suunnitellaan tulevaa toimintaa. Kev\u00e4tkauden p\u00e4\u00e4tt\u00e4j\u00e4iset pidet\u00e4\u00e4n Aurajoki-milj\u00f6\u00f6ss\u00e4. Jostain syyst\u00e4 kasvokkain tapaamiset ovat yleisempi\u00e4 kuin verkkopalaverit. Harrastamme my\u00f6s yhteisi\u00e4 lounaita. S\u00e4hk\u00f6postilista tavoittaa kaikki halukkaat.<\/p>\n<p><strong>Koulutusten<\/strong> sis\u00e4lt\u00f6 valitaan sen mukaan miss\u00e4 osaamisessa on puutteita ja kokemusten jakamisessa hy\u00f6ty\u00e4. Toisilta oppiminen on paitsi\u00a0 tehokasta my\u00f6s mukavaa! Vinkkej\u00e4 videon tekoon -koulutus oli menestys ja olemme j\u00e4rjest\u00e4neet sen viisi kertaa.<\/p>\n<p><strong>Studiossa<\/strong> teemme videoita ja perehdyt\u00e4mme korkeakoulujen opettajia kuvauksen ja \u00e4\u00e4nityksen k\u00e4yt\u00e4nt\u00f6ihin. K\u00e4ytett\u00e4viss\u00e4 on laadukas kuvauskalusto ja ohjausta sen k\u00e4ytt\u00f6\u00f6n.<\/p>\n<p><strong>Yritysyhteisty\u00f6 ja tutustumiset erilaisiin kohteisiin<\/strong> avaavat silmi\u00e4 korkeakoulujen ulkopuolelle. Viimeksi k\u00e4vimme tutustumassa Turun normaalikoulun uudistuneisiin tiloihin ja opetusteknologiaan.<\/p>\n<p><strong>Yhteisiss\u00e4 seminaareissa<\/strong> osaamisen p\u00e4ivitt\u00e4miseen on keskitytty yli 10 vuoden ajan. Ajankohtaisista asioista, k\u00e4yt\u00e4nn\u00f6n esimerkeist\u00e4 ja tulevaisuudenvisioista ovat k\u00e4yneet kertomassa niin koti- kuin ulkomaan asiantuntijat mm. Verkkoja kokemassa &#8211; ja Oppimisen tulevaisuus -tilaisuuksissa.<\/p>\n<p><strong>Ota yhteytt\u00e4<\/strong> kun haluat liitty\u00e4 listalle ja toimintaan: Kehitt\u00e4misp\u00e4\u00e4llikk\u00f6 Satu Hakanurmi, Turun yliopisto (satu.hakanurmi@utu.fi, 040 531 8079)<\/p>\n<p><img loading=\"lazy\" decoding=\"async\" class=\"alignnone wp-image-59\" src=\"https:\/\/blogit.utu.fi\/erappu\/wp-content\/uploads\/sites\/137\/2018\/01\/IMG_3472-300x225.jpg\" alt=\"\" width=\"137\" height=\"103\" srcset=\"https:\/\/blogit.utu.fi\/erappu\/wp-content\/uploads\/sites\/137\/2018\/01\/IMG_3472-300x225.jpg 300w, https:\/\/blogit.utu.fi\/erappu\/wp-content\/uploads\/sites\/137\/2018\/01\/IMG_3472-768x576.jpg 768w, https:\/\/blogit.utu.fi\/erappu\/wp-content\/uploads\/sites\/137\/2018\/01\/IMG_3472-1024x768.jpg 1024w, https:\/\/blogit.utu.fi\/erappu\/wp-content\/uploads\/sites\/137\/2018\/01\/IMG_3472-676x507.jpg 676w\" sizes=\"auto, (max-width: 137px) 100vw, 137px\" \/> <img loading=\"lazy\" decoding=\"async\" class=\"alignnone wp-image-57\" src=\"https:\/\/blogit.utu.fi\/erappu\/wp-content\/uploads\/sites\/137\/2018\/01\/IMG_1463-300x225.jpg\" alt=\"\" width=\"137\" height=\"103\" srcset=\"https:\/\/blogit.utu.fi\/erappu\/wp-content\/uploads\/sites\/137\/2018\/01\/IMG_1463-300x225.jpg 300w, https:\/\/blogit.utu.fi\/erappu\/wp-content\/uploads\/sites\/137\/2018\/01\/IMG_1463-768x576.jpg 768w, https:\/\/blogit.utu.fi\/erappu\/wp-content\/uploads\/sites\/137\/2018\/01\/IMG_1463-1024x768.jpg 1024w, https:\/\/blogit.utu.fi\/erappu\/wp-content\/uploads\/sites\/137\/2018\/01\/IMG_1463-676x507.jpg 676w\" sizes=\"auto, (max-width: 137px) 100vw, 137px\" \/><img loading=\"lazy\" decoding=\"async\" class=\"alignnone wp-image-55\" src=\"https:\/\/blogit.utu.fi\/erappu\/wp-content\/uploads\/sites\/137\/2018\/01\/eRappu-300x244.jpg\" alt=\"\" width=\"134\" height=\"109\" srcset=\"https:\/\/blogit.utu.fi\/erappu\/wp-content\/uploads\/sites\/137\/2018\/01\/eRappu-300x244.jpg 300w, https:\/\/blogit.utu.fi\/erappu\/wp-content\/uploads\/sites\/137\/2018\/01\/eRappu-768x624.jpg 768w, https:\/\/blogit.utu.fi\/erappu\/wp-content\/uploads\/sites\/137\/2018\/01\/eRappu-1024x832.jpg 1024w, https:\/\/blogit.utu.fi\/erappu\/wp-content\/uploads\/sites\/137\/2018\/01\/eRappu-676x549.jpg 676w, https:\/\/blogit.utu.fi\/erappu\/wp-content\/uploads\/sites\/137\/2018\/01\/eRappu.jpg 1890w\" sizes=\"auto, (max-width: 134px) 100vw, 134px\" \/><img loading=\"lazy\" decoding=\"async\" class=\" wp-image-62\" src=\"https:\/\/blogit.utu.fi\/erappu\/wp-content\/uploads\/sites\/137\/2018\/01\/PA100866-150x150.jpg\" alt=\"\" width=\"107\" height=\"107\" \/> <img loading=\"lazy\" decoding=\"async\" class=\" wp-image-54 alignnone\" src=\"https:\/\/blogit.utu.fi\/erappu\/wp-content\/uploads\/sites\/137\/2018\/01\/2016-150x150.jpg\" alt=\"\" width=\"107\" height=\"107\" \/><img loading=\"lazy\" decoding=\"async\" class=\"wp-image-58 alignleft\" src=\"https:\/\/blogit.utu.fi\/erappu\/wp-content\/uploads\/sites\/137\/2018\/01\/IMG_1549-150x150.jpg\" alt=\"\" width=\"104\" height=\"104\" \/><\/p>\n","protected":false},"excerpt":{"rendered":"<p>eRappu on turkulaisten korkeakoulujen foorumi, jossa on jo yli kymmenen vuoden ajan kehitetty osaamista ja oppimisymp\u00e4rist\u00f6j\u00e4 opetusteknologian n\u00e4k\u00f6kulmasta. Vuosien varrella verkko-opetuksen pioneerien kokeiluista on tullut osa valtavirtaa ja nyky\u00e4\u00e4n opetusteknologia on l\u00e4sn\u00e4 niin perusopiskelijoiden kuin aikuisopiskelijoidenkin oppimisymp\u00e4rist\u00f6iss\u00e4. Mit\u00e4 suurempaa akrobatiaa opiskelija harjoittaa opintojensa edistymiseksi sit\u00e4 suurempaa joustoa edellytet\u00e4\u00e4n my\u00f6s opintoja j\u00e4rjest\u00e4vilt\u00e4 organisaatioilta ja opettajilta. eRapussa [&hellip;]<\/p>\n","protected":false},"author":24,"featured_media":0,"parent":0,"menu_order":0,"comment_status":"closed","ping_status":"open","template":"","meta":{"footnotes":""},"class_list":["post-5","page","type-page","status-publish","hentry","post-preview"],"_links":{"self":[{"href":"https:\/\/blogit.utu.fi\/erappu\/wp-json\/wp\/v2\/pages\/5","targetHints":{"allow":["GET"]}}],"collection":[{"href":"https:\/\/blogit.utu.fi\/erappu\/wp-json\/wp\/v2\/pages"}],"about":[{"href":"https:\/\/blogit.utu.fi\/erappu\/wp-json\/wp\/v2\/types\/page"}],"author":[{"embeddable":true,"href":"https:\/\/blogit.utu.fi\/erappu\/wp-json\/wp\/v2\/users\/24"}],"replies":[{"embeddable":true,"href":"https:\/\/blogit.utu.fi\/erappu\/wp-json\/wp\/v2\/comments?post=5"}],"version-history":[{"count":12,"href":"https:\/\/blogit.utu.fi\/erappu\/wp-json\/wp\/v2\/pages\/5\/revisions"}],"predecessor-version":[{"id":77,"href":"https:\/\/blogit.utu.fi\/erappu\/wp-json\/wp\/v2\/pages\/5\/revisions\/77"}],"wp:attachment":[{"href":"https:\/\/blogit.utu.fi\/erappu\/wp-json\/wp\/v2\/media?parent=5"}],"curies":[{"name":"wp","href":"https:\/\/api.w.org\/{rel}","templated":true}]}}