{"id":5,"date":"2018-11-27T10:35:03","date_gmt":"2018-11-27T10:35:03","guid":{"rendered":"https:\/\/blogit.utu.fi\/faidros\/?page_id=2"},"modified":"2019-06-06T12:22:38","modified_gmt":"2019-06-06T10:22:38","slug":"info","status":"publish","type":"page","link":"https:\/\/blogit.utu.fi\/faidros\/","title":{"rendered":"Filosofian yleistajuistaminen ja viestint\u00e4"},"content":{"rendered":"<div class=\"entry-content\">\n<p>Kev\u00e4tlukukaudella 2019 toteutettiin \u201cFilosofian tavoitettavuuden kehitt\u00e4minen tuottamalla \u00e4\u00e4nitesarja ja viestint\u00e4\u00e4n soveltuvan suunnitelman laatiminen\u201d -hanke. Hankkeen toteutti VTM, insin\u00f6\u00f6ri (AMK) <a href=\"https:\/\/www.utu.fi\/fi\/ihmiset\/jari-karkkainen\">Jari K\u00e4rkk\u00e4inen<\/a>. Rahoitus hankkeelle tuli <a href=\"https:\/\/intranet.utu.fi\/index\/tyohyvinvoinnin-edistaminen-yksikoissa\/Sivut\/hae-rahaa-yksikon-kehittamiseen.aspx\">yksikk\u00f6kohtaisista henkil\u00f6st\u00f6n ja opetuksen kehitt\u00e4mism\u00e4\u00e4r\u00e4rahoista<\/a> ja <a href=\"http:\/\/blogit.utu.fi\/filosofia\/\">filosofian oppiaineelta<\/a>. Hanke toteutetiin p\u00e4\u00e4osin tammi-helmikuun 2019 aikana.<\/p>\n<p>Hankkeen loppuraportti on valmistunut ja on saatavissa lataamalla <a href=\"https:\/\/blogit.utu.fi\/faidros\/wp-content\/uploads\/sites\/248\/2019\/06\/Faidros-viestinn\u00e4nkehityshanke-loppuraportti.pdf\">Faidros &#8211; viestinn\u00e4nkehityshanke loppuraportti<\/a>.<\/p>\n<h2>Hankkeen sis\u00e4lt\u00f6<\/h2>\n<p>Sanomaton m\u00e4\u00e4r\u00e4 laadukasta filosofiaa on ihmisille t\u00e4ysin tuntematonta. Filosofian tiedeviestinn\u00e4n kehitt\u00e4miseen on selv\u00e4\u00e4 tarvetta. T\u00e4ll\u00e4 hankkeella tehtiin yhteisty\u00f6ss\u00e4 opiskelijoiden kanssa toimiva konsepti filosofian yleistajuiseen tutkimusviestint\u00e4\u00e4n.<\/p>\n<p>T\u00e4ss\u00e4 kehitysprojektissa opiskelijat tekiv\u00e4t seminaarit\u00f6idens\u00e4, tai muiden esseidens\u00e4 pohjalta puhutuksi tekstiksi soveltuvan ty\u00f6n. T\u00e4m\u00e4 ty\u00f6 \u00e4\u00e4nitetiin ja julkaistiin t\u00e4ss\u00e4 blogissa.<\/p>\n<p>Kukin noin 10-15 minuutin \u00e4\u00e4nite esitteli yksitt\u00e4isen filosofin tekem\u00e4\u00e4 ty\u00f6t\u00e4 tai jonkin tietyn k\u00e4sitteen m\u00e4\u00e4rittely\u00e4.<\/p>\n<p>Lis\u00e4ksi tammikuun alussa j\u00e4rjestetiin avoin seminaarip\u00e4iv\u00e4 el\u00e4v\u00e4st\u00e4 filosofiasta ja filosofisen viestinn\u00e4n tavoista.<\/p>\n<p>Kehityshankkeen kokemuksia hy\u00f6dynnet\u00e4\u00e4n jatkossa vastaavanlaisten viestint\u00e4kurssien j\u00e4rjest\u00e4miseen filosofiassa ja muissa oppiaineissa.<\/p>\n<p>Lis\u00e4ksi syntyv\u00e4 ohjeistus soveltuu my\u00f6s ammattilaisviestint\u00e4\u00e4n. Kertyneit\u00e4 kokemuksia hy\u00f6dynnet\u00e4\u00e4n ajankohtaisen filosofisen tutkimusty\u00f6n yleistajuiseen viestint\u00e4\u00e4n.<\/p>\n<h2>Hankkeen tavoitteet<\/h2>\n<p>Hankkeelle asetettiin useita tavoitteita, jotka liittyv\u00e4t erityisesti filosofian viestint\u00e4\u00e4n, mutta koskevat yleisemminkin yhteiskuntatieteit\u00e4.<\/p>\n<ol>\n<li>Annetaan opiskelijoille mahdollisuus k\u00e4ytt\u00e4\u00e4 ja kehitt\u00e4\u00e4 asiantuntijuuttaan.<\/li>\n<li>Tuotetaan ohjeistus ja dokumentaatio yliopiston blogipalvelun k\u00e4ytt\u00e4miseksi \u00e4\u00e4nitteiden julkaisualustana. Ohjeistusta voi soveltaa niin opiskelijoiden kurssit\u00f6iss\u00e4 kuin my\u00f6s ammattilaisviestinn\u00e4ss\u00e4.<\/li>\n<li>Tuotetaan suurelle yleis\u00f6lle helposti l\u00e4hestytt\u00e4v\u00e4 v\u00e4yl\u00e4 nykyaikaiseen filosofiaan.<\/li>\n<li>Annetaan yleiskuva filosofiassa mahdollisesti k\u00e4sitelt\u00e4vist\u00e4 aiheista. Erityisesti filosofian opintoja harkitsevat hy\u00f6tyv\u00e4t t\u00e4st\u00e4.<\/li>\n<\/ol>\n<\/div>\n","protected":false},"excerpt":{"rendered":"<p>Kev\u00e4tlukukaudella 2019 toteutettiin \u201cFilosofian tavoitettavuuden kehitt\u00e4minen tuottamalla \u00e4\u00e4nitesarja ja viestint\u00e4\u00e4n soveltuvan suunnitelman laatiminen\u201d -hanke. Hankkeen toteutti VTM, insin\u00f6\u00f6ri (AMK) Jari K\u00e4rkk\u00e4inen. Rahoitus hankkeelle tuli yksikk\u00f6kohtaisista henkil\u00f6st\u00f6n ja opetuksen kehitt\u00e4mism\u00e4\u00e4r\u00e4rahoista ja filosofian oppiaineelta. Hanke toteutetiin p\u00e4\u00e4osin tammi-helmikuun 2019 aikana. Hankkeen loppuraportti [&hellip;]<\/p>\n","protected":false},"author":281,"featured_media":0,"parent":0,"menu_order":0,"comment_status":"closed","ping_status":"open","template":"","meta":{"footnotes":""},"class_list":["post-5","page","type-page","status-publish","hentry"],"_links":{"self":[{"href":"https:\/\/blogit.utu.fi\/faidros\/wp-json\/wp\/v2\/pages\/5","targetHints":{"allow":["GET"]}}],"collection":[{"href":"https:\/\/blogit.utu.fi\/faidros\/wp-json\/wp\/v2\/pages"}],"about":[{"href":"https:\/\/blogit.utu.fi\/faidros\/wp-json\/wp\/v2\/types\/page"}],"author":[{"embeddable":true,"href":"https:\/\/blogit.utu.fi\/faidros\/wp-json\/wp\/v2\/users\/281"}],"replies":[{"embeddable":true,"href":"https:\/\/blogit.utu.fi\/faidros\/wp-json\/wp\/v2\/comments?post=5"}],"version-history":[{"count":8,"href":"https:\/\/blogit.utu.fi\/faidros\/wp-json\/wp\/v2\/pages\/5\/revisions"}],"predecessor-version":[{"id":1112,"href":"https:\/\/blogit.utu.fi\/faidros\/wp-json\/wp\/v2\/pages\/5\/revisions\/1112"}],"wp:attachment":[{"href":"https:\/\/blogit.utu.fi\/faidros\/wp-json\/wp\/v2\/media?parent=5"}],"curies":[{"name":"wp","href":"https:\/\/api.w.org\/{rel}","templated":true}]}}