{"id":1095,"date":"2024-03-06T12:47:09","date_gmt":"2024-03-06T12:47:09","guid":{"rendered":"https:\/\/blogit.utu.fi\/femtie\/?page_id=1095"},"modified":"2025-01-08T13:11:51","modified_gmt":"2025-01-08T13:11:51","slug":"uutiset","status":"publish","type":"page","link":"https:\/\/blogit.utu.fi\/femtie\/uutiset\/","title":{"rendered":"Uutiset"},"content":{"rendered":"\n<h3 class=\"wp-block-heading\"><strong>Hakuilmoitus: Projektitutkija (postdoc, apurahatutkija) populaarifeminismi\u00e4 k\u00e4sittelev\u00e4\u00e4n tutkimushankkeeseen<\/strong><\/h3>\n\n\n\n<p>Tampereen yliopiston yhteiskuntatutkimuksen yksik\u00f6ss\u00e4, sukupuolentutkimuksen oppiaineessa on haettavana projektitutkijan (postdoc, apurahatutkija) m\u00e4\u00e4r\u00e4aikainen teht\u00e4v\u00e4 kahdeksi vuodeksi Koneen S\u00e4\u00e4ti\u00f6n rahoittamaan tutkimushankkeeseen. Ty\u00f6 alkaa 1.4.2025 tai sopimuksen mukaan. Apurahan suuruus on 3200 \u20ac\/kk.<\/p>\n\n\n\n<p>Populaarifeminismi\u00e4 Pohjoismaassa: Kapitalismin uusi henki ja popularisoidut protestit (POPFEM) -hanke tutkii feminismin popularisoitumista 2020-luvun Suomessa, sek\u00e4 populaarifeminismin sulautumista pohjoismaiseen valtiofeminismiin. Popularisoituminen viittaa feminismin tuloon n\u00e4kyv\u00e4ksi kulutuskeskeisess\u00e4, estetisoidussa, nautinnonhaluisessa ja iloisessa muodossa. POPFEM-hankkeessa tutkitaan, miten populaarifeminismi heijastaa ja muokkaa kulttuurin, talouden ja politiikan suhteita sek\u00e4 laajempaa yhteiskunnallisten liikkeiden muutosta. Hanke pohjaa tutkimusryhm\u00e4n yhdess\u00e4 toteuttamiin verkkoetnografiaan, tutkimushaastatteluihin sek\u00e4 osallistuvaan havainnointiin hankkeen j\u00e4rjest\u00e4miss\u00e4 ty\u00f6pajoissa. Hanke k\u00e4ynnistyy kev\u00e4\u00e4ll\u00e4 2025.<\/p>\n\n\n\n<p>Tarjoamme mahdollisuuden ty\u00f6skennell\u00e4 osana innostavaa tutkimusryhm\u00e4\u00e4, tehd\u00e4 monipuolista ja kunnianhimoista tutkimusty\u00f6t\u00e4, verkostoitua kansallisesti ja kansainv\u00e4lisesti sek\u00e4 tehd\u00e4 tutkimusta vuorovaikutuksessa muun yhteiskunnan kanssa.<\/p>\n\n\n\n<p><strong>Teht\u00e4v\u00e4nkuvaus<\/strong><\/p>\n\n\n\n<p>Etsimme osaksi kolmen tutkijan ja sarjakuvataiteilijan tutkimusryhm\u00e4\u00e4mme populaarifeminismin tutkimusta tuntevaa postdoc-tutkijaa. Tutkija tekee hankkeen tutkimussuunnitelman mukaista tutkimusta sek\u00e4 itsen\u00e4isesti ett\u00e4 yhdess\u00e4 tutkimusryhm\u00e4n kanssa. Tutkija osallistuu aineiston (haastattelut, sosiaalisen median aineistot, etnografia) keruuseen ja analyysiin, tieteelliseen ja yleistajuiseen julkaisutoimintaan sek\u00e4 tapahtumien j\u00e4rjest\u00e4miseen ja viestint\u00e4\u00e4n.<\/p>\n\n\n\n<p><strong>Etsim\u00e4mme henkil\u00f6<\/strong><\/p>\n\n\n\n<p>Teht\u00e4v\u00e4\u00e4n otettavalta tutkijalta edellytet\u00e4\u00e4n tohtorin tutkintoa esimerkiksi sukupuolentutkimuksen, media- tai kulttuurintutkimuksen, sosiologian tai poliittisen talouden tutkimuksen alalta. Edellyt\u00e4mme kokemusta empiirisest\u00e4 tutkimuksesta (laadullinen ja\/tai m\u00e4\u00e4r\u00e4llinen) ja tutkimushaastatteluista. Ty\u00f6ss\u00e4 tarvitaan valmiutta ty\u00f6skennell\u00e4 sek\u00e4 itsen\u00e4isesti ett\u00e4 osana tutkimusryhm\u00e4\u00e4, tehd\u00e4 tieteellisi\u00e4 julkaisuja suomen ja englannin kielell\u00e4 yksin ja tutkimusryhm\u00e4n kanssa, johtaa kirjoitusprosessia, esitell\u00e4 tutkimusta suomeksi ja englanniksi sek\u00e4 osallistua hankkeen tapahtumien j\u00e4rjest\u00e4miseen ja viestint\u00e4\u00e4n. Ty\u00f6 edellytt\u00e4\u00e4 v\u00e4hint\u00e4\u00e4n viikoittaista k\u00e4ymist\u00e4 toimistolla sek\u00e4 osallistumista hankety\u00f6skentelyn lis\u00e4ksi sukupuolentutkimuksen yhteis\u00f6n toimintaan.<\/p>\n\n\n\n<p>Eduksi katsotaan n\u00e4yt\u00f6t hankkeen aihepiirin tutkimuksesta, aktiivinen julkaisutoiminta, aktiivisuus akateemisissa yhteis\u00f6iss\u00e4, kokemus verkkoetnografiasta tai sosiaalisen median tutkimuksesta, yleistajuisesta tiedeviestinn\u00e4st\u00e4 ja tapahtumien j\u00e4rjest\u00e4misest\u00e4.<\/p>\n\n\n\n<p><strong>Hakemus<\/strong><\/p>\n\n\n\n<p>Haku alkaa 8.1.2025 ja<strong> p\u00e4\u00e4ttyy 31.1.2025<\/strong>. Hakemukset l\u00e4hetet\u00e4\u00e4n s\u00e4hk\u00f6postitse projektinjohtaja Hanna Yl\u00f6stalolle: <a href=\"mailto:hanna.ylostalo@tuni.fi\">hanna.ylostalo@tuni.fi<\/a><\/p>\n\n\n\n<p>Hakemukseen sis\u00e4llytet\u00e4\u00e4n:<\/p>\n\n\n\n<ul class=\"wp-block-list\">\n<li>hakukirje, jossa hakija kertoo motivaatiostaan ja teht\u00e4v\u00e4\u00e4n liittyv\u00e4st\u00e4 osaamisestaan<\/li>\n\n\n\n<li>enint\u00e4\u00e4n kolmen sivun mittainen, TENK-ohjeen mukainen ansioluettelo<\/li>\n\n\n\n<li>julkaisuluettelo, johon on merkattu 3\u20135 hankkeen kannalta keskeisint\u00e4 julkaisua<\/li>\n\n\n\n<li>kahden suosittelijan nimi ja puhelinnumero<\/li>\n<\/ul>\n\n\n\n<p><strong>Lis\u00e4tietoja antaa<\/strong><\/p>\n\n\n\n<p>POPFEM-hankkeen johtaja, sukupuolentutkimuksen apulaisprofessori Hanna Yl\u00f6stalo, p. 050 4167861, <a href=\"mailto:hanna.ylostalo@tuni.fi\">hanna.ylostalo@tuni.fi<\/a><\/p>\n","protected":false},"excerpt":{"rendered":"<p>Hakuilmoitus: Projektitutkija (postdoc, apurahatutkija) populaarifeminismi\u00e4 k\u00e4sittelev\u00e4\u00e4n tutkimushankkeeseen Tampereen yliopiston yhteiskuntatutkimuksen yksik\u00f6ss\u00e4, sukupuolentutkimuksen oppiaineessa on haettavana projektitutkijan (postdoc, apurahatutkija) m\u00e4\u00e4r\u00e4aikainen teht\u00e4v\u00e4 kahdeksi vuodeksi Koneen S\u00e4\u00e4ti\u00f6n rahoittamaan tutkimushankkeeseen. Ty\u00f6 alkaa 1.4.2025 tai sopimuksen mukaan. Apurahan suuruus on 3200 \u20ac\/kk. Populaarifeminismi\u00e4 Pohjoismaassa: Kapitalismin uusi henki ja popularisoidut protestit (POPFEM) -hanke tutkii feminismin popularisoitumista 2020-luvun Suomessa, sek\u00e4 populaarifeminismin sulautumista [&hellip;]<\/p>\n","protected":false},"author":32718,"featured_media":1129,"parent":0,"menu_order":0,"comment_status":"closed","ping_status":"closed","template":"","meta":{"footnotes":""},"class_list":["post-1095","page","type-page","status-publish","has-post-thumbnail","hentry"],"yoast_head":"<!-- This site is optimized with the Yoast SEO plugin v27.3 - https:\/\/yoast.com\/product\/yoast-seo-wordpress\/ -->\n<title>Uutiset - FEMTIE<\/title>\n<meta name=\"robots\" content=\"index, follow, max-snippet:-1, max-image-preview:large, max-video-preview:-1\" \/>\n<link rel=\"canonical\" href=\"https:\/\/blogit.utu.fi\/femtie\/uutiset\/\" \/>\n<meta property=\"og:locale\" content=\"fi_FI\" \/>\n<meta property=\"og:type\" content=\"article\" \/>\n<meta property=\"og:title\" content=\"Uutiset - FEMTIE\" \/>\n<meta property=\"og:description\" content=\"Hakuilmoitus: Projektitutkija (postdoc, apurahatutkija) populaarifeminismi\u00e4 k\u00e4sittelev\u00e4\u00e4n tutkimushankkeeseen Tampereen yliopiston yhteiskuntatutkimuksen yksik\u00f6ss\u00e4, sukupuolentutkimuksen oppiaineessa on haettavana projektitutkijan (postdoc, apurahatutkija) m\u00e4\u00e4r\u00e4aikainen teht\u00e4v\u00e4 kahdeksi vuodeksi Koneen S\u00e4\u00e4ti\u00f6n rahoittamaan tutkimushankkeeseen. Ty\u00f6 alkaa 1.4.2025 tai sopimuksen mukaan. Apurahan suuruus on 3200 \u20ac\/kk. Populaarifeminismi\u00e4 Pohjoismaassa: Kapitalismin uusi henki ja popularisoidut protestit (POPFEM) -hanke tutkii feminismin popularisoitumista 2020-luvun Suomessa, sek\u00e4 populaarifeminismin sulautumista [&hellip;]\" \/>\n<meta property=\"og:url\" content=\"https:\/\/blogit.utu.fi\/femtie\/uutiset\/\" \/>\n<meta property=\"og:site_name\" content=\"FEMTIE\" \/>\n<meta property=\"article:modified_time\" content=\"2025-01-08T13:11:51+00:00\" \/>\n<meta property=\"og:image\" content=\"https:\/\/blogit.utu.fi\/femtie\/wp-content\/uploads\/sites\/591\/2024\/03\/femtie_illu_1-2-scaled.jpg\" \/>\n\t<meta property=\"og:image:width\" content=\"2560\" \/>\n\t<meta property=\"og:image:height\" content=\"1810\" \/>\n\t<meta property=\"og:image:type\" content=\"image\/jpeg\" \/>\n<meta name=\"twitter:card\" content=\"summary_large_image\" \/>\n<meta name=\"twitter:label1\" content=\"Arvioitu lukuaika\" \/>\n\t<meta name=\"twitter:data1\" content=\"3 minuuttia\" \/>\n<script type=\"application\/ld+json\" class=\"yoast-schema-graph\">{\"@context\":\"https:\\\/\\\/schema.org\",\"@graph\":[{\"@type\":\"WebPage\",\"@id\":\"https:\\\/\\\/blogit.utu.fi\\\/femtie\\\/uutiset\\\/\",\"url\":\"https:\\\/\\\/blogit.utu.fi\\\/femtie\\\/uutiset\\\/\",\"name\":\"Uutiset - FEMTIE\",\"isPartOf\":{\"@id\":\"https:\\\/\\\/blogit.utu.fi\\\/femtie\\\/#website\"},\"primaryImageOfPage\":{\"@id\":\"https:\\\/\\\/blogit.utu.fi\\\/femtie\\\/uutiset\\\/#primaryimage\"},\"image\":{\"@id\":\"https:\\\/\\\/blogit.utu.fi\\\/femtie\\\/uutiset\\\/#primaryimage\"},\"thumbnailUrl\":\"https:\\\/\\\/blogit.utu.fi\\\/femtie\\\/wp-content\\\/uploads\\\/sites\\\/591\\\/2024\\\/03\\\/femtie_illu_1-2-scaled.jpg\",\"datePublished\":\"2024-03-06T12:47:09+00:00\",\"dateModified\":\"2025-01-08T13:11:51+00:00\",\"breadcrumb\":{\"@id\":\"https:\\\/\\\/blogit.utu.fi\\\/femtie\\\/uutiset\\\/#breadcrumb\"},\"inLanguage\":\"fi\",\"potentialAction\":[{\"@type\":\"ReadAction\",\"target\":[\"https:\\\/\\\/blogit.utu.fi\\\/femtie\\\/uutiset\\\/\"]}]},{\"@type\":\"ImageObject\",\"inLanguage\":\"fi\",\"@id\":\"https:\\\/\\\/blogit.utu.fi\\\/femtie\\\/uutiset\\\/#primaryimage\",\"url\":\"https:\\\/\\\/blogit.utu.fi\\\/femtie\\\/wp-content\\\/uploads\\\/sites\\\/591\\\/2024\\\/03\\\/femtie_illu_1-2-scaled.jpg\",\"contentUrl\":\"https:\\\/\\\/blogit.utu.fi\\\/femtie\\\/wp-content\\\/uploads\\\/sites\\\/591\\\/2024\\\/03\\\/femtie_illu_1-2-scaled.jpg\",\"width\":2560,\"height\":1810},{\"@type\":\"BreadcrumbList\",\"@id\":\"https:\\\/\\\/blogit.utu.fi\\\/femtie\\\/uutiset\\\/#breadcrumb\",\"itemListElement\":[{\"@type\":\"ListItem\",\"position\":1,\"name\":\"Etusivu\",\"item\":\"https:\\\/\\\/blogit.utu.fi\\\/femtie\\\/\"},{\"@type\":\"ListItem\",\"position\":2,\"name\":\"Uutiset\"}]},{\"@type\":\"WebSite\",\"@id\":\"https:\\\/\\\/blogit.utu.fi\\\/femtie\\\/#website\",\"url\":\"https:\\\/\\\/blogit.utu.fi\\\/femtie\\\/\",\"name\":\"FEMTIE\",\"description\":\"\",\"potentialAction\":[{\"@type\":\"SearchAction\",\"target\":{\"@type\":\"EntryPoint\",\"urlTemplate\":\"https:\\\/\\\/blogit.utu.fi\\\/femtie\\\/?s={search_term_string}\"},\"query-input\":{\"@type\":\"PropertyValueSpecification\",\"valueRequired\":true,\"valueName\":\"search_term_string\"}}],\"inLanguage\":\"fi\"}]}<\/script>\n<!-- \/ Yoast SEO plugin. -->","yoast_head_json":{"title":"Uutiset - FEMTIE","robots":{"index":"index","follow":"follow","max-snippet":"max-snippet:-1","max-image-preview":"max-image-preview:large","max-video-preview":"max-video-preview:-1"},"canonical":"https:\/\/blogit.utu.fi\/femtie\/uutiset\/","og_locale":"fi_FI","og_type":"article","og_title":"Uutiset - FEMTIE","og_description":"Hakuilmoitus: Projektitutkija (postdoc, apurahatutkija) populaarifeminismi\u00e4 k\u00e4sittelev\u00e4\u00e4n tutkimushankkeeseen Tampereen yliopiston yhteiskuntatutkimuksen yksik\u00f6ss\u00e4, sukupuolentutkimuksen oppiaineessa on haettavana projektitutkijan (postdoc, apurahatutkija) m\u00e4\u00e4r\u00e4aikainen teht\u00e4v\u00e4 kahdeksi vuodeksi Koneen S\u00e4\u00e4ti\u00f6n rahoittamaan tutkimushankkeeseen. Ty\u00f6 alkaa 1.4.2025 tai sopimuksen mukaan. Apurahan suuruus on 3200 \u20ac\/kk. Populaarifeminismi\u00e4 Pohjoismaassa: Kapitalismin uusi henki ja popularisoidut protestit (POPFEM) -hanke tutkii feminismin popularisoitumista 2020-luvun Suomessa, sek\u00e4 populaarifeminismin sulautumista [&hellip;]","og_url":"https:\/\/blogit.utu.fi\/femtie\/uutiset\/","og_site_name":"FEMTIE","article_modified_time":"2025-01-08T13:11:51+00:00","og_image":[{"width":2560,"height":1810,"url":"https:\/\/blogit.utu.fi\/femtie\/wp-content\/uploads\/sites\/591\/2024\/03\/femtie_illu_1-2-scaled.jpg","type":"image\/jpeg"}],"twitter_card":"summary_large_image","twitter_misc":{"Arvioitu lukuaika":"3 minuuttia"},"schema":{"@context":"https:\/\/schema.org","@graph":[{"@type":"WebPage","@id":"https:\/\/blogit.utu.fi\/femtie\/uutiset\/","url":"https:\/\/blogit.utu.fi\/femtie\/uutiset\/","name":"Uutiset - FEMTIE","isPartOf":{"@id":"https:\/\/blogit.utu.fi\/femtie\/#website"},"primaryImageOfPage":{"@id":"https:\/\/blogit.utu.fi\/femtie\/uutiset\/#primaryimage"},"image":{"@id":"https:\/\/blogit.utu.fi\/femtie\/uutiset\/#primaryimage"},"thumbnailUrl":"https:\/\/blogit.utu.fi\/femtie\/wp-content\/uploads\/sites\/591\/2024\/03\/femtie_illu_1-2-scaled.jpg","datePublished":"2024-03-06T12:47:09+00:00","dateModified":"2025-01-08T13:11:51+00:00","breadcrumb":{"@id":"https:\/\/blogit.utu.fi\/femtie\/uutiset\/#breadcrumb"},"inLanguage":"fi","potentialAction":[{"@type":"ReadAction","target":["https:\/\/blogit.utu.fi\/femtie\/uutiset\/"]}]},{"@type":"ImageObject","inLanguage":"fi","@id":"https:\/\/blogit.utu.fi\/femtie\/uutiset\/#primaryimage","url":"https:\/\/blogit.utu.fi\/femtie\/wp-content\/uploads\/sites\/591\/2024\/03\/femtie_illu_1-2-scaled.jpg","contentUrl":"https:\/\/blogit.utu.fi\/femtie\/wp-content\/uploads\/sites\/591\/2024\/03\/femtie_illu_1-2-scaled.jpg","width":2560,"height":1810},{"@type":"BreadcrumbList","@id":"https:\/\/blogit.utu.fi\/femtie\/uutiset\/#breadcrumb","itemListElement":[{"@type":"ListItem","position":1,"name":"Etusivu","item":"https:\/\/blogit.utu.fi\/femtie\/"},{"@type":"ListItem","position":2,"name":"Uutiset"}]},{"@type":"WebSite","@id":"https:\/\/blogit.utu.fi\/femtie\/#website","url":"https:\/\/blogit.utu.fi\/femtie\/","name":"FEMTIE","description":"","potentialAction":[{"@type":"SearchAction","target":{"@type":"EntryPoint","urlTemplate":"https:\/\/blogit.utu.fi\/femtie\/?s={search_term_string}"},"query-input":{"@type":"PropertyValueSpecification","valueRequired":true,"valueName":"search_term_string"}}],"inLanguage":"fi"}]}},"_links":{"self":[{"href":"https:\/\/blogit.utu.fi\/femtie\/wp-json\/wp\/v2\/pages\/1095","targetHints":{"allow":["GET"]}}],"collection":[{"href":"https:\/\/blogit.utu.fi\/femtie\/wp-json\/wp\/v2\/pages"}],"about":[{"href":"https:\/\/blogit.utu.fi\/femtie\/wp-json\/wp\/v2\/types\/page"}],"author":[{"embeddable":true,"href":"https:\/\/blogit.utu.fi\/femtie\/wp-json\/wp\/v2\/users\/32718"}],"replies":[{"embeddable":true,"href":"https:\/\/blogit.utu.fi\/femtie\/wp-json\/wp\/v2\/comments?post=1095"}],"version-history":[{"count":27,"href":"https:\/\/blogit.utu.fi\/femtie\/wp-json\/wp\/v2\/pages\/1095\/revisions"}],"predecessor-version":[{"id":1207,"href":"https:\/\/blogit.utu.fi\/femtie\/wp-json\/wp\/v2\/pages\/1095\/revisions\/1207"}],"wp:featuredmedia":[{"embeddable":true,"href":"https:\/\/blogit.utu.fi\/femtie\/wp-json\/wp\/v2\/media\/1129"}],"wp:attachment":[{"href":"https:\/\/blogit.utu.fi\/femtie\/wp-json\/wp\/v2\/media?parent=1095"}],"curies":[{"name":"wp","href":"https:\/\/api.w.org\/{rel}","templated":true}]}}