{"id":402,"date":"2021-03-16T10:12:55","date_gmt":"2021-03-16T10:12:55","guid":{"rendered":"https:\/\/blogit.utu.fi\/femtie\/?page_id=402"},"modified":"2024-10-29T09:10:00","modified_gmt":"2024-10-29T09:10:00","slug":"media","status":"publish","type":"page","link":"https:\/\/blogit.utu.fi\/femtie\/media\/","title":{"rendered":"Media"},"content":{"rendered":"\n<p><a href=\"https:\/\/open.spotify.com\/episode\/3iBnPj0lvUl7FXv12EMzET?si=ff35a6a639cc48e5\">Femwashing &#8211; saavutetaanko tasa-arvo kuluttajien voimaantumisella? <\/a>Emma Lamberg Anniina Nurmen ja Koko Hubaran vieraana Eetti ry:n Hikipaja-podcastissa (julkaistu 28.10.2024).<\/p>\n\n\n\n<p><a href=\"https:\/\/www.tuni.fi\/fi\/ajankohtaista\/sukupuolentutkijat-kuulisivat-lisaa-talouspuhetta-ihmisten-arjesta\">Sukupuolentutkijat kuulisivat lis\u00e4\u00e4 talouspuhetta ihmisten arjesta<\/a>. Hanna Yl\u00f6stalo kertoo FEMTIE-hankkeesta ja tutkimuksen vuorovaikutuksesta kansalaisyhteiskunnan kanssa. Tampereen yliopisto 24.10. 2024.&nbsp;<\/p>\n\n\n\n<p><a href=\"https:\/\/maailmankuvalehti.fi\/2024\/vain-verkossa\/pitkat\/me-pidamme-hoivaa-itsestaanselvyytena-vaikka-silla-on-hintansa-hoiva-on-osa-globaalia-taloutta-mutta-sita-ei-viela-taysin-tajuta-professori-sanoo\/\">\u201dMe pid\u00e4mme hoivaa itsest\u00e4\u00e4nselvyyten\u00e4, vaikka sill\u00e4 on hintansa\u201d \u2013 Hoiva on osa globaalia taloutta, mutta sit\u00e4 ei viel\u00e4 t\u00e4ysin tajuta, professori sanoo.<\/a> Professori Shirin M. Rai (SOAS University of London) <em>Maailman kuvalehden<\/em> haastattelussa 23.5.2024. Haastattelu toteutettiin huhtikuussa 2024, kun Rai vieraili FEMTIE-hankkeen, Poliittisen talouden tutkimuksen seuran ja <em>Poliittinen talous<\/em> -lehden kutsumana Feminist Global Political Economy -tapahtumassa.<\/p>\n\n\n\n<p><a href=\"https:\/\/www.ku.fi\/artikkeli\/4968824-leikkaukset-ja-tehostamiset-ovat-tehneet-hyvinvointivaltiosta-hauraan-silti-sen-ydin-pysyy-elossa\">Leikkaukset ja tehostamistoimet ovat tehneet hyvinvointivaltiosta hauraan &#8211; silti sen ydin pysyy elossa<\/a>. Hanna Yl\u00f6stalo puhuu hyvinvointivaltiosta ja sen tulevaisuudesta <em>Kansan Uutisissa<\/em> 4.2.2024.<\/p>\n\n\n\n<p><a href=\"https:\/\/anna.fi\/lifestyle\/tyo-ja-raha\/miksi-koneiden-hoitamisesta-maksetaan-enemman-kuin-ihmisten-hoitamisesta-tutkija-tietaa-syyn-kuvio-on-taysin-jarjeton\">Miksi koneiden hoitamisesta maksetaan enemm\u00e4n kuin ihmisten hoitamisesta?<\/a>&nbsp;Hanna Yl\u00f6stalo pohtii hoivakriisi\u00e4 feministisen poliittisen talouden tutkimuksen n\u00e4k\u00f6kulmasta <em>Anna<\/em>-lehdess\u00e4 27.12.2023.<\/p>\n\n\n\n<p><a href=\"https:\/\/soundcloud.com\/tzz2ln6z7tkt\/kahtiajaon-hallitus-haviaako-tasa-arvo-lisaarvolle?utm_source=clipboard&amp;utm_medium=text&amp;utm_campaign=social_sharing\">Kahtiajaon hallitus: h\u00e4vi\u00e4\u00e4k\u00f6 tasa-arvo lis\u00e4arvolle?<\/a> Hanna Yl\u00f6stalo vieraili Kalevi Sorsa S\u00e4\u00e4ti\u00f6n podcastissa yhdess\u00e4 Paula Koskinen Sandbergin kanssa joulukuussa 2023.<\/p>\n\n\n\n<p><a href=\"https:\/\/open.spotify.com\/episode\/24zR4xhDZDRs8CUKh0qmPD?si=303a84ff47e74e7c&amp;nd=1\" target=\"_blank\" rel=\"noreferrer noopener\">Asenne ratkaisee ja terapia auttaa &#8211; mutta onko n\u00e4in?<\/a> Hanna Yl\u00f6stalo keskusteli Maria M\u00e4kysen kanssa terapeuttisesta vallasta <a href=\"https:\/\/proliitto.fi\/fi\/ajankohtaiset\/pro-ja-vakuutusyhtio-turva-8-myyttia-tyouupumuksesta-podcast-julki\" target=\"_blank\" rel=\"noreferrer noopener\">8 myytti\u00e4 ty\u00f6uupumuksesta<\/a> -podcastissa 19.6.2023.  <\/p>\n\n\n\n<p><a href=\"https:\/\/tulva.fi\/lue\/hoiva-on-kriisissa-onko-suomi-edelleen-hyvinvointivaltio\/\">Hoiva on kriisiss\u00e4 \u2013 onko Suomi edelleen hyvinvointivaltio?<\/a>&nbsp;Hanna Yl\u00f6stalo pohtii tulevan hallituksen talouspolitiikkaa ja hyvinvointivaltion tulevaisuutta.<em> Tulva<\/em>&nbsp;26.4.2023.<\/p>\n\n\n\n<p><a href=\"https:\/\/www.superlehti.fi\/tyoelama\/ammatissa\/nuoret-lahihoitajat-puhuvat-alan-vaatimasta-ammattitaidosta-emme-ole-vain-pyllynpesijoita\/\">Nuoret l\u00e4hihoitajat puhuvat alan vaatimasta ammattitaidosta: \u201dEmme ole vain pyllynpes<\/a>ij\u00f6it\u00e4\u201d. Emma Lamberg kertoo l\u00e4hihoitajaopiskelijoita koskevasta tutkimuksestaan. <em>Super<\/em> 3.4.2023.<\/p>\n\n\n\n<p><a rel=\"noreferrer noopener\" href=\"https:\/\/www.nytid.fi\/2023\/03\/borgerlig-regering-hotar-feminismen\/\" target=\"_blank\">Borgerlig regering hotar feminismen<\/a>. Hanna Yl\u00f6stalo puhui Suomen politiikasta, vaaleista ja feminismist\u00e4. <em>Ny Tid<\/em> 14.3.2023. <\/p>\n\n\n\n<p><a href=\"https:\/\/www.vasabladet.fi\/Artikel\/Visa\/661564?utm_content=bufferc7143&amp;utm_medium=social&amp;utm_source=facebook.com&amp;utm_campaign=buffer&amp;fbclid=IwAR2XFI4-247KlYvvWlKUpi414SF5S3vhwYFgZuIgFv3jcq1VIiccs-9n5m0\">Hur gick det egentligen med j\u00e4mst\u00e4lldhetsprogrammet \u2013 vi granskar de sju punkter som regeringen lovade jobba f\u00f6r<\/a>. Hanna Yl\u00f6stalo arvioi hallituksen tasa-arvopolitiikan onnistumisia ja ep\u00e4onnistumisia. <em>Vasabladet<\/em> 8.3.2023. <\/p>\n\n\n\n<p><a href=\"https:\/\/maailmankuvalehti.fi\/2023\/1\/pitkat\/taloutta-on-katsottu-pitkaan-yksipuolisesti-mutta-muutos-on-tulossa-feministinen-talous-nostaa-hoivan-keskioon\/\" target=\"_blank\" rel=\"noreferrer noopener\">Taloutta on katsottu pitk\u00e4\u00e4n yksipuolisesti, mutta muutos on tulossa &#8211; Feministinen talous nostaa hoivan keski\u00f6\u00f6n<\/a>. Hanna Yl\u00f6stalo <em>Maailman Kuvalehden<\/em> haastattelussa 8.3.2023.<\/p>\n\n\n\n<p><a href=\"https:\/\/labore.fi\/t&amp;y\/vaittelijan-vastaukset-emma-lamberg\/\" data-type=\"URL\" data-id=\"https:\/\/labore.fi\/t&amp;y\/vaittelijan-vastaukset-emma-lamberg\/\">Emma Lamberg haastattelussa Talous &amp; yhteiskunta -lehden V\u00e4ittelij\u00e4n vastaukset -osiossa.<\/a> <em>Talous &amp; yhteiskunta<\/em> 3.3.2023.<\/p>\n\n\n\n<p><a rel=\"noreferrer noopener\" href=\"https:\/\/koneensaatio.fi\/tarinat-ja-julkaisut\/miksi-ihmisen-hoitaminen-on-vahemman-arvokasta-kuin-koneen-hoitaminen-feministitutkijat-kyseenalaistavat-taloustieteen-vanhat-itsestaanselvyydet\/\" target=\"_blank\">Miksi ihmisen hoitaminen on v\u00e4hemm\u00e4n arvokasta kuin koneen hoitaminen? Feministitutkijat kyseenalaistavat taloustieteen vanhat itsest\u00e4\u00e4nselvyydet<\/a>. Koneen S\u00e4\u00e4ti\u00f6 22.2.2023. <\/p>\n\n\n\n<p>&#8221;<a href=\"https:\/\/www.karjalainen.fi\/tiede\/joillekin-oli-sanottu-etta-ala-jaa-lahihoitajaksi-nuoret-naiset-ovat-huolissaan-tyooloista-jo-opintojen-aikana\" data-type=\"URL\" data-id=\"https:\/\/www.karjalainen.fi\/tiede\/joillekin-oli-sanottu-etta-ala-jaa-lahihoitajaksi-nuoret-naiset-ovat-huolissaan-tyooloista-jo-opintojen-aikana\">Joillekin oli sanottu, ett\u00e4 \u00e4l\u00e4 j\u00e4\u00e4 l\u00e4hihoitajaksi&#8221; \u2013\u2009Nuoret naiset ovat huolissaan ty\u00f6oloista jo opintojen aikana.<\/a> Emma Lamberg Teemasuomalaisen haastattelussa. <em>Teemasuomalainen<\/em> 14.2.2023.<\/p>\n\n\n\n<p><a href=\"http:\/\/&quot;Ei t\u00e4lle alalle kannata l\u00e4hte\u00e4&quot;\">&#8221;Ei t\u00e4lle alalle kannata l\u00e4hte\u00e4&#8221;.<\/a> Emma Lamberg kertoo Turun Sanomien haastattelussa l\u00e4hihoitajaopiskelijoiden tulevaisuutta koskevista huolista ja toiveista. <em>Turun Sanomat <\/em>11.2.2023.<\/p>\n\n\n\n<p><a href=\"https:\/\/www.is.fi\/taloussanomat\/art-2000009367391.html\">Tutkimus paljasti, mik\u00e4 on nuorille naisille t\u00f6iss\u00e4 t\u00e4rkeint\u00e4.<\/a> Emma Lamberg kertoo v\u00e4it\u00f6stutkimuksestaan Taloussanomien haastattelussa.<em> Taloussanomat<\/em> 7.2.2023.<\/p>\n\n\n\n<p><a href=\"https:\/\/yle.fi\/a\/74-20013804\">Millenniaaleille ty\u00f6hyvinvointi on uusi normaali. <\/a>Emma Lamberg kertoo Ylen haastattelussa, mit\u00e4 nuoret naiset odottavat ty\u00f6el\u00e4m\u00e4lt\u00e4. <em>Yle<\/em> 23.1.2023.<\/p>\n\n\n\n<p>Nelli Ruotsalainen: Hoivakriisi vaatii feministist\u00e4 politiikkaa \u2013 haastattelussa Hanna Yl\u00f6stalo.&nbsp;<a rel=\"noreferrer noopener\" href=\"https:\/\/netn.fi\/fi\/lehti\/niin-nain-422\" target=\"_blank\"><em>Niin &amp; N\u00e4in<\/em>&nbsp;4\/2022<\/a>.<\/p>\n\n\n\n<p><a rel=\"noreferrer noopener\" href=\"https:\/\/areena.yle.fi\/podcastit\/1-63411633\" target=\"_blank\">Marinin hallituksen tasa-arvopolitiikka: Toppi vai floppi?<\/a> Hanna Yl\u00f6stalo oli Linda Pelkosen vieraana keskustelemassa hallituksen tasa-arvopolitiikasta ja sen toimeenpanosta <em>Ylen Politiikkaradiossa<\/em> 1.11.2022.<\/p>\n\n\n\n<p><a href=\"https:\/\/suomenkuvalehti.fi\/politiikka-ja-talous\/tasa-arvo-mainitaan-marinin-hallitusohjelmassa-yli-70-kertaa-nain-kunnianhimoisille-suunnitelmille-kavi\/\">Punakyn\u00e4\u00e4 huulipunahallitukselle<\/a>. Hanna Yl\u00f6stalo ja Anna Elom\u00e4ki arvioivat Marinin hallituksen tasa-arvopolitiikkaa. <em>Suomen Kuvalehti<\/em> 20.10.2022.<\/p>\n\n\n\n<p><a rel=\"noreferrer noopener\" href=\"https:\/\/www.superlehti.fi\/nakokulmia\/tutkija-hanna-ylostalo-hoitajien-palkkavaatimukset-ovat-vastuullinen-teko\/\" target=\"_blank\">Tutkija Hanna Yl\u00f6stalo: &#8221;Hoitajien palkkavaatimukset ovat vastuullinen teko&#8221;<\/a>. <em>Super<\/em> 3.10.2022. <\/p>\n\n\n\n<p><a href=\"https:\/\/seura.fi\/nakoislehti\/39-2022-nakoislehti\/pain-paivakotia-henkilostopula-on-huutava\">P\u00e4in p\u00e4iv\u00e4kotia. Henkil\u00f6st\u00f6pula on huutava.<\/a> Emma Lamberg oli yhten\u00e4 haastateltavista toimittaja Virpi Salmen jutussa, jossa selvitettiin p\u00e4iv\u00e4kotien henkil\u00f6st\u00f6pulan syit\u00e4. <em>Seura<\/em> 39, 28.9.2022.<\/p>\n\n\n\n<p><a rel=\"noreferrer noopener\" href=\"https:\/\/digilehti.kansanuutiset.fi\/20220615\/4742952-palkkakeskustelun-saimaannorppa\/\" target=\"_blank\">Palkkakeskustelun saimaannorppa<\/a>. Hanna Yl\u00f6stalo keskusteli Toivo Haimin kanssa hoitoalan palkkataisteluista ja hoivan poliittisesta taloudesta <em>Kansan Uutisissa<\/em> 15.6.2022. <\/p>\n\n\n\n<p><a rel=\"noreferrer noopener\" href=\"https:\/\/www.superlehti.fi\/ilmiot\/mitas-valitsit-alasi-miksi-hoivaa-ei-suomalaisessa-yhteiskunnassa-osata-arvostaa\/\" target=\"_blank\">&#8221;Mit\u00e4s valitsit alasi!&#8221; Miksi hoivaa ei suomalaisessa yhteiskunnassa osata arvostaa?<\/a> Hanna Yl\u00f6stalo pohtii hoivaty\u00f6n arvostusta hoitoalan ammattilaisten verkkolehdess\u00e4. <em>Super<\/em> 12.5.2022.<\/p>\n\n\n\n<p><a rel=\"noreferrer noopener\" href=\"https:\/\/www.is.fi\/menaiset\/ilmiot\/art-2000008759036.html\" target=\"_blank\">Ajatteletko sin\u00e4kin, ett\u00e4 arvostat hoitajien ty\u00f6t\u00e4? Olet v\u00e4\u00e4r\u00e4ss\u00e4, sanoo tutkija<\/a>. Hanna Yl\u00f6stalo taustoittaa hoivaty\u00f6n houkuttelevuutta ja arvostusta. <em>Me Naiset<\/em> 10.5.2022.<\/p>\n\n\n\n<p><a rel=\"noreferrer noopener\" href=\"https:\/\/voima.fi\/hairikot\/artikkeli\/hoitajien-nakymaton-tyo-ja-markkinoiden-nakymaton-kasi\/\" target=\"_blank\">Hoitajien n\u00e4kym\u00e4t\u00f6n ty\u00f6 ja markkinoiden n\u00e4kym\u00e4t\u00f6n k\u00e4si<\/a>. Hanna Yl\u00f6stalo pohti hoivan taloudellista ja yhteiskunnallista arvoa Anna Elom\u00e4en kanssa. <em>Voima<\/em> 4.5.2022.  <\/p>\n\n\n\n<p><a rel=\"noreferrer noopener\" href=\"https:\/\/www.apu.fi\/artikkelit\/hoivan-tarve-on-poliittinen-kysymys-sosiologi-hanna-ylostalo\" target=\"_blank\">Sosiologi Hanna Yl\u00f6stalo: \u201cHoivan tarve on poliittinen kysymys ja siihen vastaaminen yhteiskunnan teht\u00e4v\u00e4.\u201d<\/a>&nbsp;<em>Image<\/em>&nbsp;14.2.2022. <\/p>\n\n\n\n<p><a rel=\"noreferrer noopener\" href=\"https:\/\/www.is.fi\/menaiset\/ilmiot\/art-2000008451052.html?fbclid=IwAR0h2gaervNbca73cyEpqHLiPGDNLjZoOzZ_2eKQ1gIBrXp3ZGbXE8M9xQg\" target=\"_blank\">Suomi vain vaurastuu, mutta lasten ja vanhusten hoitoon ei tunnu riitt\u00e4v\u00e4n rahaa \u2013 selvitimme, miten t\u00e4m\u00e4 yht\u00e4l\u00f6 on mahdollinen<\/a>.&nbsp;<em>Me Naiset<\/em>&nbsp;12.12.2021.<\/p>\n\n\n\n<p>Femtie sai sisarhankkeen, kun Helsingin Sanomain S\u00e4\u00e4ti\u00f6 my\u00f6nsi Hanna Yl\u00f6stalolle rahoituksen tutkimushankkeelle <a rel=\"noreferrer noopener\" href=\"https:\/\/www.hssaatio.fi\/apurahat\/numeroiden-voima-tiedon-kvantifiointi-hallinnan-muotona-politiikassa-ja-politiikan-uutisoinnissa\/\" target=\"_blank\">Numeroiden voima: Tiedon kvantifiointi hallinnan muotona politiikassa ja politiikan uutisoinnissa (NuVo)<\/a> 9.12.2021. Hanke toteutetaan vuosina 2022-2023 ja sen tutkijoina toimivat Yl\u00f6stalon lis\u00e4ksi Henri Koskinen ja Mikko Poutanen. Hankkeesta voi lukea lis\u00e4\u00e4 <a rel=\"noreferrer noopener\" href=\"https:\/\/www.utu.fi\/fi\/ajankohtaista\/uutinen\/hanna-ylostalolle-apuraha-numeroiden-voiman-tutkintaan\" target=\"_blank\">Turun yliopiston tiedotteesta<\/a>. <\/p>\n\n\n\n<p><a rel=\"noreferrer noopener\" href=\"https:\/\/www.youtube.com\/watch?v=aLJ7kqgS5Ug\" data-type=\"URL\" data-id=\"https:\/\/www.youtube.com\/watch?v=aLJ7kqgS5Ug\" target=\"_blank\">Hyv\u00e4t p\u00e4\u00e4t\u00f6kset perustuvat tutkittuun tietoon<\/a>. Hanna Yl\u00f6stalo esiintyi Valtioneuvoston selvitys- ja tutkimustoiminnan 13.10.2021 julkaistulla videolla, jossa pohditaan tutkitun tiedon ja poliittisen p\u00e4\u00e4t\u00f6ksenteon vuorovaikutusta. <\/p>\n\n\n\n<p><a rel=\"noreferrer noopener\" href=\"https:\/\/www.virhemarginaali.fi\/keskusteluja\/metsaa-puilta\" data-type=\"URL\" data-id=\"https:\/\/www.virhemarginaali.fi\/keskusteluja\/metsaa-puilta\" target=\"_blank\">Mets\u00e4\u00e4 puilta: Voiko katseen kohdistaa yht\u00e4 aikaa sek\u00e4 yksil\u00f6\u00f6n ett\u00e4 yhteiskuntaan? <\/a>Hanna Yl\u00f6stalo oli <em>Virhemarginaali<\/em>-blogin vieraana 23.9.2021.<\/p>\n\n\n\n<p><a rel=\"noreferrer noopener\" href=\"https:\/\/www.ts.fi\/teemat\/5412677\/Elamme+terapiakulttuurin+kultaaikaa+eika+se+ole+pelkastaan+hyva+asia++valtasuhteisiin+perehtynyt+tutkija+Hanna+Ylostalo+kertoo+miksi\" target=\"_blank\">El\u00e4mme terapiakulttuurin kulta-aikaa eik\u00e4 se ole pelk\u00e4st\u00e4\u00e4n hyv\u00e4 asia &#8211; valtasuhteisiin perehtynyt tutkija Hanna Yl\u00f6stalo kertoo miksi<\/a>. <em>Turun Sanomat<\/em> 4.9.2021.<\/p>\n\n\n\n<p>Hanna Yl\u00f6stalo oli vieraana Suomen Ekonomien #taloudentekij\u00e4t podcastissa 9.6.2021, aiheena <a href=\"https:\/\/open.spotify.com\/episode\/3NgC2DMVZmpFMrE9IbN8Yh\" data-type=\"URL\" data-id=\"https:\/\/open.spotify.com\/episode\/3NgC2DMVZmpFMrE9IbN8Yh\">talous ja tasa-arvo<\/a>.<\/p>\n\n\n\n<p>Emma Lamberg ja Hanna Yl\u00f6stalo kirjoittivat <a rel=\"noreferrer noopener\" href=\"https:\/\/issuu.com\/voima\/docs\/voimatalous_1-2021?fbclid=IwAR1mBcYDY1qTGApbIAe3qVltu7qEuEXFVutfxGsyftPTONO18fL7JNQq7XI\" target=\"_blank\">Voima-lehden (1\/2021) talousliitteeseen<\/a> tekstin <a href=\"https:\/\/voima.fi\/artikkeli\/2021\/on-olemassa-syy-miksi-markkinafeminismi-ja-feministinen-talouskritiikki-ovat-eri-asioita-lue-tama-artikkeli-ja-opi-tunnistamaan-ero\/\" data-type=\"URL\" data-id=\"https:\/\/voima.fi\/artikkeli\/2021\/on-olemassa-syy-miksi-markkinafeminismi-ja-feministinen-talouskritiikki-ovat-eri-asioita-lue-tama-artikkeli-ja-opi-tunnistamaan-ero\/\">Markkinafeminismi ei korjaa sukupuolittuneen talousj\u00e4rjestelm\u00e4n vikoja<\/a>. Lehti l\u00f6ytyy verkon lis\u00e4ksi Voiman <a rel=\"noreferrer noopener\" href=\"https:\/\/voima.fi\/jakelupaikat\/?fbclid=IwAR3eBaf1th31DsSIGTbYIqLELnh_TchQNwS2MlVcCfy_evfG5qPzH6ZHpgc\" target=\"_blank\">jakelupisteist\u00e4<\/a>. <\/p>\n\n\n\n<p>Hanna Yl\u00f6stalo oli Ylen Politiikkaradion vieraana 20.4.2021, aiheena koronan eriarvoistavat vaikutukset. Jakson nimi on <a rel=\"noreferrer noopener\" href=\"https:\/\/areena.yle.fi\/audio\/1-50800475\" data-type=\"URL\" data-id=\"https:\/\/areena.yle.fi\/audio\/1-50800475\" target=\"_blank\">Korona j\u00e4tt\u00e4\u00e4 pitk\u00e4n ruman j\u00e4ljen: tasa-arvon, talouden ja hoivan kriisi<\/a>. <\/p>\n\n\n\n<p>Inna Perheentupa osallistui Ulkopolitiikka-lehden j\u00e4rjest\u00e4m\u00e4\u00e4n keskusteluun <a rel=\"noreferrer noopener\" href=\"https:\/\/www.youtube.com\/watch?v=k7TfmnfXDSA\" target=\"_blank\">UP Live: Ven\u00e4j\u00e4n kansalaisyhteiskunta<\/a> 15.4.2021.<\/p>\n\n\n\n<p>Femtien tutkijat vastaavat kuulijan kysymykseen sukupuolesta, politiikasta ja julkisuuudesta Ylen <a rel=\"noreferrer noopener\" href=\"https:\/\/areena.yle.fi\/audio\/1-50028946\" target=\"_blank\">Naisasiatoimisto Kaartamo &amp; Tapanainen<\/a> -ohjelmassa 31.3.2021 kohdassa 52:50. <\/p>\n\n\n\n<p><a href=\"https:\/\/www.utu.fi\/fi\/ajankohtaista\/uutinen\/koneen-saatio-tukee-hanna-ylostalon-tyoryhman-taloutta-tasa-arvonakokulmasta\">Koneen S\u00e4\u00e4ti\u00f6 tukee Hanna Yl\u00f6stalon ty\u00f6ryhm\u00e4n taloutta tasa-arvon\u00e4k\u00f6kulmasta l\u00e4hestyv\u00e4\u00e4 tutkimusta<\/a>. Turun yliopisto 3.12.2020.<\/p>\n","protected":false},"excerpt":{"rendered":"<p>Femwashing &#8211; saavutetaanko tasa-arvo kuluttajien voimaantumisella? Emma Lamberg Anniina Nurmen ja Koko Hubaran vieraana Eetti ry:n Hikipaja-podcastissa (julkaistu 28.10.2024). Sukupuolentutkijat kuulisivat lis\u00e4\u00e4 talouspuhetta ihmisten arjesta. Hanna Yl\u00f6stalo kertoo FEMTIE-hankkeesta ja tutkimuksen vuorovaikutuksesta kansalaisyhteiskunnan kanssa. Tampereen yliopisto 24.10. 2024.&nbsp; \u201dMe pid\u00e4mme hoivaa itsest\u00e4\u00e4nselvyyten\u00e4, vaikka sill\u00e4 on hintansa\u201d \u2013 Hoiva on osa globaalia taloutta, mutta sit\u00e4 ei [&hellip;]<\/p>\n","protected":false},"author":2568,"featured_media":0,"parent":0,"menu_order":0,"comment_status":"closed","ping_status":"closed","template":"","meta":{"footnotes":""},"class_list":["post-402","page","type-page","status-publish","hentry"],"yoast_head":"<!-- This site is optimized with the Yoast SEO plugin v27.3 - https:\/\/yoast.com\/product\/yoast-seo-wordpress\/ -->\n<title>Media - FEMTIE<\/title>\n<meta name=\"robots\" content=\"index, follow, max-snippet:-1, max-image-preview:large, max-video-preview:-1\" \/>\n<link rel=\"canonical\" href=\"https:\/\/blogit.utu.fi\/femtie\/media\/\" \/>\n<meta property=\"og:locale\" content=\"fi_FI\" \/>\n<meta property=\"og:type\" content=\"article\" \/>\n<meta property=\"og:title\" content=\"Media - FEMTIE\" \/>\n<meta property=\"og:description\" content=\"Femwashing &#8211; saavutetaanko tasa-arvo kuluttajien voimaantumisella? Emma Lamberg Anniina Nurmen ja Koko Hubaran vieraana Eetti ry:n Hikipaja-podcastissa (julkaistu 28.10.2024). Sukupuolentutkijat kuulisivat lis\u00e4\u00e4 talouspuhetta ihmisten arjesta. Hanna Yl\u00f6stalo kertoo FEMTIE-hankkeesta ja tutkimuksen vuorovaikutuksesta kansalaisyhteiskunnan kanssa. Tampereen yliopisto 24.10. 2024.&nbsp; \u201dMe pid\u00e4mme hoivaa itsest\u00e4\u00e4nselvyyten\u00e4, vaikka sill\u00e4 on hintansa\u201d \u2013 Hoiva on osa globaalia taloutta, mutta sit\u00e4 ei [&hellip;]\" \/>\n<meta property=\"og:url\" content=\"https:\/\/blogit.utu.fi\/femtie\/media\/\" \/>\n<meta property=\"og:site_name\" content=\"FEMTIE\" \/>\n<meta property=\"article:modified_time\" content=\"2024-10-29T09:10:00+00:00\" \/>\n<meta name=\"twitter:card\" content=\"summary_large_image\" \/>\n<meta name=\"twitter:label1\" content=\"Arvioitu lukuaika\" \/>\n\t<meta name=\"twitter:data1\" content=\"5 minuuttia\" \/>\n<script type=\"application\/ld+json\" class=\"yoast-schema-graph\">{\"@context\":\"https:\\\/\\\/schema.org\",\"@graph\":[{\"@type\":\"WebPage\",\"@id\":\"https:\\\/\\\/blogit.utu.fi\\\/femtie\\\/media\\\/\",\"url\":\"https:\\\/\\\/blogit.utu.fi\\\/femtie\\\/media\\\/\",\"name\":\"Media - FEMTIE\",\"isPartOf\":{\"@id\":\"https:\\\/\\\/blogit.utu.fi\\\/femtie\\\/#website\"},\"datePublished\":\"2021-03-16T10:12:55+00:00\",\"dateModified\":\"2024-10-29T09:10:00+00:00\",\"breadcrumb\":{\"@id\":\"https:\\\/\\\/blogit.utu.fi\\\/femtie\\\/media\\\/#breadcrumb\"},\"inLanguage\":\"fi\",\"potentialAction\":[{\"@type\":\"ReadAction\",\"target\":[\"https:\\\/\\\/blogit.utu.fi\\\/femtie\\\/media\\\/\"]}]},{\"@type\":\"BreadcrumbList\",\"@id\":\"https:\\\/\\\/blogit.utu.fi\\\/femtie\\\/media\\\/#breadcrumb\",\"itemListElement\":[{\"@type\":\"ListItem\",\"position\":1,\"name\":\"Etusivu\",\"item\":\"https:\\\/\\\/blogit.utu.fi\\\/femtie\\\/\"},{\"@type\":\"ListItem\",\"position\":2,\"name\":\"Media\"}]},{\"@type\":\"WebSite\",\"@id\":\"https:\\\/\\\/blogit.utu.fi\\\/femtie\\\/#website\",\"url\":\"https:\\\/\\\/blogit.utu.fi\\\/femtie\\\/\",\"name\":\"FEMTIE\",\"description\":\"\",\"potentialAction\":[{\"@type\":\"SearchAction\",\"target\":{\"@type\":\"EntryPoint\",\"urlTemplate\":\"https:\\\/\\\/blogit.utu.fi\\\/femtie\\\/?s={search_term_string}\"},\"query-input\":{\"@type\":\"PropertyValueSpecification\",\"valueRequired\":true,\"valueName\":\"search_term_string\"}}],\"inLanguage\":\"fi\"}]}<\/script>\n<!-- \/ Yoast SEO plugin. -->","yoast_head_json":{"title":"Media - FEMTIE","robots":{"index":"index","follow":"follow","max-snippet":"max-snippet:-1","max-image-preview":"max-image-preview:large","max-video-preview":"max-video-preview:-1"},"canonical":"https:\/\/blogit.utu.fi\/femtie\/media\/","og_locale":"fi_FI","og_type":"article","og_title":"Media - FEMTIE","og_description":"Femwashing &#8211; saavutetaanko tasa-arvo kuluttajien voimaantumisella? Emma Lamberg Anniina Nurmen ja Koko Hubaran vieraana Eetti ry:n Hikipaja-podcastissa (julkaistu 28.10.2024). Sukupuolentutkijat kuulisivat lis\u00e4\u00e4 talouspuhetta ihmisten arjesta. Hanna Yl\u00f6stalo kertoo FEMTIE-hankkeesta ja tutkimuksen vuorovaikutuksesta kansalaisyhteiskunnan kanssa. Tampereen yliopisto 24.10. 2024.&nbsp; \u201dMe pid\u00e4mme hoivaa itsest\u00e4\u00e4nselvyyten\u00e4, vaikka sill\u00e4 on hintansa\u201d \u2013 Hoiva on osa globaalia taloutta, mutta sit\u00e4 ei [&hellip;]","og_url":"https:\/\/blogit.utu.fi\/femtie\/media\/","og_site_name":"FEMTIE","article_modified_time":"2024-10-29T09:10:00+00:00","twitter_card":"summary_large_image","twitter_misc":{"Arvioitu lukuaika":"5 minuuttia"},"schema":{"@context":"https:\/\/schema.org","@graph":[{"@type":"WebPage","@id":"https:\/\/blogit.utu.fi\/femtie\/media\/","url":"https:\/\/blogit.utu.fi\/femtie\/media\/","name":"Media - FEMTIE","isPartOf":{"@id":"https:\/\/blogit.utu.fi\/femtie\/#website"},"datePublished":"2021-03-16T10:12:55+00:00","dateModified":"2024-10-29T09:10:00+00:00","breadcrumb":{"@id":"https:\/\/blogit.utu.fi\/femtie\/media\/#breadcrumb"},"inLanguage":"fi","potentialAction":[{"@type":"ReadAction","target":["https:\/\/blogit.utu.fi\/femtie\/media\/"]}]},{"@type":"BreadcrumbList","@id":"https:\/\/blogit.utu.fi\/femtie\/media\/#breadcrumb","itemListElement":[{"@type":"ListItem","position":1,"name":"Etusivu","item":"https:\/\/blogit.utu.fi\/femtie\/"},{"@type":"ListItem","position":2,"name":"Media"}]},{"@type":"WebSite","@id":"https:\/\/blogit.utu.fi\/femtie\/#website","url":"https:\/\/blogit.utu.fi\/femtie\/","name":"FEMTIE","description":"","potentialAction":[{"@type":"SearchAction","target":{"@type":"EntryPoint","urlTemplate":"https:\/\/blogit.utu.fi\/femtie\/?s={search_term_string}"},"query-input":{"@type":"PropertyValueSpecification","valueRequired":true,"valueName":"search_term_string"}}],"inLanguage":"fi"}]}},"_links":{"self":[{"href":"https:\/\/blogit.utu.fi\/femtie\/wp-json\/wp\/v2\/pages\/402","targetHints":{"allow":["GET"]}}],"collection":[{"href":"https:\/\/blogit.utu.fi\/femtie\/wp-json\/wp\/v2\/pages"}],"about":[{"href":"https:\/\/blogit.utu.fi\/femtie\/wp-json\/wp\/v2\/types\/page"}],"author":[{"embeddable":true,"href":"https:\/\/blogit.utu.fi\/femtie\/wp-json\/wp\/v2\/users\/2568"}],"replies":[{"embeddable":true,"href":"https:\/\/blogit.utu.fi\/femtie\/wp-json\/wp\/v2\/comments?post=402"}],"version-history":[{"count":42,"href":"https:\/\/blogit.utu.fi\/femtie\/wp-json\/wp\/v2\/pages\/402\/revisions"}],"predecessor-version":[{"id":1191,"href":"https:\/\/blogit.utu.fi\/femtie\/wp-json\/wp\/v2\/pages\/402\/revisions\/1191"}],"wp:attachment":[{"href":"https:\/\/blogit.utu.fi\/femtie\/wp-json\/wp\/v2\/media?parent=402"}],"curies":[{"name":"wp","href":"https:\/\/api.w.org\/{rel}","templated":true}]}}