{"id":405,"date":"2021-03-16T10:12:55","date_gmt":"2021-03-16T10:12:55","guid":{"rendered":"https:\/\/blogit.utu.fi\/femtie\/?page_id=405"},"modified":"2021-03-16T11:37:21","modified_gmt":"2021-03-16T11:37:21","slug":"tutkimushanke","status":"publish","type":"page","link":"https:\/\/blogit.utu.fi\/femtie\/tutkimushanke\/","title":{"rendered":"Tutkimushanke"},"content":{"rendered":"\n<p><strong>Tasa-arvoa taloustietoon, feminismi\u00e4 finanssipolitiikkaan \u2013 Feministisen tiedon ja politiikan j\u00e4nnitteet strategisessa valtiossa (FEMTIE) -hanke tutkii tiedon, politiikan ja demokratian j\u00e4nnitteisi\u00e4 suhteita.&nbsp;<\/strong><\/p>\n\n\n\n<p>FEMTIE ottaa kohteekseen keskeisen poliittisten kamppailujen alueen: talouspolitiikan ja taloutta koskevan tiedon. Hankkeemme etsii feministisen politiikan avulla tapoja purkaa talouspolitiikan ja taloutta koskevan tiedon valtaa tuomalla esiin vaihtoehtoisia tapoja tiet\u00e4\u00e4 taloudesta ja ajatella taloutta esimerkiksi sosiaalisena huolenpitona.&nbsp;<\/p>\n\n\n\n<p>Samalla katsomme asiantuntijavetoista feministist\u00e4 politiikkaa kriittisesti ja pohdimme, miten tiedon ja talouden keskeisyys muuttaa kansalaisvaikuttamisen tapoja, rajaa toisin tiet\u00e4misen mahdollisuuksia ja sys\u00e4\u00e4 kansalaisyhteiskunnan toimijoita sivuun vaikuttamisen areenoilta. FEMTIE yhdist\u00e4\u00e4 teorian ja toiminnan kokeilemalla yhdess\u00e4 kansalaisyhteiskunnan toimijoiden kanssa demokraattisempia poliittisen vaikuttamisen tapoja, jotka perustuvat feministist\u00e4 teoriaperinnett\u00e4 seuraten tiedon ja politiikan ymm\u00e4rt\u00e4miseen toisistaan erottamattomiksi sek\u00e4 pyrkimykseen haastaa vallitsevat tiedon ja tiet\u00e4misen k\u00e4yt\u00e4nn\u00f6t.<\/p>\n\n\n\n<p>Poliittisen talouden tutkimuksen, sukupuolentutkimuksen, politiikantutkimuksen ja tiedonsosiologian n\u00e4k\u00f6kulmia yhdistelev\u00e4ss\u00e4 FEMTIE-hankkeessa tutkimme nelj\u00e4n toisiinsa limittyv\u00e4n ty\u00f6paketin avulla tiedon, politiikan ja kansalaisvaikuttamisen j\u00e4nnitteisi\u00e4 suhteita.&nbsp;<\/p>\n\n\n\n<p class=\"has-text-color\" style=\"color:#f1574d\"><strong>1) Sukupuolitietoinen budjetointi<\/strong><\/p>\n\n\n\n<p>Ty\u00f6paketissa tutkitaan tietopohjaisen feministisen strategian, sukupuolitietoisen budjetoinnin kehitt\u00e4mist\u00e4 ja toimeenpanoa Suomessa.&nbsp;<\/p>\n\n\n\n<p class=\"has-text-color\" style=\"color:#f1574d\"><strong>2) Tietoon perustuvien feminististen strategioiden ylikansallinen liikkuminen<\/strong><\/p>\n\n\n\n<p>Ty\u00f6paketissa tutkitaan taloutta koskevaa ylikansallista feministist\u00e4 tietoa ja politiikkaa sek\u00e4 niiden liikkumista Suomeen kahden tapausesimerkin avulla: sukupuolitietoinen budjetointi sek\u00e4 feministiseen taloustieteeseen perustuva kansalaisaktivismi.<\/p>\n\n\n\n<p class=\"has-text-color\" style=\"color:#f1574d\"><strong>3) Feministinen toimijuus poliittisessa julkisuudessa<\/strong><\/p>\n\n\n\n<p>Ty\u00f6paketissa analysoidaan feministisen tiedon ja politiikan diskursiivisia kamppailuja ja ilmenemismuotoja poliittisessa julkisuudessa, sek\u00e4 tutkitaan erilaisten feministisen toimijoiden suhdetta poliittiseen julkisuuteen erityisesti tiedon ja politiikan j\u00e4nnitteisen suhteen n\u00e4k\u00f6kulmasta.&nbsp;<\/p>\n\n\n\n<p class=\"has-text-color\" style=\"color:#f1574d\"><strong>4) Uudenlaiset poliittisen kansalaisvaikuttamisen tavat<\/strong><\/p>\n\n\n\n<p>Ty\u00f6paketti kokeilee uudenlaisia kansalaisvaikuttamisen ja tiet\u00e4misen tapoja. Siin\u00e4 tuotetaan yhdess\u00e4 keskeisten sidosryhmien (kansalaisj\u00e4rjest\u00f6t, kansalaisvaikuttajat, toimittajat, poliitikot, virkamiehet, tutkijat, asiantuntijat) kanssa erilaisten tapahtumien v\u00e4lityksell\u00e4 analyysej\u00e4 tiedon ja politiikan j\u00e4nnitteisen suhteen ylitt\u00e4misest\u00e4 sek\u00e4 uusia toimintatapoja ja tiedon muotoja.&nbsp;Tieteellisen julkaisemisen lis\u00e4ksi tuomme tiedon laajemmalle yleis\u00f6lle tuottamalla yhteisty\u00f6ss\u00e4 hankekumppanimme <a href=\"https:\/\/politiikasta.fi\/\" target=\"_blank\" rel=\"noreferrer noopener\"><em>Politiikasta<\/em>-verkkojulkaisun<\/a> kanssa teemajulkaisuja ja podcasteja tiedon, talouden ja politiikan suhteista sek\u00e4 kansalaisvaikuttamisesta.<\/p>\n","protected":false},"excerpt":{"rendered":"<p>Tasa-arvoa taloustietoon, feminismi\u00e4 finanssipolitiikkaan \u2013 Feministisen tiedon ja politiikan j\u00e4nnitteet strategisessa valtiossa (FEMTIE) -hanke tutkii tiedon, politiikan ja demokratian j\u00e4nnitteisi\u00e4 suhteita.&nbsp; FEMTIE ottaa kohteekseen keskeisen poliittisten kamppailujen alueen: talouspolitiikan ja taloutta koskevan tiedon. Hankkeemme etsii feministisen politiikan avulla tapoja purkaa talouspolitiikan ja taloutta koskevan tiedon valtaa tuomalla esiin vaihtoehtoisia tapoja tiet\u00e4\u00e4 taloudesta ja ajatella taloutta [&hellip;]<\/p>\n","protected":false},"author":2568,"featured_media":0,"parent":0,"menu_order":0,"comment_status":"closed","ping_status":"closed","template":"","meta":{"footnotes":""},"class_list":["post-405","page","type-page","status-publish","hentry"],"yoast_head":"<!-- This site is optimized with the Yoast SEO plugin v27.4 - https:\/\/yoast.com\/product\/yoast-seo-wordpress\/ -->\n<title>Tutkimushanke - FEMTIE<\/title>\n<meta name=\"robots\" content=\"index, follow, max-snippet:-1, max-image-preview:large, max-video-preview:-1\" \/>\n<link rel=\"canonical\" href=\"https:\/\/blogit.utu.fi\/femtie\/tutkimushanke\/\" \/>\n<meta property=\"og:locale\" content=\"fi_FI\" \/>\n<meta property=\"og:type\" content=\"article\" \/>\n<meta property=\"og:title\" content=\"Tutkimushanke - FEMTIE\" \/>\n<meta property=\"og:description\" content=\"Tasa-arvoa taloustietoon, feminismi\u00e4 finanssipolitiikkaan \u2013 Feministisen tiedon ja politiikan j\u00e4nnitteet strategisessa valtiossa (FEMTIE) -hanke tutkii tiedon, politiikan ja demokratian j\u00e4nnitteisi\u00e4 suhteita.&nbsp; FEMTIE ottaa kohteekseen keskeisen poliittisten kamppailujen alueen: talouspolitiikan ja taloutta koskevan tiedon. Hankkeemme etsii feministisen politiikan avulla tapoja purkaa talouspolitiikan ja taloutta koskevan tiedon valtaa tuomalla esiin vaihtoehtoisia tapoja tiet\u00e4\u00e4 taloudesta ja ajatella taloutta [&hellip;]\" \/>\n<meta property=\"og:url\" content=\"https:\/\/blogit.utu.fi\/femtie\/tutkimushanke\/\" \/>\n<meta property=\"og:site_name\" content=\"FEMTIE\" \/>\n<meta property=\"article:modified_time\" content=\"2021-03-16T11:37:21+00:00\" \/>\n<meta name=\"twitter:card\" content=\"summary_large_image\" \/>\n<meta name=\"twitter:label1\" content=\"Arvioitu lukuaika\" \/>\n\t<meta name=\"twitter:data1\" content=\"2 minuuttia\" \/>\n<script type=\"application\/ld+json\" class=\"yoast-schema-graph\">{\"@context\":\"https:\\\/\\\/schema.org\",\"@graph\":[{\"@type\":\"WebPage\",\"@id\":\"https:\\\/\\\/blogit.utu.fi\\\/femtie\\\/tutkimushanke\\\/\",\"url\":\"https:\\\/\\\/blogit.utu.fi\\\/femtie\\\/tutkimushanke\\\/\",\"name\":\"Tutkimushanke - FEMTIE\",\"isPartOf\":{\"@id\":\"https:\\\/\\\/blogit.utu.fi\\\/femtie\\\/#website\"},\"datePublished\":\"2021-03-16T10:12:55+00:00\",\"dateModified\":\"2021-03-16T11:37:21+00:00\",\"breadcrumb\":{\"@id\":\"https:\\\/\\\/blogit.utu.fi\\\/femtie\\\/tutkimushanke\\\/#breadcrumb\"},\"inLanguage\":\"fi\",\"potentialAction\":[{\"@type\":\"ReadAction\",\"target\":[\"https:\\\/\\\/blogit.utu.fi\\\/femtie\\\/tutkimushanke\\\/\"]}]},{\"@type\":\"BreadcrumbList\",\"@id\":\"https:\\\/\\\/blogit.utu.fi\\\/femtie\\\/tutkimushanke\\\/#breadcrumb\",\"itemListElement\":[{\"@type\":\"ListItem\",\"position\":1,\"name\":\"Etusivu\",\"item\":\"https:\\\/\\\/blogit.utu.fi\\\/femtie\\\/\"},{\"@type\":\"ListItem\",\"position\":2,\"name\":\"Tutkimushanke\"}]},{\"@type\":\"WebSite\",\"@id\":\"https:\\\/\\\/blogit.utu.fi\\\/femtie\\\/#website\",\"url\":\"https:\\\/\\\/blogit.utu.fi\\\/femtie\\\/\",\"name\":\"FEMTIE\",\"description\":\"\",\"potentialAction\":[{\"@type\":\"SearchAction\",\"target\":{\"@type\":\"EntryPoint\",\"urlTemplate\":\"https:\\\/\\\/blogit.utu.fi\\\/femtie\\\/?s={search_term_string}\"},\"query-input\":{\"@type\":\"PropertyValueSpecification\",\"valueRequired\":true,\"valueName\":\"search_term_string\"}}],\"inLanguage\":\"fi\"}]}<\/script>\n<!-- \/ Yoast SEO plugin. -->","yoast_head_json":{"title":"Tutkimushanke - FEMTIE","robots":{"index":"index","follow":"follow","max-snippet":"max-snippet:-1","max-image-preview":"max-image-preview:large","max-video-preview":"max-video-preview:-1"},"canonical":"https:\/\/blogit.utu.fi\/femtie\/tutkimushanke\/","og_locale":"fi_FI","og_type":"article","og_title":"Tutkimushanke - FEMTIE","og_description":"Tasa-arvoa taloustietoon, feminismi\u00e4 finanssipolitiikkaan \u2013 Feministisen tiedon ja politiikan j\u00e4nnitteet strategisessa valtiossa (FEMTIE) -hanke tutkii tiedon, politiikan ja demokratian j\u00e4nnitteisi\u00e4 suhteita.&nbsp; FEMTIE ottaa kohteekseen keskeisen poliittisten kamppailujen alueen: talouspolitiikan ja taloutta koskevan tiedon. Hankkeemme etsii feministisen politiikan avulla tapoja purkaa talouspolitiikan ja taloutta koskevan tiedon valtaa tuomalla esiin vaihtoehtoisia tapoja tiet\u00e4\u00e4 taloudesta ja ajatella taloutta [&hellip;]","og_url":"https:\/\/blogit.utu.fi\/femtie\/tutkimushanke\/","og_site_name":"FEMTIE","article_modified_time":"2021-03-16T11:37:21+00:00","twitter_card":"summary_large_image","twitter_misc":{"Arvioitu lukuaika":"2 minuuttia"},"schema":{"@context":"https:\/\/schema.org","@graph":[{"@type":"WebPage","@id":"https:\/\/blogit.utu.fi\/femtie\/tutkimushanke\/","url":"https:\/\/blogit.utu.fi\/femtie\/tutkimushanke\/","name":"Tutkimushanke - FEMTIE","isPartOf":{"@id":"https:\/\/blogit.utu.fi\/femtie\/#website"},"datePublished":"2021-03-16T10:12:55+00:00","dateModified":"2021-03-16T11:37:21+00:00","breadcrumb":{"@id":"https:\/\/blogit.utu.fi\/femtie\/tutkimushanke\/#breadcrumb"},"inLanguage":"fi","potentialAction":[{"@type":"ReadAction","target":["https:\/\/blogit.utu.fi\/femtie\/tutkimushanke\/"]}]},{"@type":"BreadcrumbList","@id":"https:\/\/blogit.utu.fi\/femtie\/tutkimushanke\/#breadcrumb","itemListElement":[{"@type":"ListItem","position":1,"name":"Etusivu","item":"https:\/\/blogit.utu.fi\/femtie\/"},{"@type":"ListItem","position":2,"name":"Tutkimushanke"}]},{"@type":"WebSite","@id":"https:\/\/blogit.utu.fi\/femtie\/#website","url":"https:\/\/blogit.utu.fi\/femtie\/","name":"FEMTIE","description":"","potentialAction":[{"@type":"SearchAction","target":{"@type":"EntryPoint","urlTemplate":"https:\/\/blogit.utu.fi\/femtie\/?s={search_term_string}"},"query-input":{"@type":"PropertyValueSpecification","valueRequired":true,"valueName":"search_term_string"}}],"inLanguage":"fi"}]}},"_links":{"self":[{"href":"https:\/\/blogit.utu.fi\/femtie\/wp-json\/wp\/v2\/pages\/405","targetHints":{"allow":["GET"]}}],"collection":[{"href":"https:\/\/blogit.utu.fi\/femtie\/wp-json\/wp\/v2\/pages"}],"about":[{"href":"https:\/\/blogit.utu.fi\/femtie\/wp-json\/wp\/v2\/types\/page"}],"author":[{"embeddable":true,"href":"https:\/\/blogit.utu.fi\/femtie\/wp-json\/wp\/v2\/users\/2568"}],"replies":[{"embeddable":true,"href":"https:\/\/blogit.utu.fi\/femtie\/wp-json\/wp\/v2\/comments?post=405"}],"version-history":[{"count":6,"href":"https:\/\/blogit.utu.fi\/femtie\/wp-json\/wp\/v2\/pages\/405\/revisions"}],"predecessor-version":[{"id":654,"href":"https:\/\/blogit.utu.fi\/femtie\/wp-json\/wp\/v2\/pages\/405\/revisions\/654"}],"wp:attachment":[{"href":"https:\/\/blogit.utu.fi\/femtie\/wp-json\/wp\/v2\/media?parent=405"}],"curies":[{"name":"wp","href":"https:\/\/api.w.org\/{rel}","templated":true}]}}