{"id":39,"date":"2017-11-22T07:53:57","date_gmt":"2017-11-22T07:53:57","guid":{"rendered":"https:\/\/blogit.utu.fi\/finemo2018\/?page_id=39"},"modified":"2018-05-04T13:01:34","modified_gmt":"2018-05-04T13:01:34","slug":"kaytannon-asiat","status":"publish","type":"page","link":"https:\/\/blogit.utu.fi\/finemo2018\/kaytannon-asiat\/","title":{"rendered":"Kartta"},"content":{"rendered":"<p><a href=\"https:\/\/blogit.utu.fi\/finemo2018\/wp-content\/uploads\/sites\/131\/2018\/05\/Kampuskartta.jpg\" target=\"_blank\" rel=\"noopener\"><img loading=\"lazy\" decoding=\"async\" class=\"alignnone wp-image-170 size-full\" src=\"https:\/\/blogit.utu.fi\/finemo2018\/wp-content\/uploads\/sites\/131\/2018\/05\/Kampuskartta.jpg\" alt=\"\" width=\"1538\" height=\"828\" srcset=\"https:\/\/blogit.utu.fi\/finemo2018\/wp-content\/uploads\/sites\/131\/2018\/05\/Kampuskartta.jpg 1538w, https:\/\/blogit.utu.fi\/finemo2018\/wp-content\/uploads\/sites\/131\/2018\/05\/Kampuskartta-300x162.jpg 300w, https:\/\/blogit.utu.fi\/finemo2018\/wp-content\/uploads\/sites\/131\/2018\/05\/Kampuskartta-768x413.jpg 768w, https:\/\/blogit.utu.fi\/finemo2018\/wp-content\/uploads\/sites\/131\/2018\/05\/Kampuskartta-1024x551.jpg 1024w, https:\/\/blogit.utu.fi\/finemo2018\/wp-content\/uploads\/sites\/131\/2018\/05\/Kampuskartta-676x364.jpg 676w\" sizes=\"auto, (max-width: 1538px) 100vw, 1538px\" \/><\/a><\/p>\n<p>Kuva suurenee klikkaamalla.<\/p>\n<p>Artium l\u00f6ytyy Sirkkalan kasarmilta Kaivokadun ja Sirkkalankadun risteyksest\u00e4. Janus-sali l\u00f6ytyy punaisten nuolten osoittamasta nivelosasta. Seminaarisali Hovi l\u00f6ytyy Artiumin toisesta p\u00e4\u00e4dyst\u00e4 (1. krs).<\/p>\n<p><a href=\"http:\/\/www.utu.fi\/fi\/Yliopisto\/kartta\/Sivut\/home.aspx\">Turun yliopiston karttalinkki \u00a0<\/a>(Artium T53)<\/p>\n","protected":false},"excerpt":{"rendered":"<p>Kuva suurenee klikkaamalla. Artium l\u00f6ytyy Sirkkalan kasarmilta Kaivokadun ja Sirkkalankadun risteyksest\u00e4. Janus-sali l\u00f6ytyy punaisten nuolten osoittamasta nivelosasta. Seminaarisali Hovi l\u00f6ytyy Artiumin toisesta p\u00e4\u00e4dyst\u00e4 (1. krs). Turun yliopiston karttalinkki \u00a0(Artium T53)<\/p>\n","protected":false},"author":839,"featured_media":0,"parent":0,"menu_order":0,"comment_status":"closed","ping_status":"closed","template":"","meta":{"footnotes":""},"class_list":["post-39","page","type-page","status-publish","hentry","post-preview"],"_links":{"self":[{"href":"https:\/\/blogit.utu.fi\/finemo2018\/wp-json\/wp\/v2\/pages\/39","targetHints":{"allow":["GET"]}}],"collection":[{"href":"https:\/\/blogit.utu.fi\/finemo2018\/wp-json\/wp\/v2\/pages"}],"about":[{"href":"https:\/\/blogit.utu.fi\/finemo2018\/wp-json\/wp\/v2\/types\/page"}],"author":[{"embeddable":true,"href":"https:\/\/blogit.utu.fi\/finemo2018\/wp-json\/wp\/v2\/users\/839"}],"replies":[{"embeddable":true,"href":"https:\/\/blogit.utu.fi\/finemo2018\/wp-json\/wp\/v2\/comments?post=39"}],"version-history":[{"count":13,"href":"https:\/\/blogit.utu.fi\/finemo2018\/wp-json\/wp\/v2\/pages\/39\/revisions"}],"predecessor-version":[{"id":177,"href":"https:\/\/blogit.utu.fi\/finemo2018\/wp-json\/wp\/v2\/pages\/39\/revisions\/177"}],"wp:attachment":[{"href":"https:\/\/blogit.utu.fi\/finemo2018\/wp-json\/wp\/v2\/media?parent=39"}],"curies":[{"name":"wp","href":"https:\/\/api.w.org\/{rel}","templated":true}]}}