{"id":52,"date":"2017-11-22T07:55:31","date_gmt":"2017-11-22T07:55:31","guid":{"rendered":"https:\/\/blogit.utu.fi\/finemo2018\/?page_id=52"},"modified":"2018-04-27T09:58:42","modified_gmt":"2018-04-27T09:58:42","slug":"keynote-luennoitsijat","status":"publish","type":"page","link":"https:\/\/blogit.utu.fi\/finemo2018\/keynote-luennoitsijat\/","title":{"rendered":"Keynote"},"content":{"rendered":"<p>Maanantai 21.5. Sirkkalan kampus, Janus-sali, klo 11.00\u201312.45.<\/p>\n<h4>Keynote: Lauri Nummenmaa (TY): <em>Tunteet, aivot ja tietoisuus<\/em><\/h4>\n<h4>Keynote: Tuomas Tepora (HY): <em>Kiihke\u00e4\u00e4 historiantutkimusta. Tunnehistoria t\u00e4n\u00e4\u00e4n<\/em><\/h4>\n<p>Kutsuttuina puhujina symposiumissa esiintyv\u00e4t apulaisprofessori, dosentti Lauri Nummenmaa tunteiden fysiologian l\u00e4\u00e4ketieteelliseen kuvantamiseen erikoistuneesta Turun yliopiston Nummenmaa-laboratoriosta ja dosentti Tuomas Tepora Helsingin tutkijakollegiumista.<\/p>\n<p>Nummenmaan ja h\u00e4nen ryhm\u00e4ns\u00e4 laboratorion toiminnasta l\u00f6yd\u00e4t lis\u00e4\u00e4 tietoa t\u00e4\u00e4lt\u00e4: <a href=\"http:\/\/emotion.utu.fi\/\">http:\/\/emotion.utu.fi\/<\/a> .<\/p>\n<p>Tuomas Teporan Helsingin yliopiston alainen kotisivu l\u00f6ytyy <a href=\"https:\/\/tuhat.helsinki.fi\/portal\/en\/persons\/tuomas-tepora(9bb635df-2cdc-433c-922f-d60f0d42966e).html\">t\u00e4\u00e4lt\u00e4<\/a>.<\/p>\n","protected":false},"excerpt":{"rendered":"<p>Maanantai 21.5. Sirkkalan kampus, Janus-sali, klo 11.00\u201312.45. Keynote: Lauri Nummenmaa (TY): Tunteet, aivot ja tietoisuus Keynote: Tuomas Tepora (HY): Kiihke\u00e4\u00e4 historiantutkimusta. Tunnehistoria t\u00e4n\u00e4\u00e4n Kutsuttuina puhujina symposiumissa esiintyv\u00e4t apulaisprofessori, dosentti Lauri Nummenmaa tunteiden fysiologian l\u00e4\u00e4ketieteelliseen kuvantamiseen erikoistuneesta Turun yliopiston Nummenmaa-laboratoriosta ja dosentti Tuomas Tepora Helsingin tutkijakollegiumista. Nummenmaan ja h\u00e4nen ryhm\u00e4ns\u00e4 laboratorion toiminnasta l\u00f6yd\u00e4t lis\u00e4\u00e4 tietoa t\u00e4\u00e4lt\u00e4: [&hellip;]<\/p>\n","protected":false},"author":839,"featured_media":0,"parent":0,"menu_order":0,"comment_status":"closed","ping_status":"closed","template":"","meta":{"footnotes":""},"class_list":["post-52","page","type-page","status-publish","hentry","post-preview"],"_links":{"self":[{"href":"https:\/\/blogit.utu.fi\/finemo2018\/wp-json\/wp\/v2\/pages\/52","targetHints":{"allow":["GET"]}}],"collection":[{"href":"https:\/\/blogit.utu.fi\/finemo2018\/wp-json\/wp\/v2\/pages"}],"about":[{"href":"https:\/\/blogit.utu.fi\/finemo2018\/wp-json\/wp\/v2\/types\/page"}],"author":[{"embeddable":true,"href":"https:\/\/blogit.utu.fi\/finemo2018\/wp-json\/wp\/v2\/users\/839"}],"replies":[{"embeddable":true,"href":"https:\/\/blogit.utu.fi\/finemo2018\/wp-json\/wp\/v2\/comments?post=52"}],"version-history":[{"count":5,"href":"https:\/\/blogit.utu.fi\/finemo2018\/wp-json\/wp\/v2\/pages\/52\/revisions"}],"predecessor-version":[{"id":148,"href":"https:\/\/blogit.utu.fi\/finemo2018\/wp-json\/wp\/v2\/pages\/52\/revisions\/148"}],"wp:attachment":[{"href":"https:\/\/blogit.utu.fi\/finemo2018\/wp-json\/wp\/v2\/media?parent=52"}],"curies":[{"name":"wp","href":"https:\/\/api.w.org\/{rel}","templated":true}]}}