{"id":4235,"date":"2019-03-26T08:25:54","date_gmt":"2019-03-26T08:25:54","guid":{"rendered":"https:\/\/blogit.utu.fi\/hazard\/?page_id=4235"},"modified":"2019-05-13T07:40:09","modified_gmt":"2019-05-13T07:40:09","slug":"reviews-presentations","status":"publish","type":"page","link":"https:\/\/blogit.utu.fi\/hazard\/reviews-presentations\/","title":{"rendered":"Reviews &amp; presentations"},"content":{"rendered":"<h2>Reviews &amp; surveys<\/h2>\n<p><a href=\"https:\/\/blogit.utu.fi\/hazard\/wp-content\/uploads\/sites\/65\/2017\/09\/Executive-summary-of-relevant-current-EU-safety-regulation-for-BSR-seaports.xlsx\">Executive summary of relevant current EU safety regulation for BSR seaports<\/a><\/p>\n<p><a href=\"http:\/\/blogit.utu.fi\/hazard\/wp-content\/uploads\/sites\/65\/2016\/11\/HAZARD_Literature_review.xlsx\">Maritime Seaport Safety &amp; Security Relevant Literature Review<\/a><\/p>\n<p><a href=\"https:\/\/blogit.utu.fi\/hazard\/wp-content\/uploads\/sites\/65\/2019\/04\/HAZARD-Survey-Results.pdf\">Survey Study on Risk Management in BSR Seaports<\/a><\/p>\n<p><a href=\"https:\/\/blogit.utu.fi\/hazard\/wp-content\/uploads\/sites\/65\/2019\/05\/HAZARD-Report-\u2013-Equipment-testing.pdf\">Work package 5 report: Equipment testing<\/a><\/p>\n<p>&nbsp;<\/p>\n<h2>Presentations<\/h2>\n<h3>HAZARD Final Conference in Tallinn, Estonia, 14\u201315 March 2019<\/h3>\n<p><a href=\"https:\/\/blogit.utu.fi\/hazard\/wp-content\/uploads\/sites\/65\/2019\/03\/1_HAZARD-FC_Lauri-Ojala.pdf\"><strong>Introduction and welcome<\/strong> by Lauri Ojala, professor at University of Turku, HAZARD Project Director<\/a><\/p>\n<p><a href=\"https:\/\/blogit.utu.fi\/hazard\/wp-content\/uploads\/sites\/65\/2019\/03\/2_HAZARD_FC_Bogdan-Oldakowski.pdf\"><strong>Current issues in Baltic ports<\/strong> by Bogdan O\u0142dakowski, BPO Secretary General<\/a><\/p>\n<p><a href=\"https:\/\/blogit.utu.fi\/hazard\/wp-content\/uploads\/sites\/65\/2019\/03\/3_HAZARD-FC_Markku-Mylly.pdf\"><strong>Current Maritime Safety Issues<\/strong> by Markku Mylly, former Executive Director of EMSA<\/a><\/p>\n<p><a href=\"https:\/\/blogit.utu.fi\/hazard\/wp-content\/uploads\/sites\/65\/2019\/03\/4_HAZARD-FC_Christopher-Ross.pdf\"><strong>Seaport Security Issues<\/strong> by Christopher Ross, European Commission Directorate-General for Mobility and Transport<\/a><\/p>\n<p><a href=\"https:\/\/blogit.utu.fi\/hazard\/wp-content\/uploads\/sites\/65\/2019\/03\/5_HAZARD_FC_Peter-Johansson.pdf\"><strong>Mitigating Emergencies in Seaports<\/strong> by Peter Johansson, Rescue Director, Eastern-Uusimaa Emergency Services Department<\/a><\/p>\n<p><a href=\"https:\/\/blogit.utu.fi\/hazard\/wp-content\/uploads\/sites\/65\/2019\/03\/6_HAZARD-FC_Wolfgang-Kersten.pdf\"><strong>Risk Management in Seaports<\/strong> by Wolfgang Kersten, Prof. Dr. Dr. h. c. &amp; Ayman Nagi, M.Sc., MBA, Hamburg University of Technology<\/a><\/p>\n<p><a href=\"https:\/\/blogit.utu.fi\/hazard\/wp-content\/uploads\/sites\/65\/2019\/03\/7_HAZARD-FC_Tiia-Lohela.pdf\"><strong>Hybrid Threats and Maritime Security<\/strong> by Tiia Lohela, Special Advisor, Hybrid CoE<\/a><\/p>\n<p><a href=\"https:\/\/blogit.utu.fi\/hazard\/wp-content\/uploads\/sites\/65\/2019\/03\/8_HAZARD-FC_Eeli-Friman-Lauri-Ojala.pdf\"><strong>Baltic Sea Region Transport and Logistics 2030 Foresight Survey<\/strong> by Eeli Friman &amp; professor Lauri Ojala, University of Turku<\/a><\/p>\n<p><a href=\"https:\/\/blogit.utu.fi\/hazard\/wp-content\/uploads\/sites\/65\/2019\/03\/9_HAZARD-FC_Sari-Kokkila-Lauri-Ojala-1.pdf\"><strong>North European Port Authorities&#8217; Website Content and Usability Evaluation<\/strong> by Sari Kokkila &amp; professor Lauri Ojala, University of Turku<\/a><\/p>\n<h3>Workshop in Gdynia, Poland, 15 February 2019<\/h3>\n<p><a href=\"https:\/\/blogit.utu.fi\/hazard\/wp-content\/uploads\/sites\/65\/2019\/03\/Blokus-et-al..pdf\"><strong>Crude Oil Transfer Safety Analysis and Oil Spills Prevention in Port Oil Terminal\u2014part 1<\/strong> by Agnieszka Blokus, Bo\u017cena Kwiatuszewska-Sarnecka, Przemys\u0142aw Wilczy\u0144ski and Pawe\u0142 Wolny, Gdynia Maritime University &amp; PSRA<\/a><\/p>\n<p><a href=\"https:\/\/blogit.utu.fi\/hazard\/wp-content\/uploads\/sites\/65\/2019\/03\/Blokus-et-al.-2.pdf\"><strong>Crude Oil Transfer Safety Analysis and Oil Spills Prevention in Port Oil Terminal\u2014part 2<\/strong> by Agnieszka Blokus, Bo\u017cena Kwiatuszewska-Sarnecka, Przemys\u0142aw Wilczy\u0144ski and Pawe\u0142 Wolny, Gdynia Maritime University &amp; PSRA<\/a><\/p>\n<p><a href=\"https:\/\/blogit.utu.fi\/hazard\/wp-content\/uploads\/sites\/65\/2019\/03\/Grabski.pdf\"><strong>Modelling Accidents at Baltic Port and Sea Water Areas<\/strong> by Franciszek Grabski, Polish Naval Academy &amp; PSRA<\/a><\/p>\n<p><a href=\"https:\/\/blogit.utu.fi\/hazard\/wp-content\/uploads\/sites\/65\/2019\/03\/Guze.pdf\"><strong>Risk Management in Seaports<\/strong> by Sambor Guze, Gdynia Maritime University &amp; PSRA<\/a><\/p>\n<p><a href=\"https:\/\/blogit.utu.fi\/hazard\/wp-content\/uploads\/sites\/65\/2019\/03\/Ko\u0142owrocki-D\u0105browska.pdf\"><strong>Modelling, Identification and Prediction of Oil Spill Domains at Port and Sea Water Areas<\/strong> by Krzysztof Ko\u0142owrocki, Ewa D\u0105browska, Gdynia Maritime University &amp; PSRA<\/a><\/p>\n<p><a href=\"https:\/\/blogit.utu.fi\/hazard\/wp-content\/uploads\/sites\/65\/2019\/03\/Kosmowski-Go\u0142\u0119biewski.pdf\"><strong>Functional Safety and Cyber Security Analysis and Management of Industrial Control Systems in Hazardous Plants and Port Oil Critical Infrastructures Including Insurance Aspects<\/strong> by Kazimierz Kosmowski Gdynia Maritime University &amp; PSRA, Dariusz Go\u0142\u0119biewski, PZU <\/a><\/p>\n<p><a href=\"https:\/\/blogit.utu.fi\/hazard\/wp-content\/uploads\/sites\/65\/2019\/03\/Malinowski.pdf\"><strong>Algorithmic Tools for Supporting Root Cause Analysis of Critical Incidents in Baltic Sea Ports<\/strong> by Jacek Malinowski, Polish Academy of Sciences &amp; PSRA\u00a0<\/a><\/p>\n<p><a href=\"https:\/\/blogit.utu.fi\/hazard\/wp-content\/uploads\/sites\/65\/2019\/03\/\u015aliwi\u0144ski-Piesik.pdf\"><strong>Integrated Approach to Functional Safety and Cyber Security Management in Maritime Critical Infrastructures<\/strong> by Marcin \u015aliwi\u0144ski, Emilian Piesik, Gdynia University of Technology<\/a><\/p>\n<p><a href=\"https:\/\/blogit.utu.fi\/hazard\/wp-content\/uploads\/sites\/65\/2019\/03\/Tch\u0142\u00f3rzewska-Cie\u015blak-et-al..pdf\"><strong>Methods for Identifying Threats of Critical Infrastructure Systems within Baltic Sea Region<\/strong> by Barbara Tch\u0142\u00f3rzewska-Cie\u015blak, Katarzyna Pietrucha-Urbanik, Dawid Szpak, PSRA<\/a><\/p>\n<p><a href=\"https:\/\/blogit.utu.fi\/hazard\/wp-content\/uploads\/sites\/65\/2019\/03\/Ko\u0142owrocki-Soszy\u0144ska-Budny.pdf\"><strong>Safety and Security of Baltic Sea Area Critical Infrastructure Networks\u2014Integrated Management System <\/strong>by Krzysztof Ko\u0142owrocki, Joanna Soszy\u0144ska-Budny, Gdynia Maritime University &amp; PSRA<\/a><\/p>\n","protected":false},"excerpt":{"rendered":"<p>Reviews &amp; surveys Executive summary of relevant current EU safety regulation for BSR seaports Maritime Seaport Safety &amp; Security Relevant Literature Review Survey Study on Risk Management in BSR Seaports Work package 5 report: Equipment testing &nbsp; Presentations HAZARD Final Conference in Tallinn, Estonia, 14\u201315 March 2019 Introduction and welcome &#8230;<\/p>\n","protected":false},"author":2129,"featured_media":0,"parent":0,"menu_order":0,"comment_status":"closed","ping_status":"closed","template":"","meta":{"footnotes":""},"class_list":["post-4235","page","type-page","status-publish","hentry","column","twocol"],"_links":{"self":[{"href":"https:\/\/blogit.utu.fi\/hazard\/wp-json\/wp\/v2\/pages\/4235","targetHints":{"allow":["GET"]}}],"collection":[{"href":"https:\/\/blogit.utu.fi\/hazard\/wp-json\/wp\/v2\/pages"}],"about":[{"href":"https:\/\/blogit.utu.fi\/hazard\/wp-json\/wp\/v2\/types\/page"}],"author":[{"embeddable":true,"href":"https:\/\/blogit.utu.fi\/hazard\/wp-json\/wp\/v2\/users\/2129"}],"replies":[{"embeddable":true,"href":"https:\/\/blogit.utu.fi\/hazard\/wp-json\/wp\/v2\/comments?post=4235"}],"version-history":[{"count":13,"href":"https:\/\/blogit.utu.fi\/hazard\/wp-json\/wp\/v2\/pages\/4235\/revisions"}],"predecessor-version":[{"id":4670,"href":"https:\/\/blogit.utu.fi\/hazard\/wp-json\/wp\/v2\/pages\/4235\/revisions\/4670"}],"wp:attachment":[{"href":"https:\/\/blogit.utu.fi\/hazard\/wp-json\/wp\/v2\/media?parent=4235"}],"curies":[{"name":"wp","href":"https:\/\/api.w.org\/{rel}","templated":true}]}}