{"id":47,"date":"2019-01-15T09:51:51","date_gmt":"2019-01-15T07:51:51","guid":{"rendered":"https:\/\/blogit.utu.fi\/innokomp\/?page_id=47"},"modified":"2020-01-24T11:22:56","modified_gmt":"2020-01-24T09:22:56","slug":"yhteisopettajuus","status":"publish","type":"page","link":"https:\/\/blogit.utu.fi\/innokomp\/materiaalit\/yhteisopettajuus\/","title":{"rendered":"Yhteisopetus"},"content":{"rendered":"<p><span style=\"font-weight: 400\">K\u00e4sity\u00f6ss\u00e4 yhteisopetus n\u00e4hd\u00e4\u00e4n k\u00e4sity\u00f6n opettajien v\u00e4lisen\u00e4 yhteisty\u00f6n\u00e4, jossa he suunnittelevat, toteuttavat ja arvioivat yhdess\u00e4 monimateriaalista k\u00e4sity\u00f6n opetusta. Yhteisopetus mahdollistaa muun muassa vertaisoppimisen, vahvuuksien hy\u00f6dynt\u00e4misen ty\u00f6njaossa, henkisen tuen saamisen kollegalta, eriytt\u00e4misen, ajatusten vaihtamisen ja monipuolisemmat oppimisteht\u00e4v\u00e4t. Yhteisopetus<\/span> <span style=\"font-weight: 400\">tarjoaa k\u00e4sity\u00f6nopetukseen uusia n\u00e4k\u00f6kulmia, ammatillista tukea ja oppilasarviointiin tasa-arvoisen k\u00e4yt\u00e4nn\u00f6n. Erilaisia k\u00e4sity\u00f6llisi\u00e4 materiaaliteknologioita (ts.kovia ja pehmeit\u00e4 materiaaleja) opettavien opettajien yhdess\u00e4 antama opetus on oppilaan etu, mutta se mahdollistaa my\u00f6s ty\u00f6ss\u00e4 kehittymisen yhdess\u00e4. Toteutustavasta riippumatta eri k\u00e4sity\u00f6llisten materiaaliteknologioiden sis\u00e4ll\u00f6iss\u00e4 on paljon yhteist\u00e4 niin estetiikassa, k\u00e4ytt\u00e4j\u00e4l\u00e4ht\u00f6isyydess\u00e4 kuin teknologiassakin. Lis\u00e4ksi yhteisty\u00f6 eri oppiaineiden sek\u00e4 luokanopettajien kanssa tarjoaa mahdollisuuksia oppijal\u00e4ht\u00f6isiin oppiainerajat ylitt\u00e4viin projekteihin.<\/span><\/p>\n<hr \/>\n<h3><strong>Starttilista yhteisopetettavaan projektiin<\/strong><\/h3>\n<p>Starttilista kannattaa ottaa esiin heti yhteisopetettavan projektin suunnittelun alkuvaiheissa. Listaa ei ole tarkoitettu t\u00e4ytett\u00e4v\u00e4ksi yhdell\u00e4 istumalla, sill\u00e4 vaikka osa asioista loksahtaa kohdalleen nopeammin, osa voi vaatia pidemm\u00e4n kypsyttelyn ja esimerkiksi projektin sis\u00e4lt\u00f6jen selkeytymisen. Lista toimii parhaiten, jos opettajatiimin j\u00e4senet ensin kukin tahoillaan valmistautuvat pohtimalla listalla mainittuja asioita, ja tuovat tekem\u00e4ns\u00e4 muistiinpanot yhteiseen keskusteluun. Kesken j\u00e4\u00e4neisiin asioihin palataan my\u00f6hemmin, alarivill\u00e4 sovittuna ajankohtana.<\/p>\n<p>Lataa pohja omaan k\u00e4ytt\u00f6\u00f6si t\u00e4st\u00e4:\u00a0<a href=\"https:\/\/blogit.utu.fi\/innokomp\/wp-content\/uploads\/sites\/263\/2019\/10\/StarttilistaYhteisopettajuuteen.pdf\">StarttilistaYhteisopettajuuteen<\/a><\/p>\n<hr \/>\n<p>Mit\u00e4 on yhteisopettajuus ja miten sit\u00e4 voidaan toteuttaa?<\/p>\n<p style=\"text-align: center\"><div class=\"ead-preview\"><div class=\"ead-document\" style=\"position: relative;\"><div class=\"ead-iframe-wrapper\"><iframe src=\"\/\/docs.google.com\/viewer?url=https%3A%2F%2Fblogit.utu.fi%2Finnokomp%2Fwp-content%2Fuploads%2Fsites%2F263%2F2019%2F04%2FNakokulmia-yhteisopettajuuteen.pdf&amp;embedded=true&amp;hl=en\" title=\"Embedded Document\" class=\"ead-iframe\" style=\"width: 800px;height: 450px;border: none;visibility: hidden;\"><\/iframe><\/div>\t\t\t<div class=\"ead-document-loading\" style=\"width:100%;height:100%;position:absolute;left:0;top:0;z-index:10;\">\n\t\t\t\t<div class=\"ead-loading-wrap\">\n\t\t\t\t\t<div class=\"ead-loading-main\">\n\t\t\t\t\t\t<div class=\"ead-loading\">\n\t\t\t\t\t\t\t<img loading=\"lazy\" decoding=\"async\" src=\"https:\/\/blogit.utu.fi\/innokomp\/wp-content\/plugins\/embed-any-document\/images\/loading.svg\" width=\"55\" height=\"55\" alt=\"Loader\">\n\t\t\t\t\t\t\t<span>Loading...<\/span>\n\t\t\t\t\t\t<\/div>\n\t\t\t\t\t<\/div>\n\t\t\t\t\t<div class=\"ead-loading-foot\">\n\t\t\t\t\t\t<div class=\"ead-loading-foot-title\">\n\t\t\t\t\t\t\t<img loading=\"lazy\" decoding=\"async\" src=\"https:\/\/blogit.utu.fi\/innokomp\/wp-content\/plugins\/embed-any-document\/images\/EAD-logo.svg\" alt=\"EAD Logo\" width=\"36\" height=\"23\"\/>\n\t\t\t\t\t\t\t<span>Taking too long?<\/span>\n\t\t\t\t\t\t<\/div>\n\t\t\t\t\t\t<p>\n\t\t\t\t\t\t\t<div class=\"ead-document-btn ead-reload-btn\" role=\"button\">\n\t\t\t\t\t\t\t\t<img loading=\"lazy\" decoding=\"async\" src=\"https:\/\/blogit.utu.fi\/innokomp\/wp-content\/plugins\/embed-any-document\/images\/reload.svg\" alt=\"Reload\" width=\"12\" height=\"12\"\/> Reload document\t\t\t\t\t\t\t<\/div>\n\t\t\t\t\t\t\t<span>|<\/span>\n\t\t\t\t\t\t\t<a href=\"https:\/\/blogit.utu.fi\/innokomp\/wp-content\/uploads\/sites\/263\/2019\/04\/Nakokulmia-yhteisopettajuuteen.pdf\" class=\"ead-document-btn\" target=\"_blank\">\n\t\t\t\t\t\t\t\t<img loading=\"lazy\" decoding=\"async\" src=\"https:\/\/blogit.utu.fi\/innokomp\/wp-content\/plugins\/embed-any-document\/images\/open.svg\" alt=\"Open\" width=\"12\" height=\"12\"\/> Open in new tab\t\t\t\t\t\t\t<\/a>\n\t\t\t\t\t<\/div>\n\t\t\t\t<\/div>\n\t\t\t<\/div>\n\t\t<\/div><p class=\"embed_download\"><a href=\"https:\/\/blogit.utu.fi\/innokomp\/wp-content\/uploads\/sites\/263\/2019\/04\/Nakokulmia-yhteisopettajuuteen.pdf\" download>Lataa pdf [1.21 MB] <\/a><\/p><\/div><\/p>\n<hr \/>\n<p>Professori Eila Lindforssin ja tohtorikoulutettava Juha Jaatisen esitys yhteisopettajuudesta.<\/p>\n<p style=\"text-align: center\"><div class=\"ead-preview\"><div class=\"ead-document\" style=\"position: relative;\"><div class=\"ead-iframe-wrapper\"><iframe src=\"\/\/docs.google.com\/viewer?url=https%3A%2F%2Fblogit.utu.fi%2Finnokomp%2Fwp-content%2Fuploads%2Fsites%2F263%2F2019%2F04%2FYhteisopettajuus.pdf&amp;embedded=true&amp;hl=en\" title=\"Embedded Document\" class=\"ead-iframe\" style=\"width: 800px;height: 450px;border: none;visibility: hidden;\"><\/iframe><\/div>\t\t\t<div class=\"ead-document-loading\" style=\"width:100%;height:100%;position:absolute;left:0;top:0;z-index:10;\">\n\t\t\t\t<div class=\"ead-loading-wrap\">\n\t\t\t\t\t<div class=\"ead-loading-main\">\n\t\t\t\t\t\t<div class=\"ead-loading\">\n\t\t\t\t\t\t\t<img loading=\"lazy\" decoding=\"async\" src=\"https:\/\/blogit.utu.fi\/innokomp\/wp-content\/plugins\/embed-any-document\/images\/loading.svg\" width=\"55\" height=\"55\" alt=\"Loader\">\n\t\t\t\t\t\t\t<span>Loading...<\/span>\n\t\t\t\t\t\t<\/div>\n\t\t\t\t\t<\/div>\n\t\t\t\t\t<div class=\"ead-loading-foot\">\n\t\t\t\t\t\t<div class=\"ead-loading-foot-title\">\n\t\t\t\t\t\t\t<img loading=\"lazy\" decoding=\"async\" src=\"https:\/\/blogit.utu.fi\/innokomp\/wp-content\/plugins\/embed-any-document\/images\/EAD-logo.svg\" alt=\"EAD Logo\" width=\"36\" height=\"23\"\/>\n\t\t\t\t\t\t\t<span>Taking too long?<\/span>\n\t\t\t\t\t\t<\/div>\n\t\t\t\t\t\t<p>\n\t\t\t\t\t\t\t<div class=\"ead-document-btn ead-reload-btn\" role=\"button\">\n\t\t\t\t\t\t\t\t<img loading=\"lazy\" decoding=\"async\" src=\"https:\/\/blogit.utu.fi\/innokomp\/wp-content\/plugins\/embed-any-document\/images\/reload.svg\" alt=\"Reload\" width=\"12\" height=\"12\"\/> Reload document\t\t\t\t\t\t\t<\/div>\n\t\t\t\t\t\t\t<span>|<\/span>\n\t\t\t\t\t\t\t<a href=\"https:\/\/blogit.utu.fi\/innokomp\/wp-content\/uploads\/sites\/263\/2019\/04\/Yhteisopettajuus.pdf\" class=\"ead-document-btn\" target=\"_blank\">\n\t\t\t\t\t\t\t\t<img loading=\"lazy\" decoding=\"async\" src=\"https:\/\/blogit.utu.fi\/innokomp\/wp-content\/plugins\/embed-any-document\/images\/open.svg\" alt=\"Open\" width=\"12\" height=\"12\"\/> Open in new tab\t\t\t\t\t\t\t<\/a>\n\t\t\t\t\t<\/div>\n\t\t\t\t<\/div>\n\t\t\t<\/div>\n\t\t<\/div><p class=\"embed_download\"><a href=\"https:\/\/blogit.utu.fi\/innokomp\/wp-content\/uploads\/sites\/263\/2019\/04\/Yhteisopettajuus.pdf\" download>Lataa pdf [0.98 MB] <\/a><\/p><\/div><\/p>\n<hr \/>\n<p style=\"text-align: center\"><div class=\"ead-preview\"><div class=\"ead-document\" style=\"position: relative;\"><div class=\"ead-iframe-wrapper\"><iframe src=\"\/\/docs.google.com\/viewer?url=https%3A%2F%2Fblogit.utu.fi%2Finnokomp%2Fwp-content%2Fuploads%2Fsites%2F263%2F2019%2F04%2FYhteisopettajuusprojektin-suunnittelun-tueksi_jakoon-1.pdf&amp;embedded=true&amp;hl=en\" title=\"Embedded Document\" class=\"ead-iframe\" style=\"width: 800px;height: 450px;border: none;visibility: hidden;\"><\/iframe><\/div>\t\t\t<div class=\"ead-document-loading\" style=\"width:100%;height:100%;position:absolute;left:0;top:0;z-index:10;\">\n\t\t\t\t<div class=\"ead-loading-wrap\">\n\t\t\t\t\t<div class=\"ead-loading-main\">\n\t\t\t\t\t\t<div class=\"ead-loading\">\n\t\t\t\t\t\t\t<img loading=\"lazy\" decoding=\"async\" src=\"https:\/\/blogit.utu.fi\/innokomp\/wp-content\/plugins\/embed-any-document\/images\/loading.svg\" width=\"55\" height=\"55\" alt=\"Loader\">\n\t\t\t\t\t\t\t<span>Loading...<\/span>\n\t\t\t\t\t\t<\/div>\n\t\t\t\t\t<\/div>\n\t\t\t\t\t<div class=\"ead-loading-foot\">\n\t\t\t\t\t\t<div class=\"ead-loading-foot-title\">\n\t\t\t\t\t\t\t<img loading=\"lazy\" decoding=\"async\" src=\"https:\/\/blogit.utu.fi\/innokomp\/wp-content\/plugins\/embed-any-document\/images\/EAD-logo.svg\" alt=\"EAD Logo\" width=\"36\" height=\"23\"\/>\n\t\t\t\t\t\t\t<span>Taking too long?<\/span>\n\t\t\t\t\t\t<\/div>\n\t\t\t\t\t\t<p>\n\t\t\t\t\t\t\t<div class=\"ead-document-btn ead-reload-btn\" role=\"button\">\n\t\t\t\t\t\t\t\t<img loading=\"lazy\" decoding=\"async\" src=\"https:\/\/blogit.utu.fi\/innokomp\/wp-content\/plugins\/embed-any-document\/images\/reload.svg\" alt=\"Reload\" width=\"12\" height=\"12\"\/> Reload document\t\t\t\t\t\t\t<\/div>\n\t\t\t\t\t\t\t<span>|<\/span>\n\t\t\t\t\t\t\t<a href=\"https:\/\/blogit.utu.fi\/innokomp\/wp-content\/uploads\/sites\/263\/2019\/04\/Yhteisopettajuusprojektin-suunnittelun-tueksi_jakoon-1.pdf\" class=\"ead-document-btn\" target=\"_blank\">\n\t\t\t\t\t\t\t\t<img loading=\"lazy\" decoding=\"async\" src=\"https:\/\/blogit.utu.fi\/innokomp\/wp-content\/plugins\/embed-any-document\/images\/open.svg\" alt=\"Open\" width=\"12\" height=\"12\"\/> Open in new tab\t\t\t\t\t\t\t<\/a>\n\t\t\t\t\t<\/div>\n\t\t\t\t<\/div>\n\t\t\t<\/div>\n\t\t<\/div><p class=\"embed_download\"><a href=\"https:\/\/blogit.utu.fi\/innokomp\/wp-content\/uploads\/sites\/263\/2019\/04\/Yhteisopettajuusprojektin-suunnittelun-tueksi_jakoon-1.pdf\" download>Lataa pdf [95.02 KB] <\/a><\/p><\/div><\/p>\n<hr \/>\n<p>INNOKOMP -hankkeessa on kehitelty kaksi erilaista pohjaa lukuvuoden suunnittelua varten. Pohjat toimivat yhteisopetusta toteuttavien opettajien apuna suunnitteluty\u00f6ss\u00e4. Niiden avulla voi my\u00f6s kertoa lukuvuoden kulusta oppilaille. Varsinkin yksinkertaistettu kiehkura sopii hyvin opetustilan sein\u00e4lle.<\/p>\n<p><img loading=\"lazy\" decoding=\"async\" class=\"aligncenter wp-image-3020 size-large\" src=\"https:\/\/blogit.utu.fi\/innokomp\/wp-content\/uploads\/sites\/263\/2019\/06\/lukuvuosisuunnitelmapohja-1024x731.jpg\" alt=\"\" width=\"1024\" height=\"731\" srcset=\"https:\/\/blogit.utu.fi\/innokomp\/wp-content\/uploads\/sites\/263\/2019\/06\/lukuvuosisuunnitelmapohja-1024x731.jpg 1024w, https:\/\/blogit.utu.fi\/innokomp\/wp-content\/uploads\/sites\/263\/2019\/06\/lukuvuosisuunnitelmapohja-300x214.jpg 300w, https:\/\/blogit.utu.fi\/innokomp\/wp-content\/uploads\/sites\/263\/2019\/06\/lukuvuosisuunnitelmapohja-768x549.jpg 768w\" sizes=\"auto, (max-width: 1024px) 100vw, 1024px\" \/><\/p>\n<p>Lataa pohja omaan k\u00e4ytt\u00f6\u00f6si t\u00e4st\u00e4: <a href=\"https:\/\/blogit.utu.fi\/innokomp\/wp-content\/uploads\/sites\/263\/2019\/06\/lukuvuosisuunnitelmapohja.pdf\">lukuvuosisuunnitelmapohja<\/a><\/p>\n<p><img loading=\"lazy\" decoding=\"async\" class=\"aligncenter wp-image-3023 size-large\" src=\"https:\/\/blogit.utu.fi\/innokomp\/wp-content\/uploads\/sites\/263\/2019\/06\/vuosikiehkura-InnoKomp-01-723x1024.jpg\" alt=\"\" width=\"723\" height=\"1024\" srcset=\"https:\/\/blogit.utu.fi\/innokomp\/wp-content\/uploads\/sites\/263\/2019\/06\/vuosikiehkura-InnoKomp-01-723x1024.jpg 723w, https:\/\/blogit.utu.fi\/innokomp\/wp-content\/uploads\/sites\/263\/2019\/06\/vuosikiehkura-InnoKomp-01-212x300.jpg 212w, https:\/\/blogit.utu.fi\/innokomp\/wp-content\/uploads\/sites\/263\/2019\/06\/vuosikiehkura-InnoKomp-01-768x1087.jpg 768w\" sizes=\"auto, (max-width: 723px) 100vw, 723px\" \/><\/p>\n<p>Lataa pohja omaan k\u00e4ytt\u00f6\u00f6si t\u00e4st\u00e4: <a href=\"https:\/\/blogit.utu.fi\/innokomp\/wp-content\/uploads\/sites\/263\/2019\/06\/vuosikiehkura-InnoKomp-01.pdf\">vuosikiehkura<\/a><\/p>\n<p>J\u00e4rkev\u00e4 tapa hy\u00f6dynt\u00e4\u00e4 tulostettua pohjaa on asettaa se isoon kehykseen ja kirjoittaa suunnitelmat lasiin tussilla jonka voi pyyhki\u00e4 pois. Pohjaa voi my\u00f6s t\u00e4ydent\u00e4\u00e4 k\u00e4ytt\u00e4m\u00e4ll\u00e4 post it -lappuja. Taitava tietokoneen k\u00e4ytt\u00e4j\u00e4 voi my\u00f6s tehd\u00e4 pohjasta s\u00e4hk\u00f6isesti t\u00e4ytett\u00e4v\u00e4n version k\u00e4ytt\u00e4m\u00e4ll\u00e4 esimerkiksi kaikille tuttua PowerPoint ohjelmaa.<\/p>\n<p><img loading=\"lazy\" decoding=\"async\" class=\"alignnone wp-image-3038\" src=\"https:\/\/blogit.utu.fi\/innokomp\/wp-content\/uploads\/sites\/263\/2019\/06\/IMG_20181128_110131-225x300.jpg\" alt=\"\" width=\"301\" height=\"401\" srcset=\"https:\/\/blogit.utu.fi\/innokomp\/wp-content\/uploads\/sites\/263\/2019\/06\/IMG_20181128_110131-225x300.jpg 225w, https:\/\/blogit.utu.fi\/innokomp\/wp-content\/uploads\/sites\/263\/2019\/06\/IMG_20181128_110131-768x1024.jpg 768w\" sizes=\"auto, (max-width: 301px) 100vw, 301px\" \/><\/p>\n<p><img loading=\"lazy\" decoding=\"async\" class=\" wp-image-3041\" src=\"https:\/\/blogit.utu.fi\/innokomp\/wp-content\/uploads\/sites\/263\/2019\/06\/IMG_20181115_155612-300x225.jpg\" alt=\"\" width=\"367\" height=\"275\" srcset=\"https:\/\/blogit.utu.fi\/innokomp\/wp-content\/uploads\/sites\/263\/2019\/06\/IMG_20181115_155612-300x225.jpg 300w, https:\/\/blogit.utu.fi\/innokomp\/wp-content\/uploads\/sites\/263\/2019\/06\/IMG_20181115_155612-768x576.jpg 768w, https:\/\/blogit.utu.fi\/innokomp\/wp-content\/uploads\/sites\/263\/2019\/06\/IMG_20181115_155612-1024x768.jpg 1024w\" sizes=\"auto, (max-width: 367px) 100vw, 367px\" \/><\/p>\n<hr \/>\n<p>Yhteissuunnittelu ty\u00f6paja<\/p>\n<div class=\"ead-preview\"><div class=\"ead-document\" style=\"position: relative;\"><div class=\"ead-iframe-wrapper\"><iframe src=\"\/\/docs.google.com\/viewer?url=https%3A%2F%2Fblogit.utu.fi%2Finnokomp%2Fwp-content%2Fuploads%2Fsites%2F263%2F2019%2F11%2FYhteissuunnittelu_Tyo%CC%88paja-1.pptx&amp;embedded=true&amp;hl=en\" title=\"Embedded Document\" class=\"ead-iframe\" style=\"width: 800px;height: 450px;border: none;visibility: hidden;\"><\/iframe><\/div>\t\t\t<div class=\"ead-document-loading\" style=\"width:100%;height:100%;position:absolute;left:0;top:0;z-index:10;\">\n\t\t\t\t<div class=\"ead-loading-wrap\">\n\t\t\t\t\t<div class=\"ead-loading-main\">\n\t\t\t\t\t\t<div class=\"ead-loading\">\n\t\t\t\t\t\t\t<img loading=\"lazy\" decoding=\"async\" src=\"https:\/\/blogit.utu.fi\/innokomp\/wp-content\/plugins\/embed-any-document\/images\/loading.svg\" width=\"55\" height=\"55\" alt=\"Loader\">\n\t\t\t\t\t\t\t<span>Loading...<\/span>\n\t\t\t\t\t\t<\/div>\n\t\t\t\t\t<\/div>\n\t\t\t\t\t<div class=\"ead-loading-foot\">\n\t\t\t\t\t\t<div class=\"ead-loading-foot-title\">\n\t\t\t\t\t\t\t<img loading=\"lazy\" decoding=\"async\" src=\"https:\/\/blogit.utu.fi\/innokomp\/wp-content\/plugins\/embed-any-document\/images\/EAD-logo.svg\" alt=\"EAD Logo\" width=\"36\" height=\"23\"\/>\n\t\t\t\t\t\t\t<span>Taking too long?<\/span>\n\t\t\t\t\t\t<\/div>\n\t\t\t\t\t\t<p>\n\t\t\t\t\t\t\t<div class=\"ead-document-btn ead-reload-btn\" role=\"button\">\n\t\t\t\t\t\t\t\t<img loading=\"lazy\" decoding=\"async\" src=\"https:\/\/blogit.utu.fi\/innokomp\/wp-content\/plugins\/embed-any-document\/images\/reload.svg\" alt=\"Reload\" width=\"12\" height=\"12\"\/> Reload document\t\t\t\t\t\t\t<\/div>\n\t\t\t\t\t\t\t<span>|<\/span>\n\t\t\t\t\t\t\t<a href=\"https:\/\/docs.google.com\/viewer?url=https%3A%2F%2Fblogit.utu.fi%2Finnokomp%2Fwp-content%2Fuploads%2Fsites%2F263%2F2019%2F11%2FYhteissuunnittelu_Tyo%CC%88paja-1.pptx&#038;hl=en\" class=\"ead-document-btn\" target=\"_blank\">\n\t\t\t\t\t\t\t\t<img loading=\"lazy\" decoding=\"async\" src=\"https:\/\/blogit.utu.fi\/innokomp\/wp-content\/plugins\/embed-any-document\/images\/open.svg\" alt=\"Open\" width=\"12\" height=\"12\"\/> Open in new tab\t\t\t\t\t\t\t<\/a>\n\t\t\t\t\t<\/div>\n\t\t\t\t<\/div>\n\t\t\t<\/div>\n\t\t<\/div><p class=\"embed_download\"><a href=\"https:\/\/blogit.utu.fi\/innokomp\/wp-content\/uploads\/sites\/263\/2019\/11\/Yhteissuunnittelu_Tyo\u0308paja-1.pptx\" download>Lataa esitys [4.17 MB] <\/a><\/p><\/div>\n<p>&nbsp;<\/p>\n<p><strong>Tutkimusartikkeli<\/strong><\/p>\n<blockquote class=\"wp-embedded-content\" data-secret=\"0inXiFL7jw\"><p><a href=\"https:\/\/blogit.utu.fi\/innokomp\/tutkimusartikkeli-kasityota-yhdessa-opettaen-arvot-opettajien-tekeman-yhteistyon-pohjana\/\">Tutkimusartikkeli: K\u00e4sity\u00f6t\u00e4 yhdess\u00e4 opettaen &#8211; arvot opettajien tekem\u00e4n yhteisty\u00f6n pohjana<\/a><\/p><\/blockquote>\n<p><iframe loading=\"lazy\" title=\"&#8220;Tutkimusartikkeli: K\u00e4sity\u00f6t\u00e4 yhdess\u00e4 opettaen &#8211; arvot opettajien tekem\u00e4n yhteisty\u00f6n pohjana&#8221; &#8212; INNOKOMP\" class=\"wp-embedded-content\" sandbox=\"allow-scripts\" security=\"restricted\" style=\"position: absolute; clip: rect(1px, 1px, 1px, 1px);\" src=\"https:\/\/blogit.utu.fi\/innokomp\/tutkimusartikkeli-kasityota-yhdessa-opettaen-arvot-opettajien-tekeman-yhteistyon-pohjana\/embed\/#?secret=0inXiFL7jw\" data-secret=\"0inXiFL7jw\" width=\"600\" height=\"338\" frameborder=\"0\" marginwidth=\"0\" marginheight=\"0\" scrolling=\"no\"><\/iframe><\/p>\n","protected":false},"excerpt":{"rendered":"<p>K\u00e4sity\u00f6ss\u00e4 yhteisopetus n\u00e4hd\u00e4\u00e4n k\u00e4sity\u00f6n opettajien v\u00e4lisen\u00e4 yhteisty\u00f6n\u00e4, jossa he suunnittelevat, toteuttavat ja arvioivat yhdess\u00e4 monimateriaalista k\u00e4sity\u00f6n opetusta. Yhteisopetus mahdollistaa muun muassa vertaisoppimisen, vahvuuksien hy\u00f6dynt\u00e4misen ty\u00f6njaossa, henkisen tuen saamisen kollegalta, eriytt\u00e4misen, ajatusten vaihtamisen ja monipuolisemmat oppimisteht\u00e4v\u00e4t. Yhteisopetus tarjoaa k\u00e4sity\u00f6nopetukseen uusia n\u00e4k\u00f6kulmia, ammatillista tukea ja oppilasarviointiin tasa-arvoisen k\u00e4yt\u00e4nn\u00f6n. Erilaisia k\u00e4sity\u00f6llisi\u00e4 materiaaliteknologioita (ts.kovia ja pehmeit\u00e4 materiaaleja) opettavien opettajien [&hellip;]<\/p>\n","protected":false},"author":11237,"featured_media":0,"parent":41,"menu_order":4,"comment_status":"closed","ping_status":"closed","template":"","meta":{"footnotes":""},"class_list":["post-47","page","type-page","status-publish","czr-hentry"],"_links":{"self":[{"href":"https:\/\/blogit.utu.fi\/innokomp\/wp-json\/wp\/v2\/pages\/47","targetHints":{"allow":["GET"]}}],"collection":[{"href":"https:\/\/blogit.utu.fi\/innokomp\/wp-json\/wp\/v2\/pages"}],"about":[{"href":"https:\/\/blogit.utu.fi\/innokomp\/wp-json\/wp\/v2\/types\/page"}],"author":[{"embeddable":true,"href":"https:\/\/blogit.utu.fi\/innokomp\/wp-json\/wp\/v2\/users\/11237"}],"replies":[{"embeddable":true,"href":"https:\/\/blogit.utu.fi\/innokomp\/wp-json\/wp\/v2\/comments?post=47"}],"version-history":[{"count":48,"href":"https:\/\/blogit.utu.fi\/innokomp\/wp-json\/wp\/v2\/pages\/47\/revisions"}],"predecessor-version":[{"id":3522,"href":"https:\/\/blogit.utu.fi\/innokomp\/wp-json\/wp\/v2\/pages\/47\/revisions\/3522"}],"up":[{"embeddable":true,"href":"https:\/\/blogit.utu.fi\/innokomp\/wp-json\/wp\/v2\/pages\/41"}],"wp:attachment":[{"href":"https:\/\/blogit.utu.fi\/innokomp\/wp-json\/wp\/v2\/media?parent=47"}],"curies":[{"name":"wp","href":"https:\/\/api.w.org\/{rel}","templated":true}]}}