{"id":59,"date":"2019-01-15T09:52:42","date_gmt":"2019-01-15T07:52:42","guid":{"rendered":"https:\/\/blogit.utu.fi\/innokomp\/?page_id=59"},"modified":"2022-02-21T20:14:21","modified_gmt":"2022-02-21T18:14:21","slug":"monimateriaalisuus","status":"publish","type":"page","link":"https:\/\/blogit.utu.fi\/innokomp\/materiaalit\/monimateriaalisuus\/","title":{"rendered":"Monimateriaalisuus"},"content":{"rendered":"<p><span style=\"font-weight: 400\">K\u00e4sity\u00f6 on monimateriaalinen oppiaine, jossa toteutetaan k\u00e4sity\u00f6ilmaisuun, muotoiluun ja teknologiaan perustuvaa toimintaa. K\u00e4sity\u00f6n tekeminen on tutkivaa, keksiv\u00e4\u00e4 ja kokeilevaa toimintaa ja siin\u00e4 toteutetaan ennakkoluulottomasti erilaisia visuaalisia, materiaalisia, teknisi\u00e4 sek\u00e4 valmistusmenetelm\u00e4llisi\u00e4 ratkaisuja. <\/span><span style=\"font-weight: 400\">K\u00e4sity\u00f6h\u00f6n ja siihen liittyvien ilmi\u00f6iden oppiminen vaatii erilaisten materiaalien k\u00e4ytt\u00f6\u00e4, muokkaamista sek\u00e4 laadukasta ja vastuullista tuottamistoimintaa. <\/span><\/p>\n<p><span style=\"font-weight: 400\">K\u00e4sity\u00f6n monimateriaalisuudella tarkoitetaan sit\u00e4, ett\u00e4 oppilaiden k\u00e4sity\u00f6projekteissa tutustutaan erilaisiin k\u00e4sity\u00f6llisiin materiaaliteknologioihin. On mahdollista, ett\u00e4 tuotteessa k\u00e4ytet\u00e4\u00e4n useita, erilaisia materiaaleja. Olennaista kuitenkin on se, ett\u00e4 oppilaalle tarjotaan kirjo erilaisia materiaaliteknologioita ja h\u00e4n tutustuu niihin laaja-alaisesti esimerkiksi tietyn teeman tai ilmi\u00f6n puitteissa. Monimateriaalisuuteen voidaan lukea kuuluviksi my\u00f6s nk. k\u00e4sity\u00f6n uudet teknologiat, kuten laserty\u00f6st\u00f6koneen k\u00e4ytt\u00f6, 3D-piirt\u00e4minen ja tulostaminen, ohjelmointi ja e-tekstiilit. \u00a0<\/span><\/p>\n<hr \/>\n<p>&nbsp;<\/p>\n<blockquote class=\"wp-embedded-content\" data-secret=\"sHVK72tQB4\"><p><a href=\"https:\/\/blogit.utu.fi\/innokomp\/tutkimusartikkeli-common-and-holistic-crafts-education-in-finland\/\">Tutkimusartikkeli: Common and holistic crafts education in Finland<\/a><\/p><\/blockquote>\n<p><iframe loading=\"lazy\" class=\"wp-embedded-content\" sandbox=\"allow-scripts\" security=\"restricted\" style=\"position: absolute; clip: rect(1px, 1px, 1px, 1px);\" title=\"&#8220;Tutkimusartikkeli: Common and holistic crafts education in Finland&#8221; &#8212; INNOKOMP\" src=\"https:\/\/blogit.utu.fi\/innokomp\/tutkimusartikkeli-common-and-holistic-crafts-education-in-finland\/embed\/#?secret=sHVK72tQB4\" data-secret=\"sHVK72tQB4\" width=\"600\" height=\"338\" frameborder=\"0\" marginwidth=\"0\" marginheight=\"0\" scrolling=\"no\"><\/iframe><\/p>\n<blockquote class=\"wp-embedded-content\" data-secret=\"r9WlTDJObm\"><p><a href=\"https:\/\/blogit.utu.fi\/innokomp\/artikkeli-monimateriaalisuus-perusopetuksen-kasityossa\/\">Artikkeli: Monimateriaalisuus perusopetuksen k\u00e4sity\u00f6ss\u00e4<\/a><\/p><\/blockquote>\n<p><iframe loading=\"lazy\" class=\"wp-embedded-content\" sandbox=\"allow-scripts\" security=\"restricted\" style=\"position: absolute; clip: rect(1px, 1px, 1px, 1px);\" title=\"&#8220;Artikkeli: Monimateriaalisuus perusopetuksen k\u00e4sity\u00f6ss\u00e4&#8221; &#8212; INNOKOMP\" src=\"https:\/\/blogit.utu.fi\/innokomp\/artikkeli-monimateriaalisuus-perusopetuksen-kasityossa\/embed\/#?secret=r9WlTDJObm\" data-secret=\"r9WlTDJObm\" width=\"600\" height=\"338\" frameborder=\"0\" marginwidth=\"0\" marginheight=\"0\" scrolling=\"no\"><\/iframe><\/p>\n","protected":false},"excerpt":{"rendered":"<p>K\u00e4sity\u00f6 on monimateriaalinen oppiaine, jossa toteutetaan k\u00e4sity\u00f6ilmaisuun, muotoiluun ja teknologiaan perustuvaa toimintaa. K\u00e4sity\u00f6n tekeminen on tutkivaa, keksiv\u00e4\u00e4 ja kokeilevaa toimintaa ja siin\u00e4 toteutetaan ennakkoluulottomasti erilaisia visuaalisia, materiaalisia, teknisi\u00e4 sek\u00e4 valmistusmenetelm\u00e4llisi\u00e4 ratkaisuja. K\u00e4sity\u00f6h\u00f6n ja siihen liittyvien ilmi\u00f6iden oppiminen vaatii erilaisten materiaalien k\u00e4ytt\u00f6\u00e4, muokkaamista sek\u00e4 laadukasta ja vastuullista tuottamistoimintaa. K\u00e4sity\u00f6n monimateriaalisuudella tarkoitetaan sit\u00e4, ett\u00e4 oppilaiden k\u00e4sity\u00f6projekteissa tutustutaan [&hellip;]<\/p>\n","protected":false},"author":11237,"featured_media":0,"parent":41,"menu_order":2,"comment_status":"closed","ping_status":"closed","template":"","meta":{"footnotes":""},"class_list":["post-59","page","type-page","status-publish","czr-hentry"],"_links":{"self":[{"href":"https:\/\/blogit.utu.fi\/innokomp\/wp-json\/wp\/v2\/pages\/59","targetHints":{"allow":["GET"]}}],"collection":[{"href":"https:\/\/blogit.utu.fi\/innokomp\/wp-json\/wp\/v2\/pages"}],"about":[{"href":"https:\/\/blogit.utu.fi\/innokomp\/wp-json\/wp\/v2\/types\/page"}],"author":[{"embeddable":true,"href":"https:\/\/blogit.utu.fi\/innokomp\/wp-json\/wp\/v2\/users\/11237"}],"replies":[{"embeddable":true,"href":"https:\/\/blogit.utu.fi\/innokomp\/wp-json\/wp\/v2\/comments?post=59"}],"version-history":[{"count":7,"href":"https:\/\/blogit.utu.fi\/innokomp\/wp-json\/wp\/v2\/pages\/59\/revisions"}],"predecessor-version":[{"id":3890,"href":"https:\/\/blogit.utu.fi\/innokomp\/wp-json\/wp\/v2\/pages\/59\/revisions\/3890"}],"up":[{"embeddable":true,"href":"https:\/\/blogit.utu.fi\/innokomp\/wp-json\/wp\/v2\/pages\/41"}],"wp:attachment":[{"href":"https:\/\/blogit.utu.fi\/innokomp\/wp-json\/wp\/v2\/media?parent=59"}],"curies":[{"name":"wp","href":"https:\/\/api.w.org\/{rel}","templated":true}]}}