{"id":53,"date":"2019-01-14T11:28:35","date_gmt":"2019-01-14T11:28:35","guid":{"rendered":"https:\/\/sites.utu.fi\/innoplay\/?page_id=53"},"modified":"2021-10-22T20:38:35","modified_gmt":"2021-10-22T20:38:35","slug":"tavoitteet","status":"publish","type":"page","link":"https:\/\/blogit.utu.fi\/innoplay\/tavoitteet\/","title":{"rendered":"Tavoitteet"},"content":{"rendered":"<p>InnoPlay 2018\u20132022 -hankkeen tavoitteena on kehitt\u00e4\u00e4 varhaiskasvatukseen, esiopetukseen ja alkuopetukseen pedagogisia menetelmi\u00e4, joissa integroidaan k\u00e4sity\u00f6-, ymp\u00e4rist\u00f6- ja teknologiakasvatuksen sek\u00e4 matemaattisten taitojen oppimisalueita leikin, tutkimisen ja ilmaisun avulla.<\/p>\n<p>Tarkoituksena on tukea varhaiskasvatuksen sek\u00e4 esi- ja alkuopetuksen opettajien ja opiskelijoiden kokonaisen k\u00e4sity\u00f6prosessin ohjaamisen ja digitaalista osaamisen kehitt\u00e4mist\u00e4 monialaisissa STEAM-tiedonaloja yhdist\u00e4viss\u00e4 projekteissa.<\/p>\n<p>Alta l\u00f6yd\u00e4t hankkeen posterin ja tiedotteen. Mik\u00e4li ne eiv\u00e4t n\u00e4y, lataa sivu uudelleen.<\/p>\n<p>Hankkeen posteri:<\/p>\n<div class=\"ead-preview\"><div class=\"ead-document\" style=\"position: relative;padding-top: 90%;\"><div class=\"ead-iframe-wrapper\"><iframe src=\"\/\/docs.google.com\/viewer?url=https%3A%2F%2Fblogit.utu.fi%2Finnoplay%2Fwp-content%2Fuploads%2Fsites%2F462%2F2021%2F10%2FIP_Posteri_23.4.2019.pdf&amp;embedded=true&amp;hl=en\" title=\"Embedded Document\" class=\"ead-iframe\" style=\"width: 100%;height: 100%;border: none;position: absolute;left: 0;top: 0;visibility: hidden;\"><\/iframe><\/div>\t\t\t<div class=\"ead-document-loading\" style=\"width:100%;height:100%;position:absolute;left:0;top:0;z-index:10;\">\n\t\t\t\t<div class=\"ead-loading-wrap\">\n\t\t\t\t\t<div class=\"ead-loading-main\">\n\t\t\t\t\t\t<div class=\"ead-loading\">\n\t\t\t\t\t\t\t<img loading=\"lazy\" decoding=\"async\" src=\"https:\/\/blogit.utu.fi\/innoplay\/wp-content\/plugins\/embed-any-document\/images\/loading.svg\" width=\"55\" height=\"55\" alt=\"Loader\">\n\t\t\t\t\t\t\t<span>Loading...<\/span>\n\t\t\t\t\t\t<\/div>\n\t\t\t\t\t<\/div>\n\t\t\t\t\t<div class=\"ead-loading-foot\">\n\t\t\t\t\t\t<div class=\"ead-loading-foot-title\">\n\t\t\t\t\t\t\t<img loading=\"lazy\" decoding=\"async\" src=\"https:\/\/blogit.utu.fi\/innoplay\/wp-content\/plugins\/embed-any-document\/images\/EAD-logo.svg\" alt=\"EAD Logo\" width=\"36\" height=\"23\"\/>\n\t\t\t\t\t\t\t<span>Taking too long?<\/span>\n\t\t\t\t\t\t<\/div>\n\t\t\t\t\t\t<p>\n\t\t\t\t\t\t\t<div class=\"ead-document-btn ead-reload-btn\" role=\"button\">\n\t\t\t\t\t\t\t\t<img loading=\"lazy\" decoding=\"async\" src=\"https:\/\/blogit.utu.fi\/innoplay\/wp-content\/plugins\/embed-any-document\/images\/reload.svg\" alt=\"Reload\" width=\"12\" height=\"12\"\/> Reload document\t\t\t\t\t\t\t<\/div>\n\t\t\t\t\t\t\t<span>|<\/span>\n\t\t\t\t\t\t\t<a href=\"https:\/\/blogit.utu.fi\/innoplay\/wp-content\/uploads\/sites\/462\/2021\/10\/IP_Posteri_23.4.2019.pdf\" class=\"ead-document-btn\" target=\"_blank\">\n\t\t\t\t\t\t\t\t<img loading=\"lazy\" decoding=\"async\" src=\"https:\/\/blogit.utu.fi\/innoplay\/wp-content\/plugins\/embed-any-document\/images\/open.svg\" alt=\"Open\" width=\"12\" height=\"12\"\/> Open in new tab\t\t\t\t\t\t\t<\/a>\n\t\t\t\t\t<\/div>\n\t\t\t\t<\/div>\n\t\t\t<\/div>\n\t\t<\/div><p class=\"embed_download\"><a href=\"https:\/\/blogit.utu.fi\/innoplay\/wp-content\/uploads\/sites\/462\/2021\/10\/IP_Posteri_23.4.2019.pdf\" download>Download as PDF [0.96 MB] <\/a><\/p><\/div>\n<p>&nbsp;<\/p>\n<p>Hankkeen tiedote:<\/p>\n<div class=\"ead-preview\"><div class=\"ead-document\" style=\"position: relative;padding-top: 90%;\"><div class=\"ead-iframe-wrapper\"><iframe src=\"\/\/docs.google.com\/viewer?url=https%3A%2F%2Fblogit.utu.fi%2Finnoplay%2Fwp-content%2Fuploads%2Fsites%2F462%2F2020%2F02%2FINNOPLAY-tiedote-13.8.2018-EL.pdf&amp;embedded=true&amp;hl=en\" title=\"Embedded Document\" class=\"ead-iframe\" style=\"width: 100%;height: 100%;border: none;position: absolute;left: 0;top: 0;visibility: hidden;\"><\/iframe><\/div>\t\t\t<div class=\"ead-document-loading\" style=\"width:100%;height:100%;position:absolute;left:0;top:0;z-index:10;\">\n\t\t\t\t<div class=\"ead-loading-wrap\">\n\t\t\t\t\t<div class=\"ead-loading-main\">\n\t\t\t\t\t\t<div class=\"ead-loading\">\n\t\t\t\t\t\t\t<img loading=\"lazy\" decoding=\"async\" src=\"https:\/\/blogit.utu.fi\/innoplay\/wp-content\/plugins\/embed-any-document\/images\/loading.svg\" width=\"55\" height=\"55\" alt=\"Loader\">\n\t\t\t\t\t\t\t<span>Loading...<\/span>\n\t\t\t\t\t\t<\/div>\n\t\t\t\t\t<\/div>\n\t\t\t\t\t<div class=\"ead-loading-foot\">\n\t\t\t\t\t\t<div class=\"ead-loading-foot-title\">\n\t\t\t\t\t\t\t<img loading=\"lazy\" decoding=\"async\" src=\"https:\/\/blogit.utu.fi\/innoplay\/wp-content\/plugins\/embed-any-document\/images\/EAD-logo.svg\" alt=\"EAD Logo\" width=\"36\" height=\"23\"\/>\n\t\t\t\t\t\t\t<span>Taking too long?<\/span>\n\t\t\t\t\t\t<\/div>\n\t\t\t\t\t\t<p>\n\t\t\t\t\t\t\t<div class=\"ead-document-btn ead-reload-btn\" role=\"button\">\n\t\t\t\t\t\t\t\t<img loading=\"lazy\" decoding=\"async\" src=\"https:\/\/blogit.utu.fi\/innoplay\/wp-content\/plugins\/embed-any-document\/images\/reload.svg\" alt=\"Reload\" width=\"12\" height=\"12\"\/> Reload document\t\t\t\t\t\t\t<\/div>\n\t\t\t\t\t\t\t<span>|<\/span>\n\t\t\t\t\t\t\t<a href=\"https:\/\/blogit.utu.fi\/innoplay\/wp-content\/uploads\/sites\/462\/2020\/02\/INNOPLAY-tiedote-13.8.2018-EL.pdf\" class=\"ead-document-btn\" target=\"_blank\">\n\t\t\t\t\t\t\t\t<img loading=\"lazy\" decoding=\"async\" src=\"https:\/\/blogit.utu.fi\/innoplay\/wp-content\/plugins\/embed-any-document\/images\/open.svg\" alt=\"Open\" width=\"12\" height=\"12\"\/> Open in new tab\t\t\t\t\t\t\t<\/a>\n\t\t\t\t\t<\/div>\n\t\t\t\t<\/div>\n\t\t\t<\/div>\n\t\t<\/div><p class=\"embed_download\"><a href=\"https:\/\/blogit.utu.fi\/innoplay\/wp-content\/uploads\/sites\/462\/2020\/02\/INNOPLAY-tiedote-13.8.2018-EL.pdf\" download>Lataa tiedote PDF-tiedostona [157.33 KB] <\/a><\/p><\/div>\n<p>&nbsp;<\/p>\n<p><img loading=\"lazy\" decoding=\"async\" class=\"alignnone wp-image-1254\" src=\"https:\/\/blogit.utu.fi\/innoplay\/wp-content\/uploads\/sites\/462\/2019\/11\/robo-224x300.jpg\" alt=\"\" width=\"241\" height=\"323\" srcset=\"https:\/\/blogit.utu.fi\/innoplay\/wp-content\/uploads\/sites\/462\/2019\/11\/robo-224x300.jpg 224w, https:\/\/blogit.utu.fi\/innoplay\/wp-content\/uploads\/sites\/462\/2019\/11\/robo.jpg 588w\" sizes=\"auto, (max-width: 241px) 100vw, 241px\" \/>\u00a0 \u00a0<img loading=\"lazy\" decoding=\"async\" class=\"alignnone wp-image-1596\" src=\"https:\/\/blogit.utu.fi\/innoplay\/wp-content\/uploads\/sites\/462\/2020\/01\/Freinet-1024x474-1-e1580394560692-300x298.png\" alt=\"\" width=\"324\" height=\"322\" \/>\u00a0 \u00a0<img loading=\"lazy\" decoding=\"async\" class=\"alignnone wp-image-1257\" src=\"https:\/\/blogit.utu.fi\/innoplay\/wp-content\/uploads\/sites\/462\/2019\/11\/tytt\u00f6jarobo-206x300.jpg\" alt=\"\" width=\"221\" height=\"322\" srcset=\"https:\/\/blogit.utu.fi\/innoplay\/wp-content\/uploads\/sites\/462\/2019\/11\/tytt\u00f6jarobo-206x300.jpg 206w, https:\/\/blogit.utu.fi\/innoplay\/wp-content\/uploads\/sites\/462\/2019\/11\/tytt\u00f6jarobo.jpg 564w\" sizes=\"auto, (max-width: 221px) 100vw, 221px\" \/>\u00a0 \u00a0<img loading=\"lazy\" decoding=\"async\" class=\"alignnone wp-image-1593\" src=\"https:\/\/blogit.utu.fi\/innoplay\/wp-content\/uploads\/sites\/462\/2020\/01\/IMG_8063-e1552983622130-1024x768-1-e1580394411209-253x300.jpg\" alt=\"\" width=\"272\" height=\"322\" srcset=\"https:\/\/blogit.utu.fi\/innoplay\/wp-content\/uploads\/sites\/462\/2020\/01\/IMG_8063-e1552983622130-1024x768-1-e1580394411209-253x300.jpg 253w, https:\/\/blogit.utu.fi\/innoplay\/wp-content\/uploads\/sites\/462\/2020\/01\/IMG_8063-e1552983622130-1024x768-1-e1580394411209.jpg 647w\" sizes=\"auto, (max-width: 272px) 100vw, 272px\" \/><\/p>\n","protected":false},"excerpt":{"rendered":"<p>InnoPlay 2018\u20132022 -hankkeen tavoitteena on kehitt\u00e4\u00e4 varhaiskasvatukseen, esiopetukseen ja alkuopetukseen pedagogisia menetelmi\u00e4, joissa integroidaan k\u00e4sity\u00f6-, ymp\u00e4rist\u00f6- ja teknologiakasvatuksen sek\u00e4 matemaattisten taitojen oppimisalueita leikin, tutkimisen ja ilmaisun avulla. Tarkoituksena on tukea varhaiskasvatuksen sek\u00e4 esi- ja alkuopetuksen opettajien ja opiskelijoiden kokonaisen k\u00e4sity\u00f6prosessin ohjaamisen ja digitaalista osaamisen kehitt\u00e4mist\u00e4 monialaisissa STEAM-tiedonaloja yhdist\u00e4viss\u00e4 projekteissa. Alta l\u00f6yd\u00e4t hankkeen posterin ja tiedotteen. [&hellip;]<\/p>\n","protected":false},"author":11237,"featured_media":0,"parent":0,"menu_order":2,"comment_status":"closed","ping_status":"closed","template":"","meta":{"footnotes":""},"class_list":["post-53","page","type-page","status-publish","czr-hentry"],"_links":{"self":[{"href":"https:\/\/blogit.utu.fi\/innoplay\/wp-json\/wp\/v2\/pages\/53","targetHints":{"allow":["GET"]}}],"collection":[{"href":"https:\/\/blogit.utu.fi\/innoplay\/wp-json\/wp\/v2\/pages"}],"about":[{"href":"https:\/\/blogit.utu.fi\/innoplay\/wp-json\/wp\/v2\/types\/page"}],"author":[{"embeddable":true,"href":"https:\/\/blogit.utu.fi\/innoplay\/wp-json\/wp\/v2\/users\/11237"}],"replies":[{"embeddable":true,"href":"https:\/\/blogit.utu.fi\/innoplay\/wp-json\/wp\/v2\/comments?post=53"}],"version-history":[{"count":11,"href":"https:\/\/blogit.utu.fi\/innoplay\/wp-json\/wp\/v2\/pages\/53\/revisions"}],"predecessor-version":[{"id":4248,"href":"https:\/\/blogit.utu.fi\/innoplay\/wp-json\/wp\/v2\/pages\/53\/revisions\/4248"}],"wp:attachment":[{"href":"https:\/\/blogit.utu.fi\/innoplay\/wp-json\/wp\/v2\/media?parent=53"}],"curies":[{"name":"wp","href":"https:\/\/api.w.org\/{rel}","templated":true}]}}