{"id":80,"date":"2019-01-14T11:29:06","date_gmt":"2019-01-14T11:29:06","guid":{"rendered":"https:\/\/sites.utu.fi\/innoplay\/?page_id=80"},"modified":"2022-05-14T16:20:04","modified_gmt":"2022-05-14T16:20:04","slug":"yhteystiedot","status":"publish","type":"page","link":"https:\/\/blogit.utu.fi\/innoplay\/yhteystiedot\/","title":{"rendered":"Yhteystiedot"},"content":{"rendered":"<p style=\"text-align: left\"><strong>Turun yliopisto\u00a0<\/strong>(<a href=\"https:\/\/www.kasityokasvatus.utu.fi\/\">K\u00e4sity\u00f6kasvatus<\/a>)<\/p>\n<p>Eila Lindfors, hankkeen johtaja , eila.lindfors(at)utu.fi<\/p>\n<p>Saija Tanhuanp\u00e4\u00e4, projektip\u00e4\u00e4llikk\u00f6<\/p>\n<p>Marja-Leena R\u00f6nkk\u00f6, projektin asiantuntijaj\u00e4sen<\/p>\n<p>Jyri Lehtonen, projektitutkija<\/p>\n<p>Juha Raitinp\u00e4\u00e4, projektitutkija<\/p>\n<p>Riina Turkki, projektity\u00f6ntekij\u00e4<\/p>\n<p>Leena Kiviranta, projektitutkija<\/p>\n<p>Anna Lundberg, projektitutkija<\/p>\n<p>Satu Gr\u00f6nman, projektiasiantuntija<\/p>\n<p>Jesse Jeskanen, projektity\u00f6ntekij\u00e4<\/p>\n<p>Arttu Korkeaniemi, tutkimusavustaja<\/p>\n<p>Sara Wendelius, projektitutkija<\/p>\n<p>&nbsp;<\/p>\n<p style=\"text-align: left\"><strong>Helsingin yliopisto <\/strong>(<a href=\"https:\/\/researchportal.helsinki.fi\/en\/projects\/innoplay-craft-design-and-technology-steam-in-early-childhood-edu\">Helsingin hankesivut<\/a>, <a href=\"https:\/\/growingmind.fi\/\">Growing Mind<\/a>, <a href=\"https:\/\/www.innokas.fi\/\">Innokas-verkosto<\/a>, <a href=\"https:\/\/www2.helsinki.fi\/fi\/verkostot\/pollo-akatemia\">P\u00f6ll\u00e4-akatemia<\/a>)<\/p>\n<p>Pirita Seitamaa-Hakkarainen, hankkeen johtaja<\/p>\n<p>Kaiju Kangas, hankkeen johtaja<\/p>\n<p>Asta Ansolahti, projektisuunnittelija<\/p>\n<p>Kati Sormunen, tutkijatohtori<\/p>\n<p>Sini Riikonen, tohtorikoulutettava<\/p>\n<p>Mariam Aljabay, tohtorikoulutettava<\/p>\n<p>Iina P\u00e4rssinen, tutkimusavustaja<\/p>\n<p>Niina Niinim\u00e4ki, tutkimusavustaja<\/p>\n<p>&nbsp;<\/p>\n<p style=\"text-align: left\"><strong>Tampereen yliopisto <\/strong>(<a href=\"https:\/\/projects.tuni.fi\/innoplay\/\">Tampereen hankesivut<\/a>, <a href=\"https:\/\/sites.tuni.fi\/juniversity\/\">Juniversity<\/a>, <a href=\"https:\/\/sites.tuni.fi\/vakakumppanuus\/\">Varhaiskasvatuksen kumppanuusverkosto<\/a>)<strong><br \/>\n<\/strong><\/p>\n<p>Kirsti Karila, hankkeen johtaja<\/p>\n<p>Tuulikki Ukkonen-Mikkola, hankkeen johtaja<\/p>\n<p>Miia Collanus, yliopisto-opettaja<\/p>\n<p>Kari Kouhia, yliopisto-opettaja<\/p>\n<p>Jan Varpanen, projektitutkija<\/p>\n<p>Sini Leikkola, projektitutkija<\/p>\n<p>&nbsp;<\/p>\n<p>Katso my\u00f6s: <a href=\"https:\/\/start.luma.fi\/\">StarT<\/a><\/p>\n<p>&nbsp;<\/p>\n","protected":false},"excerpt":{"rendered":"<p>Turun yliopisto\u00a0(K\u00e4sity\u00f6kasvatus) Eila Lindfors, hankkeen johtaja , eila.lindfors(at)utu.fi Saija Tanhuanp\u00e4\u00e4, projektip\u00e4\u00e4llikk\u00f6 Marja-Leena R\u00f6nkk\u00f6, projektin asiantuntijaj\u00e4sen Jyri Lehtonen, projektitutkija Juha Raitinp\u00e4\u00e4, projektitutkija Riina Turkki, projektity\u00f6ntekij\u00e4 Leena Kiviranta, projektitutkija Anna Lundberg, projektitutkija Satu Gr\u00f6nman, projektiasiantuntija Jesse Jeskanen, projektity\u00f6ntekij\u00e4 Arttu Korkeaniemi, tutkimusavustaja Sara Wendelius, projektitutkija &nbsp; Helsingin yliopisto (Helsingin hankesivut, Growing Mind, Innokas-verkosto, P\u00f6ll\u00e4-akatemia) Pirita Seitamaa-Hakkarainen, hankkeen johtaja [&hellip;]<\/p>\n","protected":false},"author":11237,"featured_media":0,"parent":0,"menu_order":3,"comment_status":"closed","ping_status":"closed","template":"","meta":{"footnotes":""},"class_list":["post-80","page","type-page","status-publish","czr-hentry"],"_links":{"self":[{"href":"https:\/\/blogit.utu.fi\/innoplay\/wp-json\/wp\/v2\/pages\/80","targetHints":{"allow":["GET"]}}],"collection":[{"href":"https:\/\/blogit.utu.fi\/innoplay\/wp-json\/wp\/v2\/pages"}],"about":[{"href":"https:\/\/blogit.utu.fi\/innoplay\/wp-json\/wp\/v2\/types\/page"}],"author":[{"embeddable":true,"href":"https:\/\/blogit.utu.fi\/innoplay\/wp-json\/wp\/v2\/users\/11237"}],"replies":[{"embeddable":true,"href":"https:\/\/blogit.utu.fi\/innoplay\/wp-json\/wp\/v2\/comments?post=80"}],"version-history":[{"count":44,"href":"https:\/\/blogit.utu.fi\/innoplay\/wp-json\/wp\/v2\/pages\/80\/revisions"}],"predecessor-version":[{"id":4333,"href":"https:\/\/blogit.utu.fi\/innoplay\/wp-json\/wp\/v2\/pages\/80\/revisions\/4333"}],"wp:attachment":[{"href":"https:\/\/blogit.utu.fi\/innoplay\/wp-json\/wp\/v2\/media?parent=80"}],"curies":[{"name":"wp","href":"https:\/\/api.w.org\/{rel}","templated":true}]}}