{"id":126,"date":"2021-09-30T07:15:39","date_gmt":"2021-09-30T07:15:39","guid":{"rendered":"https:\/\/blogit.utu.fi\/junecto\/?page_id=126"},"modified":"2026-01-30T13:18:29","modified_gmt":"2026-01-30T13:18:29","slug":"junecto-ry-board-2021","status":"publish","type":"page","link":"https:\/\/blogit.utu.fi\/junecto\/junecto-ry-board-2021\/","title":{"rendered":"Hallitus \/ Board 2026"},"content":{"rendered":"\n<p><strong>Hanna-Kaisa Lassila<\/strong>: puheenjohtaja \/ chair<\/p>\n\n\n\n<p><strong>Hebe Ronkainen<\/strong>: varapuheenjohtaja \/ vice chair<\/p>\n\n\n\n<p><strong>Sanni Linnasaari<\/strong>: sihteeri \/ secretary, viestint\u00e4 \/ communications<\/p>\n\n\n\n<p><\/p>\n\n\n\n<p class=\"has-medium-font-size\">Toimikuntien j\u00e4senet \/ Committee members 2026<\/p>\n\n\n\n<p><strong>tba<\/strong>: akateeminen toimikunta \/ academic committee<\/p>\n\n\n\n<p><strong>tba<\/strong>: kansainv\u00e4linen toimikunta \/ international committee<\/p>\n\n\n\n<p><strong>tba<\/strong>: huvitoimikunta \/ ents committee<\/p>\n\n\n\n<p><\/p>\n\n\n\n<p><\/p>\n\n\n\n<p>Alla olevasta linkist\u00e4 n\u00e4et ty\u00f6- ja johtoryhmien v\u00e4it\u00f6skirjatutkijaedustajat. \/ Below you will find the doctoral researcher representatives in working groups and steering committees.<\/p>\n\n\n\n<div class=\"wp-block-file\"><a id=\"wp-block-file--media-02d23d72-165a-478a-b86e-02cd983e8031\" href=\"https:\/\/blogit.utu.fi\/junecto\/wp-content\/uploads\/sites\/639\/2025\/01\/Tyo-ja-johtoryhmat_Steering-committees.docx\">Ty\u00f6- ja johtoryhm\u00e4t_Steering committees<\/a><a href=\"https:\/\/blogit.utu.fi\/junecto\/wp-content\/uploads\/sites\/639\/2025\/01\/Tyo-ja-johtoryhmat_Steering-committees.docx\" class=\"wp-block-file__button wp-element-button\" download aria-describedby=\"wp-block-file--media-02d23d72-165a-478a-b86e-02cd983e8031\">Download<\/a><\/div>\n\n\n\n<p><\/p>\n","protected":false},"excerpt":{"rendered":"<p>Hanna-Kaisa Lassila: puheenjohtaja \/ chair Hebe Ronkainen: varapuheenjohtaja \/ vice chair Sanni Linnasaari: sihteeri \/ secretary, viestint\u00e4 \/ communications Toimikuntien<\/p>\n","protected":false},"author":8718,"featured_media":0,"parent":0,"menu_order":0,"comment_status":"closed","ping_status":"closed","template":"","meta":{"footnotes":""},"class_list":["post-126","page","type-page","status-publish","hentry","comments-off"],"_links":{"self":[{"href":"https:\/\/blogit.utu.fi\/junecto\/wp-json\/wp\/v2\/pages\/126","targetHints":{"allow":["GET"]}}],"collection":[{"href":"https:\/\/blogit.utu.fi\/junecto\/wp-json\/wp\/v2\/pages"}],"about":[{"href":"https:\/\/blogit.utu.fi\/junecto\/wp-json\/wp\/v2\/types\/page"}],"author":[{"embeddable":true,"href":"https:\/\/blogit.utu.fi\/junecto\/wp-json\/wp\/v2\/users\/8718"}],"replies":[{"embeddable":true,"href":"https:\/\/blogit.utu.fi\/junecto\/wp-json\/wp\/v2\/comments?post=126"}],"version-history":[{"count":19,"href":"https:\/\/blogit.utu.fi\/junecto\/wp-json\/wp\/v2\/pages\/126\/revisions"}],"predecessor-version":[{"id":568,"href":"https:\/\/blogit.utu.fi\/junecto\/wp-json\/wp\/v2\/pages\/126\/revisions\/568"}],"wp:attachment":[{"href":"https:\/\/blogit.utu.fi\/junecto\/wp-json\/wp\/v2\/media?parent=126"}],"curies":[{"name":"wp","href":"https:\/\/api.w.org\/{rel}","templated":true}]}}