{"id":115,"date":"2018-03-23T16:03:39","date_gmt":"2018-03-23T14:03:39","guid":{"rendered":"https:\/\/blogit.utu.fi\/kansanuskonarkeologia\/?page_id=115"},"modified":"2018-03-23T16:03:39","modified_gmt":"2018-03-23T14:03:39","slug":"magic-objects-in-finnish-museum-collections-archaeology-of-folk-religion","status":"publish","type":"page","link":"https:\/\/blogit.utu.fi\/kansanuskonarkeologia\/magic-objects-in-finnish-museum-collections-archaeology-of-folk-religion\/","title":{"rendered":"Magic Objects in Finnish Museum Collections \u2013 Archaeology of Folk Religion"},"content":{"rendered":"<p>My Post Doc project about Finnish magic objects dives into the secrets of vast museum collections. Different objects that have been seen as magical were collected into museums in the late 19th and early 20th century. This project focuses on the \u2018Magic Objects\u2019 card index of Finland\u2019s National Museum. The collection includes more than 300 objects: for example, teeth and claws of bear, small, round pebbles called \u2018snake\u2019s court stones\u2019, branches that have grown into a circle, \u2018thunderbolts\u2019, magic pouches, and <a href=\"http:\/\/www.glossa.fi\/mirator\/pdf\/i-2015\/frogsinminiaturecoffins.pdf\" target=\"_blank\" rel=\"noopener\">frogs in miniature coffins<\/a>.<\/p>\n<figure id=\"attachment_70\" aria-describedby=\"caption-attachment-70\" style=\"width: 300px\" class=\"wp-caption alignright\"><img loading=\"lazy\" decoding=\"async\" class=\"wp-image-70 size-medium\" src=\"https:\/\/blogit.utu.fi\/kansanuskonarkeologia\/wp-content\/uploads\/sites\/144\/2018\/03\/M012_SU5332_945-300x244.jpg\" alt=\"\" width=\"300\" height=\"244\" srcset=\"https:\/\/blogit.utu.fi\/kansanuskonarkeologia\/wp-content\/uploads\/sites\/144\/2018\/03\/M012_SU5332_945-300x244.jpg 300w, https:\/\/blogit.utu.fi\/kansanuskonarkeologia\/wp-content\/uploads\/sites\/144\/2018\/03\/M012_SU5332_945.jpg 640w\" sizes=\"auto, (max-width: 300px) 100vw, 300px\" \/><figcaption id=\"caption-attachment-70\" class=\"wp-caption-text\">A bear claw used as a magic object. <a href=\"https:\/\/finna.fi\/Record\/musketti.M012:SU5332:945?lng=en-gb\" target=\"_blank\" rel=\"noopener\">Finland&#8217;s National Museum<\/a>. <a href=\"https:\/\/creativecommons.org\/licenses\/by\/4.0\/deed.en\" target=\"_blank\" rel=\"noopener\">CC BY 4.0<\/a><\/figcaption><\/figure>\n<p>I apply the multi-source \u2018archaeology of folk religion\u2019 method developed in <a href=\"http:\/\/www.utupub.fi\/handle\/10024\/125606\" target=\"_blank\" rel=\"noopener\">my PhD study<\/a> to this previously unstudied material. The human tendency to see magical properties in objects is an intriguing phenomenon, and understanding it will increase our understanding of the human world-experience more widely. The hypothesis of the project is that magical power and causality manifest in an entanglement of the human mind\/culture and material aspects\/nature. Another assumption is that the Finnish magic tradition is not an isolated phenomenon, but part of a larger European tradition.<\/p>\n<p>This blog follows my research (in Finnish for now, please let me know if you wish it to be translated).<\/p>\n<p>&nbsp;<\/p>\n<p><img loading=\"lazy\" decoding=\"async\" class=\"size-full wp-image-48 alignright\" src=\"https:\/\/blogit.utu.fi\/kansanuskonarkeologia\/wp-content\/uploads\/sites\/144\/2018\/03\/SKR_englanti_vihrea.gif\" alt=\"\" width=\"386\" height=\"138\" \/><\/p>\n<figure id=\"attachment_64\" aria-describedby=\"caption-attachment-64\" style=\"width: 211px\" class=\"wp-caption alignnone\"><img loading=\"lazy\" decoding=\"async\" class=\"wp-image-64 size-medium\" src=\"https:\/\/blogit.utu.fi\/kansanuskonarkeologia\/wp-content\/uploads\/sites\/144\/2018\/03\/M012_KK4269_292-211x300.jpg\" alt=\"\" width=\"211\" height=\"300\" srcset=\"https:\/\/blogit.utu.fi\/kansanuskonarkeologia\/wp-content\/uploads\/sites\/144\/2018\/03\/M012_KK4269_292-211x300.jpg 211w, https:\/\/blogit.utu.fi\/kansanuskonarkeologia\/wp-content\/uploads\/sites\/144\/2018\/03\/M012_KK4269_292.jpg 450w\" sizes=\"auto, (max-width: 211px) 100vw, 211px\" \/><figcaption id=\"caption-attachment-64\" class=\"wp-caption-text\">Cunning man Pekka H\u00e4m\u00e4l\u00e4inen from Salmi. A magic pouch hangs around his neck. Photo by Talvi Toivo, 1936. <a href=\"https:\/\/finna.fi\/Record\/musketti.M012:KK4269:292\" target=\"_blank\" rel=\"noopener\">National Board of Antiquities<\/a>. <a href=\"https:\/\/creativecommons.org\/licenses\/by\/4.0\/deed.en\" target=\"_blank\" rel=\"noopener\">CC BY 4.0<\/a><\/figcaption><\/figure>\n","protected":false},"excerpt":{"rendered":"<p>My Post Doc project about Finnish magic objects dives into the secrets of vast museum collections. Different objects that have been seen as magical were collected into museums in the late 19th and early 20th century. This project focuses on the \u2018Magic Objects\u2019 card index of Finland\u2019s National Museum. The collection includes more than 300 &hellip; <a href=\"https:\/\/blogit.utu.fi\/kansanuskonarkeologia\/magic-objects-in-finnish-museum-collections-archaeology-of-folk-religion\/\" class=\"more-link\">Jatka artikkeliin <span class=\"screen-reader-text\">Magic Objects in Finnish Museum Collections \u2013 Archaeology of Folk Religion<\/span><\/a><\/p>\n","protected":false},"author":2014,"featured_media":0,"parent":0,"menu_order":0,"comment_status":"closed","ping_status":"closed","template":"","meta":{"footnotes":""},"class_list":["post-115","page","type-page","status-publish","hentry"],"_links":{"self":[{"href":"https:\/\/blogit.utu.fi\/kansanuskonarkeologia\/wp-json\/wp\/v2\/pages\/115","targetHints":{"allow":["GET"]}}],"collection":[{"href":"https:\/\/blogit.utu.fi\/kansanuskonarkeologia\/wp-json\/wp\/v2\/pages"}],"about":[{"href":"https:\/\/blogit.utu.fi\/kansanuskonarkeologia\/wp-json\/wp\/v2\/types\/page"}],"author":[{"embeddable":true,"href":"https:\/\/blogit.utu.fi\/kansanuskonarkeologia\/wp-json\/wp\/v2\/users\/2014"}],"replies":[{"embeddable":true,"href":"https:\/\/blogit.utu.fi\/kansanuskonarkeologia\/wp-json\/wp\/v2\/comments?post=115"}],"version-history":[{"count":8,"href":"https:\/\/blogit.utu.fi\/kansanuskonarkeologia\/wp-json\/wp\/v2\/pages\/115\/revisions"}],"predecessor-version":[{"id":127,"href":"https:\/\/blogit.utu.fi\/kansanuskonarkeologia\/wp-json\/wp\/v2\/pages\/115\/revisions\/127"}],"wp:attachment":[{"href":"https:\/\/blogit.utu.fi\/kansanuskonarkeologia\/wp-json\/wp\/v2\/media?parent=115"}],"curies":[{"name":"wp","href":"https:\/\/api.w.org\/{rel}","templated":true}]}}