{"id":76,"date":"2018-03-02T21:38:56","date_gmt":"2018-03-02T19:38:56","guid":{"rendered":"https:\/\/blogit.utu.fi\/kansanuskonarkeologia\/?page_id=76"},"modified":"2018-03-23T16:11:05","modified_gmt":"2018-03-23T14:11:05","slug":"about","status":"publish","type":"page","link":"https:\/\/blogit.utu.fi\/kansanuskonarkeologia\/sample-page\/about\/","title":{"rendered":"About"},"content":{"rendered":"<p>Julkaisujani l\u00f6ytyy t\u00e4\u00e4lt\u00e4:\u00a0<a href=\"https:\/\/utu.academia.edu\/SonjaHukantaival\" target=\"_blank\" rel=\"noopener\">https:\/\/utu.academia.edu\/SonjaHukantaival<\/a><\/p>\n<p>You can find my publications here:\u00a0<a href=\"https:\/\/utu.academia.edu\/SonjaHukantaival\" target=\"_blank\" rel=\"noopener\">https:\/\/utu.academia.edu\/SonjaHukantaival<\/a><\/p>\n","protected":false},"excerpt":{"rendered":"<p>Julkaisujani l\u00f6ytyy t\u00e4\u00e4lt\u00e4:\u00a0https:\/\/utu.academia.edu\/SonjaHukantaival You can find my publications here:\u00a0https:\/\/utu.academia.edu\/SonjaHukantaival<\/p>\n","protected":false},"author":2014,"featured_media":0,"parent":7,"menu_order":0,"comment_status":"closed","ping_status":"closed","template":"","meta":{"footnotes":""},"class_list":["post-76","page","type-page","status-publish","hentry"],"_links":{"self":[{"href":"https:\/\/blogit.utu.fi\/kansanuskonarkeologia\/wp-json\/wp\/v2\/pages\/76","targetHints":{"allow":["GET"]}}],"collection":[{"href":"https:\/\/blogit.utu.fi\/kansanuskonarkeologia\/wp-json\/wp\/v2\/pages"}],"about":[{"href":"https:\/\/blogit.utu.fi\/kansanuskonarkeologia\/wp-json\/wp\/v2\/types\/page"}],"author":[{"embeddable":true,"href":"https:\/\/blogit.utu.fi\/kansanuskonarkeologia\/wp-json\/wp\/v2\/users\/2014"}],"replies":[{"embeddable":true,"href":"https:\/\/blogit.utu.fi\/kansanuskonarkeologia\/wp-json\/wp\/v2\/comments?post=76"}],"version-history":[{"count":4,"href":"https:\/\/blogit.utu.fi\/kansanuskonarkeologia\/wp-json\/wp\/v2\/pages\/76\/revisions"}],"predecessor-version":[{"id":132,"href":"https:\/\/blogit.utu.fi\/kansanuskonarkeologia\/wp-json\/wp\/v2\/pages\/76\/revisions\/132"}],"up":[{"embeddable":true,"href":"https:\/\/blogit.utu.fi\/kansanuskonarkeologia\/wp-json\/wp\/v2\/pages\/7"}],"wp:attachment":[{"href":"https:\/\/blogit.utu.fi\/kansanuskonarkeologia\/wp-json\/wp\/v2\/media?parent=76"}],"curies":[{"name":"wp","href":"https:\/\/api.w.org\/{rel}","templated":true}]}}