{"id":135,"date":"2016-11-03T17:16:31","date_gmt":"2016-11-03T15:16:31","guid":{"rendered":"http:\/\/blogit.utu.fi\/kansanvaltavol2\/?page_id=135"},"modified":"2016-12-12T10:22:21","modified_gmt":"2016-12-12T08:22:21","slug":"siltoja-rakentamassa-seminaari","status":"publish","type":"page","link":"https:\/\/blogit.utu.fi\/kansanvaltavol2\/siltoja-rakentamassa-seminaari\/","title":{"rendered":"Siltoja rakentamassa -seminaari"},"content":{"rendered":"<p>Tervetuloa seminaariin, jossa otetaan uusimpien tutkimustuloksien kautta n\u00e4k\u00f6kulmia siihen, miten uusin tutkimus auttaa yhdist\u00e4m\u00e4\u00e4n kansalaisyhteiskunnan osallistumisen muotoja edustukselliseen p\u00e4\u00e4t\u00f6ksentekoon. Seminaari on suunnattu erityisesti kansalais- ja j\u00e4rjest\u00f6aktiiveille, virkamiehille ja osallisuussuunnittelijoille sek\u00e4 p\u00e4\u00e4t\u00f6ksentekij\u00f6ille kunnissa ja eduskunnassa.<\/p>\n<p>&nbsp;<\/p>\n<p><strong>Siltoja rakentamassa \u2013 V\u00e4lineit\u00e4 kansalaisyhteiskunnan ja edustuksellisen p\u00e4\u00e4t\u00f6ksenteon yhdist\u00e4miseen<\/strong><\/p>\n<p><strong>Paikka<\/strong>: S\u00e4\u00e4tytalo, Snellmaninkatu 9-11, Helsinki<\/p>\n<p><strong>Aika<\/strong>: maanantai 12.12.2016 klo 11.30\u201314.00<\/p>\n<p><strong>Seminaarin ja lehdist\u00f6tilaisuuden esitykset: <\/strong><a href=\"http:\/\/blogit.utu.fi\/kansanvaltavol2\/wp-content\/uploads\/sites\/27\/2016\/11\/Set\u00e4l\u00e4-lehdist\u00f6tilaisuus-12.12..pdf\">Set\u00e4l\u00e4<\/a>, <a href=\"http:\/\/blogit.utu.fi\/kansanvaltavol2\/wp-content\/uploads\/sites\/27\/2016\/11\/Kantola-KAMU_Pressi_12_12_2016.pdf\">Kantola<\/a>, <a href=\"http:\/\/blogit.utu.fi\/kansanvaltavol2\/wp-content\/uploads\/sites\/27\/2016\/11\/Christensen-Kansanvalta-seminarium-presentation.pdf\">Christensen<\/a>, <a href=\"http:\/\/blogit.utu.fi\/kansanvaltavol2\/wp-content\/uploads\/sites\/27\/2016\/11\/Siltoja-rakentamassa_Ja\u0308ske_12122016.pdf\">J\u00e4ske<\/a>, <a href=\"http:\/\/blogit.utu.fi\/kansanvaltavol2\/wp-content\/uploads\/sites\/27\/2016\/11\/Vesa-Loppuseminaari_12_12_2016_Kamu.pdf\">Vesa<\/a><\/p>\n<p>&nbsp;<\/p>\n<p><strong>Ohjelma<\/strong><\/p>\n<p>11.00\u201311.30 Kahvitarjoilu<\/p>\n<p>&nbsp;<\/p>\n<p>11.30 Akatemiatutkija <strong>Henrik Serup Christensen<\/strong>: Anv\u00e4ndning och effekter av medborgarinitiativ ur ett medborgarperspektiv<br \/>\nKommentti: <strong>Joonas Pekkanen<\/strong>, kansalaisaktiivi, projektip\u00e4\u00e4llikk\u00f6, Helsingin kaupunki<br \/>\nKeskustelua<br \/>\nLyhyt tauko<br \/>\nOsion kielin\u00e4 suomi\/ruotsi\/englanti<\/p>\n<p>12.10 Tohtorikoulutettava <strong>Maija J\u00e4ske<\/strong>: Kuntatason osallistumisinstrumentit kuntalaisten k\u00e4yt\u00f6ss\u00e4<br \/>\nKommentti: <strong>Maarit Alikoski<\/strong>, asukasasiemies, Rovaniemen kaupunki<br \/>\nKeskustelua<br \/>\nLyhyt tauko<\/p>\n<p>12.50 Tutkijatohtori <strong>Juho Vesa<\/strong>: Kuuleminen s\u00e4\u00e4d\u00f6svalmistelussa ja j\u00e4rjest\u00f6jen osallistumismahdollisuudet<br \/>\nKommentit:<br \/>\n<strong>Vertti Kiukas<\/strong>, p\u00e4\u00e4sihteeri, SOSTE Suomen sosiaali ja terveys ry<br \/>\n<strong>Kari J\u00e4\u00e4skel\u00e4inen<\/strong>, johtaja, Elinkeinoel\u00e4m\u00e4n keskusliitto<br \/>\n<strong>Ilkka Harju<\/strong>, lains\u00e4\u00e4d\u00e4nt\u00f6neuvos, valtiovarainministeri\u00f6<br \/>\nKeskustelua<\/p>\n<p>13.30 Yhteenveto: Professorit <strong>Anu Kantola<\/strong> ja <strong>Maija Set\u00e4l\u00e4<\/strong>, neuvotteleva virkamies <strong>Niklas Wilhelmsson<\/strong><br \/>\nKeskustelua<\/p>\n<p>14.00 Tilaisuus S\u00e4\u00e4tytalolla p\u00e4\u00e4ttyy<\/p>\n<p>&nbsp;<\/p>\n<p>Ennen seminaaria samassa paikassa klo 10.00-11.00 tiedotustilaisuus, jossa mahdollisuus kuulla tiivistetysti tutkimushankkeiden tuloksista<\/p>\n","protected":false},"excerpt":{"rendered":"<p>Tervetuloa seminaariin, jossa otetaan uusimpien tutkimustuloksien kautta n\u00e4k\u00f6kulmia siihen, miten uusin tutkimus auttaa yhdist\u00e4m\u00e4\u00e4n kansalaisyhteiskunnan osallistumisen muotoja edustukselliseen p\u00e4\u00e4t\u00f6ksentekoon. Seminaari on suunnattu erityisesti kansalais- ja j\u00e4rjest\u00f6aktiiveille, virkamiehille ja osallisuussuunnittelijoille sek\u00e4 p\u00e4\u00e4t\u00f6ksentekij\u00f6ille kunnissa ja eduskunnassa. &nbsp; Siltoja rakentamassa \u2013 V\u00e4lineit\u00e4 kansalaisyhteiskunnan &hellip; <a href=\"https:\/\/blogit.utu.fi\/kansanvaltavol2\/siltoja-rakentamassa-seminaari\/\">Lue loppuun <span class=\"meta-nav\">&rarr;<\/span><\/a><\/p>\n","protected":false},"author":122,"featured_media":0,"parent":0,"menu_order":0,"comment_status":"closed","ping_status":"closed","template":"","meta":{"footnotes":""},"class_list":["post-135","page","type-page","status-publish","hentry"],"_links":{"self":[{"href":"https:\/\/blogit.utu.fi\/kansanvaltavol2\/wp-json\/wp\/v2\/pages\/135","targetHints":{"allow":["GET"]}}],"collection":[{"href":"https:\/\/blogit.utu.fi\/kansanvaltavol2\/wp-json\/wp\/v2\/pages"}],"about":[{"href":"https:\/\/blogit.utu.fi\/kansanvaltavol2\/wp-json\/wp\/v2\/types\/page"}],"author":[{"embeddable":true,"href":"https:\/\/blogit.utu.fi\/kansanvaltavol2\/wp-json\/wp\/v2\/users\/122"}],"replies":[{"embeddable":true,"href":"https:\/\/blogit.utu.fi\/kansanvaltavol2\/wp-json\/wp\/v2\/comments?post=135"}],"version-history":[{"count":10,"href":"https:\/\/blogit.utu.fi\/kansanvaltavol2\/wp-json\/wp\/v2\/pages\/135\/revisions"}],"predecessor-version":[{"id":152,"href":"https:\/\/blogit.utu.fi\/kansanvaltavol2\/wp-json\/wp\/v2\/pages\/135\/revisions\/152"}],"wp:attachment":[{"href":"https:\/\/blogit.utu.fi\/kansanvaltavol2\/wp-json\/wp\/v2\/media?parent=135"}],"curies":[{"name":"wp","href":"https:\/\/api.w.org\/{rel}","templated":true}]}}