{"id":7,"date":"2014-12-10T22:00:41","date_gmt":"2014-12-10T22:00:41","guid":{"rendered":"http:\/\/blogit.utu.fi\/kansanvaltavol2\/?page_id=7"},"modified":"2016-09-27T18:00:33","modified_gmt":"2016-09-27T15:00:33","slug":"kaikki-mukaan","status":"publish","type":"page","link":"https:\/\/blogit.utu.fi\/kansanvaltavol2\/tutkimushankkeet\/kaikki-mukaan\/","title":{"rendered":"Kaikki mukaan? Avoin hallinto ja uudet osallistumismuodot"},"content":{"rendered":"<p>Hanke tutkii kansalaisten ja j\u00e4rjest\u00f6jen osallistumista s\u00e4\u00e4d\u00f6svalmisteluun ja strategiseen p\u00e4\u00e4t\u00f6ksentekoon. Valmistelua ja p\u00e4\u00e4t\u00f6ksentekoa on pyritty Suomessa kehitt\u00e4m\u00e4\u00e4n avoimemmaksi ja vuorovaikutteisemmaksi erityisesti uusien osallistumismuotojen kuten verkkokeskustelujen avulla. Hanke arvioi osallistumisen ja avoimuuden edist\u00e4miseksi tehtyjen toimenpiteiden vaikutuksia. Hanke selvitt\u00e4\u00e4, onko valmistelusta tullut avoimempaa, onko se entist\u00e4 vuorovaikutteisempaa ja ovatko vuorovaikutteisuus ja avoimuus muuttaneet s\u00e4\u00e4d\u00f6svalmistelua ja p\u00e4\u00e4t\u00f6ksentekoa. Hanke selvitt\u00e4\u00e4 erityisesti miten j\u00e4rjest\u00f6t osallistuvat valmisteluun ja k\u00e4ytt\u00e4v\u00e4t ja arvioivat uusia osallistumismuotoja. Lis\u00e4ksi tutkitaan, onko valmistelun avoimuus lis\u00e4nnyt osallistumisen yhdenvertaisuutta.<\/p>\n<p>Tutkimus kartoittaa, mit\u00e4 erilaisia osallistumisen muotoja on k\u00e4yt\u00f6ss\u00e4 s\u00e4\u00e4d\u00f6svalmistelussa ja p\u00e4\u00e4t\u00f6ksenteossa ja arvioi, miten ne ovat toimineet. Tutkimus nostaa esiin hyvi\u00e4 k\u00e4yt\u00e4nteit\u00e4 ja toisaalta ongelmakohtia niin, ett\u00e4 tulokset auttavat kehitt\u00e4m\u00e4\u00e4n valmistelun avoimuutta ja lis\u00e4\u00e4m\u00e4\u00e4n kansalaisten ja j\u00e4rjest\u00f6jen osallisuutta p\u00e4\u00e4t\u00f6ksenteossa. Samalla arvioidaan, miten valtioneuvoston demokratiapolitiikan tavoite avoimuuden lis\u00e4\u00e4misest\u00e4 on toteutunut. Tutkimustulosten perusteella voidaan esimerkiksi kehitt\u00e4\u00e4 ministeri\u00f6iden kuulemisk\u00e4yt\u00e4nt\u00f6j\u00e4, s\u00e4hk\u00f6isi\u00e4 osallistumispalveluja ja j\u00e4rjest\u00f6jen toimintatapoja.<\/p>\n<p>Hanke haastattelee laajasti ministeri\u00f6iden virkamiehi\u00e4 sek\u00e4 j\u00e4rjest\u00f6jen edustajia ja tekee j\u00e4rjest\u00f6ille suunnatun kyselytutkimuksen. Lis\u00e4ksi se ker\u00e4\u00e4 tilastollista tietoa siit\u00e4, miten paljon uusia osallistumismuotoja k\u00e4ytet\u00e4\u00e4n hallituksen esitysten valmistelussa.<\/p>\n<p>Hanketta rahoittaa valtioneuvosto ja se toteutetaan Helsingin yliopiston Sosiaalitieteiden laitoksella vuosina 2015-2017. Tutkimuksen johtajana toimii dosentti Anu Kantola, ja vastuullisena tutkijana VTM Juho Vesa.<\/p>\n<p>Hankkeessa toteutettavan j\u00e4rjest\u00f6kyselyn yhteystietojen rekisteriseloste:<br \/>\n<a href=\"http:\/\/blogit.utu.fi\/kansanvaltavol2\/wp-content\/uploads\/sites\/27\/2014\/12\/Rekisteriseloste_Jarjestokysely.pdf\" target=\"_blank\">Jarjestokyselyn_rekisteriseloste (pdf)<\/a><\/p>\n<p>Hankkeessa toteutettavan virkamieskyselyn yhteystietojen rekisteriseloste:<br \/>\n<a href=\"http:\/\/blogit.utu.fi\/kansanvaltavol2\/wp-content\/uploads\/sites\/27\/2014\/12\/Rekisteriseloste_Virkamieskysely.pdf\">Virkamieskyselyn_rekisteriseloste (pdf)<\/a><\/p>\n<p>Lis\u00e4tietoa hankkeesta l\u00f6ytyy valtioneuvoston <a href=\"http:\/\/tietokayttoon.fi\/hankkeet\/hanke-esittely\/-\/asset_publisher\/kaikki-mukaan-avoin-hallinto-ja-uudet-osallistumismuodot-kamu-\">selvitys- ja tutkimustoiminnan sivuilta<\/a>.<\/p>\n","protected":false},"excerpt":{"rendered":"<p>Hanke tutkii kansalaisten ja j\u00e4rjest\u00f6jen osallistumista s\u00e4\u00e4d\u00f6svalmisteluun ja strategiseen p\u00e4\u00e4t\u00f6ksentekoon. Valmistelua ja p\u00e4\u00e4t\u00f6ksentekoa on pyritty Suomessa kehitt\u00e4m\u00e4\u00e4n avoimemmaksi ja vuorovaikutteisemmaksi erityisesti uusien osallistumismuotojen kuten verkkokeskustelujen avulla. Hanke arvioi osallistumisen ja avoimuuden edist\u00e4miseksi tehtyjen toimenpiteiden vaikutuksia. Hanke selvitt\u00e4\u00e4, onko valmistelusta tullut &hellip; <a href=\"https:\/\/blogit.utu.fi\/kansanvaltavol2\/tutkimushankkeet\/kaikki-mukaan\/\">Lue loppuun <span class=\"meta-nav\">&rarr;<\/span><\/a><\/p>\n","protected":false},"author":92,"featured_media":0,"parent":37,"menu_order":1,"comment_status":"open","ping_status":"open","template":"","meta":{"footnotes":""},"class_list":["post-7","page","type-page","status-publish","hentry"],"_links":{"self":[{"href":"https:\/\/blogit.utu.fi\/kansanvaltavol2\/wp-json\/wp\/v2\/pages\/7","targetHints":{"allow":["GET"]}}],"collection":[{"href":"https:\/\/blogit.utu.fi\/kansanvaltavol2\/wp-json\/wp\/v2\/pages"}],"about":[{"href":"https:\/\/blogit.utu.fi\/kansanvaltavol2\/wp-json\/wp\/v2\/types\/page"}],"author":[{"embeddable":true,"href":"https:\/\/blogit.utu.fi\/kansanvaltavol2\/wp-json\/wp\/v2\/users\/92"}],"replies":[{"embeddable":true,"href":"https:\/\/blogit.utu.fi\/kansanvaltavol2\/wp-json\/wp\/v2\/comments?post=7"}],"version-history":[{"count":13,"href":"https:\/\/blogit.utu.fi\/kansanvaltavol2\/wp-json\/wp\/v2\/pages\/7\/revisions"}],"predecessor-version":[{"id":133,"href":"https:\/\/blogit.utu.fi\/kansanvaltavol2\/wp-json\/wp\/v2\/pages\/7\/revisions\/133"}],"up":[{"embeddable":true,"href":"https:\/\/blogit.utu.fi\/kansanvaltavol2\/wp-json\/wp\/v2\/pages\/37"}],"wp:attachment":[{"href":"https:\/\/blogit.utu.fi\/kansanvaltavol2\/wp-json\/wp\/v2\/media?parent=7"}],"curies":[{"name":"wp","href":"https:\/\/api.w.org\/{rel}","templated":true}]}}