{"id":2,"date":"2014-01-16T10:15:34","date_gmt":"2014-01-16T10:15:34","guid":{"rendered":"http:\/\/blogit.utu.fi\/kiekkokansa\/?page_id=2"},"modified":"2014-07-04T11:49:11","modified_gmt":"2014-07-04T09:49:11","slug":"kysely","status":"publish","type":"page","link":"https:\/\/blogit.utu.fi\/kiekkokansa\/kysely\/","title":{"rendered":"Kiekkokansa-kysely"},"content":{"rendered":"<p>Tarvitsemme apuasi kiekkokansan kokemusten tutkimuksessa. Millaisia muistikuvia Sinulla on MM-j\u00e4\u00e4kiekon parhaista ja katkerimmista hetkist\u00e4? Mit\u00e4 j\u00e4\u00e4kiekko Sinulle merkitsee?<\/p>\n<p>Vastaa t\u00e4h\u00e4n kyselyyn 31. toukokuuta 2014 menness\u00e4. Kyselyyn vastaaminen kest\u00e4\u00e4 10\u221215 minuuttia. Olemme kiitollisia ajatuksistasi ja muistoistasi!<\/p>\n<p><a href=\"https:\/\/blogit.utu.fi\/kiekkokansa\/wp-content\/uploads\/sites\/16\/2014\/02\/Fanikamaa.jpg\"><img loading=\"lazy\" decoding=\"async\" class=\"size-medium wp-image-113 alignleft\" src=\"https:\/\/blogit.utu.fi\/kiekkokansa\/wp-content\/uploads\/sites\/16\/2014\/02\/Fanikamaa-300x200.jpg\" alt=\"Fanikamaa\" width=\"300\" height=\"200\" srcset=\"https:\/\/blogit.utu.fi\/kiekkokansa\/wp-content\/uploads\/sites\/16\/2014\/02\/Fanikamaa-300x200.jpg 300w, https:\/\/blogit.utu.fi\/kiekkokansa\/wp-content\/uploads\/sites\/16\/2014\/02\/Fanikamaa-1024x683.jpg 1024w, https:\/\/blogit.utu.fi\/kiekkokansa\/wp-content\/uploads\/sites\/16\/2014\/02\/Fanikamaa.jpg 1382w\" sizes=\"auto, (max-width: 300px) 100vw, 300px\" \/><\/a><\/p>\n<p>Vastattuasi kyselyyn voit osallistua my\u00f6s Suomen J\u00e4\u00e4kiekkoliiton sponsoroiman fanipaketin arvontaan.<\/p>\n<p>Voit vastata joko suomenkieliseen tai ruotsinkieliseen kyselyyn. Du kan besvara enk\u00e4ten p\u00e5 endera finska eller svenska.<\/p>\n<p>________________________________________________________________<\/p>\n<p style=\"text-align: center\">KYSELY ON P\u00c4\u00c4TTYNYT. Kiitos kaikille vastaajille!<\/p>\n<p style=\"text-align: center\">Fanipaketin arvonnan voitti Christian Karau. Onnea voittajalle!<\/p>\n<p>&nbsp;<\/p>\n","protected":false},"excerpt":{"rendered":"<p>Tarvitsemme apuasi kiekkokansan kokemusten tutkimuksessa. Millaisia muistikuvia Sinulla on MM-j\u00e4\u00e4kiekon parhaista ja katkerimmista hetkist\u00e4? Mit\u00e4 j\u00e4\u00e4kiekko Sinulle merkitsee? Vastaa t\u00e4h\u00e4n kyselyyn 31. toukokuuta 2014 menness\u00e4. Kyselyyn vastaaminen kest\u00e4\u00e4 10\u221215 minuuttia. Olemme kiitollisia ajatuksistasi ja muistoistasi! Vastattuasi kyselyyn voit osallistua my\u00f6s &hellip; <a href=\"https:\/\/blogit.utu.fi\/kiekkokansa\/kysely\/\">Lue loppuun <span class=\"meta-nav\">&rarr;<\/span><\/a><\/p>\n","protected":false},"author":40,"featured_media":0,"parent":0,"menu_order":0,"comment_status":"closed","ping_status":"closed","template":"","meta":{"footnotes":""},"class_list":["post-2","page","type-page","status-publish","hentry"],"_links":{"self":[{"href":"https:\/\/blogit.utu.fi\/kiekkokansa\/wp-json\/wp\/v2\/pages\/2","targetHints":{"allow":["GET"]}}],"collection":[{"href":"https:\/\/blogit.utu.fi\/kiekkokansa\/wp-json\/wp\/v2\/pages"}],"about":[{"href":"https:\/\/blogit.utu.fi\/kiekkokansa\/wp-json\/wp\/v2\/types\/page"}],"author":[{"embeddable":true,"href":"https:\/\/blogit.utu.fi\/kiekkokansa\/wp-json\/wp\/v2\/users\/40"}],"replies":[{"embeddable":true,"href":"https:\/\/blogit.utu.fi\/kiekkokansa\/wp-json\/wp\/v2\/comments?post=2"}],"version-history":[{"count":18,"href":"https:\/\/blogit.utu.fi\/kiekkokansa\/wp-json\/wp\/v2\/pages\/2\/revisions"}],"predecessor-version":[{"id":173,"href":"https:\/\/blogit.utu.fi\/kiekkokansa\/wp-json\/wp\/v2\/pages\/2\/revisions\/173"}],"wp:attachment":[{"href":"https:\/\/blogit.utu.fi\/kiekkokansa\/wp-json\/wp\/v2\/media?parent=2"}],"curies":[{"name":"wp","href":"https:\/\/api.w.org\/{rel}","templated":true}]}}