{"id":30,"date":"2014-01-30T09:59:49","date_gmt":"2014-01-30T07:59:49","guid":{"rendered":"http:\/\/blogit.utu.fi\/kiekkokansa\/?page_id=30"},"modified":"2015-04-26T22:16:40","modified_gmt":"2015-04-26T20:16:40","slug":"kirja","status":"publish","type":"page","link":"https:\/\/blogit.utu.fi\/kiekkokansa\/kirja\/","title":{"rendered":"Kirja"},"content":{"rendered":"<p style=\"text-align: justify\">Benita Heiskasen ja Hannu Salmen toimittama tietokirja\u00a0<em>Kiekkokansa<\/em>\u00a0julkaistaan huhtikuussa 2015, kun leijonien ensimm\u00e4isest\u00e4 MM-kullasta on kulunut 20 vuotta.<\/p>\n<p style=\"text-align: justify\"><em>Kiekkokansa<\/em> on ainutlaatuinen katsaus suomalaiseen j\u00e4\u00e4kiekkokulttuuriin. Kirja kertoo, kuinka j\u00e4\u00e4kiekko nousi Suomessa ylivertaiseksi urheilulajiksi ja karnevaaliviihteeksi, se avaa l\u00e4tk\u00e4faniuden ilmentymi\u00e4 ker\u00e4ilykorteista kannatuslauluihin, j\u00e4\u00e4hallikulttuurista &#8221;n\u00e4kym\u00e4tt\u00f6miin&#8221; kannattajiin, jotka el\u00e4ytyv\u00e4t kotisohvalla H\u00f6yry H\u00e4yrisen tai Antero Mertarannan kanssa. K\u00e4yd\u00e4\u00e4np\u00e4 teoksessa my\u00f6s vuoden 2014 MM-kisoissa Minskiss\u00e4 tarkastelemassa, mit\u00e4 kaikkea leijonakannatus on kisamatkalla.<\/p>\n<p style=\"text-align: justify\"><em>Kiekkokansa<\/em> antaa \u00e4\u00e4nen suomalaisille j\u00e4\u00e4kiekkofaneille, kiekkoilijoita ja valmentajia unohtamatta. Hallissa soi S\u00e4kkij\u00e4rven polkka, kotona perunalastut lentelev\u00e4t. T\u00e4llainen olemme me, kiekkokansa.<\/p>\n<p style=\"text-align: justify\">\n<p style=\"text-align: justify\">Katso kirjan esittely <a href=\"http:\/\/issuu.com\/teos-kustantamo\/docs\/teos-2015kevat-katalogi-issuu\/31?e=7168570\/10377820\" target=\"_blank\">kustantajan (Teos) kev\u00e4\u00e4n 2015 katalogista<\/a>.<\/p>\n","protected":false},"excerpt":{"rendered":"<p>Benita Heiskasen ja Hannu Salmen toimittama tietokirja\u00a0Kiekkokansa\u00a0julkaistaan huhtikuussa 2015, kun leijonien ensimm\u00e4isest\u00e4 MM-kullasta on kulunut 20 vuotta. Kiekkokansa on ainutlaatuinen katsaus suomalaiseen j\u00e4\u00e4kiekkokulttuuriin. Kirja kertoo, kuinka j\u00e4\u00e4kiekko nousi Suomessa ylivertaiseksi urheilulajiksi ja karnevaaliviihteeksi, se avaa l\u00e4tk\u00e4faniuden ilmentymi\u00e4 ker\u00e4ilykorteista kannatuslauluihin, j\u00e4\u00e4hallikulttuurista &hellip; <a href=\"https:\/\/blogit.utu.fi\/kiekkokansa\/kirja\/\">Lue loppuun <span class=\"meta-nav\">&rarr;<\/span><\/a><\/p>\n","protected":false},"author":40,"featured_media":0,"parent":0,"menu_order":0,"comment_status":"closed","ping_status":"closed","template":"","meta":{"footnotes":""},"class_list":["post-30","page","type-page","status-publish","hentry"],"_links":{"self":[{"href":"https:\/\/blogit.utu.fi\/kiekkokansa\/wp-json\/wp\/v2\/pages\/30","targetHints":{"allow":["GET"]}}],"collection":[{"href":"https:\/\/blogit.utu.fi\/kiekkokansa\/wp-json\/wp\/v2\/pages"}],"about":[{"href":"https:\/\/blogit.utu.fi\/kiekkokansa\/wp-json\/wp\/v2\/types\/page"}],"author":[{"embeddable":true,"href":"https:\/\/blogit.utu.fi\/kiekkokansa\/wp-json\/wp\/v2\/users\/40"}],"replies":[{"embeddable":true,"href":"https:\/\/blogit.utu.fi\/kiekkokansa\/wp-json\/wp\/v2\/comments?post=30"}],"version-history":[{"count":9,"href":"https:\/\/blogit.utu.fi\/kiekkokansa\/wp-json\/wp\/v2\/pages\/30\/revisions"}],"predecessor-version":[{"id":195,"href":"https:\/\/blogit.utu.fi\/kiekkokansa\/wp-json\/wp\/v2\/pages\/30\/revisions\/195"}],"wp:attachment":[{"href":"https:\/\/blogit.utu.fi\/kiekkokansa\/wp-json\/wp\/v2\/media?parent=30"}],"curies":[{"name":"wp","href":"https:\/\/api.w.org\/{rel}","templated":true}]}}