{"id":32,"date":"2014-01-30T10:01:42","date_gmt":"2014-01-30T08:01:42","guid":{"rendered":"http:\/\/blogit.utu.fi\/kiekkokansa\/?page_id=32"},"modified":"2014-02-11T14:42:35","modified_gmt":"2014-02-11T12:42:35","slug":"tiimi","status":"publish","type":"page","link":"https:\/\/blogit.utu.fi\/kiekkokansa\/tiimi\/","title":{"rendered":"Tiimi"},"content":{"rendered":"<p>Hankkeeseen osallistuvat Kaj Ahlsved, Benita Heiskanen, Maiju Kannisto, Otto Latva, Johanna Leinonen, Rami M\u00e4hk\u00e4, Paavo Oinonen, Hannu Salmi, Mari Toivanen ja Susanna V\u00e4lim\u00e4ki. He edustavat eri tieteenaloja, musiikkitiedett\u00e4, kulttuurihistoriaa, kulttuurintutkimusta, sosiologiaa ja yleist\u00e4 historiaa.<\/p>\n<p>Tiimin j\u00e4senten kuvaukset:<\/p>\n<p><strong>Benita Heiskanen<\/strong> on kulttuurintutkija ja toimii johtajana Turun yliopiston Pohjois-Amerikan tutkimuksen John Morton -keskuksessa. H\u00e4nen urheiluaiheisia julkaisujaan ovat mm. <i>The Urban Geography of Boxing: Race, Class, and Gender in the<\/i> Ring (New York: Routledge, 2012) sek\u00e4 esseekokoelma <i>Mit\u00e4 Matti tarkoittaa? <\/i><i>Esseit\u00e4 Matti Nyk\u00e4sest\u00e4 <\/i>(Turku: Savukeidas, 2013).<\/p>\n<p><strong>Hannu Salmi<\/strong> on Turun yliopiston kulttuurihistorian professori ja julkaissut laaja-alaisesti audiovisuaalisen kulttuurin, populaarikulttuuriin ja arkip\u00e4iv\u00e4n historiasta. Salmen kirjoja ovat mm. <i>Elokuva ja historia<\/i> (Helsinki: Suomen elokuva-arkisto &amp; Painatuskeskus, 1993), <i>Tanssi yli historian. Tutkielmia suomalaisesta elokuvasta<\/i> (Turku: Turun yliopisto, 1999) ja <i>Historical Comedy on Screen: Subverting History with Humour<\/i> (Bristol: Intellect, 2011). Salmi palkittiin lokakuussa 2013 Tietokirjapalkinnolla.<\/p>\n<p><strong>Otto Latva<\/strong> on Turun yliopiston kulttuurihistorian tohtoriopiskelija. H\u00e4n toimii hankkeen tutkimusassistenttina ja yhten\u00e4 kirjoittajista.<\/p>\n<p><strong>Maiju Kannisto<\/strong> on Turun yliopiston kulttuurihistorian tohtoriopiskelija. H\u00e4n on julkaissut artikkeleita ja esseit\u00e4, joissa tutkitaan mediaa, etenkin televisiota.<\/p>\n<p><strong>Paavo Oinonen<\/strong> on kulttuurihistorioitsija, joka on tutkinut suomalaisten radio- ja televisio-ohjelmistojen historiaa. H\u00e4n ty\u00f6skentelee Turun yliopiston humanistisen tiedekunnan jatkokoulutuskoordinaattorina.<\/p>\n<p><strong>Mari Toivanen<\/strong> on Turun yliopiston Monikulttuurisuuden ja yhteiskunnallisen vuorovaikutuksen tutkimusverkoston (MCnet) koordinaattori. H\u00e4n tutkii p\u00e4\u00e4asiassa Suomessa kasvaneiden maahanmuuttajataustaisten nuorten k\u00e4sityksi\u00e4 identiteetist\u00e4 ja kuulumisesta. H\u00e4nen sosiologian oppiaineeseen valmistuva v\u00e4it\u00f6skirjansa tarkastelee kurditaustaisten nuorten k\u00e4sityksi\u00e4 kodista ja kuulumisesta.<\/p>\n<p><strong>Kaj Ahlsved<\/strong> on \u00c5bo Akademin musiikkitieteen tohtoriopiskelija. H\u00e4n<br \/>\nvalmistelee artikkeliv\u00e4it\u00f6skirjaa arkemme musiikista, erityisesti<br \/>\nsiit\u00e4 miten nauhoitettua musiikkia k\u00e4ytet\u00e4\u00e4n eri urheilutapahtumissa.<\/p>\n<p><strong>Rami M\u00e4hk\u00e4<\/strong> on tutkija Turun yliopiston kulttuurihistorian oppiaineessa. H\u00e4n on erikoistunut populaarikulttuurin, ja erityisesti television ja elokuvan tutkimukseen. M\u00e4hk\u00e4 viimeistelee parhaillaan Monty Python -ryhm\u00e4\u00e4 k\u00e4sittelev\u00e4\u00e4 v\u00e4it\u00f6skirjaansa. H\u00e4n ty\u00f6skentelee lis\u00e4ksi tutkimushankkeessa <i>Thatcherism, Popular Culture and the 1980s<\/i>.<\/p>\n<p><strong>Susanna V\u00e4lim\u00e4ki<\/strong> on musiikin ja \u00e4\u00e4nellisen kulttuurin tutkija ja toimii Turun yliopistossa musiikkitieteen yliopistonlehtorina. V\u00e4lim\u00e4ki on kiinnostunut kaikesta urheilusta ja mit\u00e4 enemm\u00e4n \u00e4\u00e4nt\u00e4, sen parempi. V\u00e4lim\u00e4ki on kirjoittanut muun muassa kirjat<em> Subject Stragies in Music: A Psychoanalytic Approach to Musical Signification<\/em> (2005) ja <em>Miten sota soi? Sotaelokuva, \u00e4\u00e4ni ja musiikki<\/em> (2008), josta h\u00e4n sai Tampere University Pressin Vuoden kirja -palkinnon (2008). V\u00e4lim\u00e4ki toimii my\u00f6s yleistajuisena kirjoittajana ja mm. <em>Rondo<\/em>-lehden kolumnistina.<\/p>\n<p><strong>Johanna Leinonen<\/strong> toimii tutkimuskoordinaattorina Turun yliopiston Pohjois-Amerikan tutkimuksen John Morton -keskuksessa. H\u00e4n on k\u00e4sitellyt tutkimuksessaan monipuolisesti etnisiin suhteisiin, monikulttuurisiin avioliittoihin, ylirajaisuuteen ja kansainv\u00e4liseen muuttoliikkeeseen liittyvi\u00e4 kysymyksi\u00e4.<\/p>\n<p>&nbsp;<\/p>\n","protected":false},"excerpt":{"rendered":"<p>Hankkeeseen osallistuvat Kaj Ahlsved, Benita Heiskanen, Maiju Kannisto, Otto Latva, Johanna Leinonen, Rami M\u00e4hk\u00e4, Paavo Oinonen, Hannu Salmi, Mari Toivanen ja Susanna V\u00e4lim\u00e4ki. He edustavat eri tieteenaloja, musiikkitiedett\u00e4, kulttuurihistoriaa, kulttuurintutkimusta, sosiologiaa ja yleist\u00e4 historiaa. Tiimin j\u00e4senten kuvaukset: Benita Heiskanen on &hellip; <a href=\"https:\/\/blogit.utu.fi\/kiekkokansa\/tiimi\/\">Lue loppuun <span class=\"meta-nav\">&rarr;<\/span><\/a><\/p>\n","protected":false},"author":40,"featured_media":0,"parent":0,"menu_order":0,"comment_status":"closed","ping_status":"closed","template":"","meta":{"footnotes":""},"class_list":["post-32","page","type-page","status-publish","hentry"],"_links":{"self":[{"href":"https:\/\/blogit.utu.fi\/kiekkokansa\/wp-json\/wp\/v2\/pages\/32","targetHints":{"allow":["GET"]}}],"collection":[{"href":"https:\/\/blogit.utu.fi\/kiekkokansa\/wp-json\/wp\/v2\/pages"}],"about":[{"href":"https:\/\/blogit.utu.fi\/kiekkokansa\/wp-json\/wp\/v2\/types\/page"}],"author":[{"embeddable":true,"href":"https:\/\/blogit.utu.fi\/kiekkokansa\/wp-json\/wp\/v2\/users\/40"}],"replies":[{"embeddable":true,"href":"https:\/\/blogit.utu.fi\/kiekkokansa\/wp-json\/wp\/v2\/comments?post=32"}],"version-history":[{"count":12,"href":"https:\/\/blogit.utu.fi\/kiekkokansa\/wp-json\/wp\/v2\/pages\/32\/revisions"}],"predecessor-version":[{"id":137,"href":"https:\/\/blogit.utu.fi\/kiekkokansa\/wp-json\/wp\/v2\/pages\/32\/revisions\/137"}],"wp:attachment":[{"href":"https:\/\/blogit.utu.fi\/kiekkokansa\/wp-json\/wp\/v2\/media?parent=32"}],"curies":[{"name":"wp","href":"https:\/\/api.w.org\/{rel}","templated":true}]}}