{"id":48,"date":"2014-01-30T10:52:18","date_gmt":"2014-01-30T08:52:18","guid":{"rendered":"http:\/\/blogit.utu.fi\/kiekkokansa\/?page_id=48"},"modified":"2014-02-12T14:53:44","modified_gmt":"2014-02-12T12:53:44","slug":"linkit","status":"publish","type":"page","link":"https:\/\/blogit.utu.fi\/kiekkokansa\/linkit\/","title":{"rendered":"Linkit"},"content":{"rendered":"<p><a href=\"http:\/\/www.finhockey.fi\/\">Suomen J\u00e4\u00e4kiekkoliitto<\/a><\/p>\n<p><a href=\"http:\/\/leijonat.fi\/\">Leijona.fi -sivusto<\/a><\/p>\n<p><a href=\"http:\/\/vapriikki.fi\/jaakiekkomuseo\/\">Suomen J\u00e4\u00e4kiekkomuseo<\/a><\/p>\n","protected":false},"excerpt":{"rendered":"<p>Suomen J\u00e4\u00e4kiekkoliitto Leijona.fi -sivusto Suomen J\u00e4\u00e4kiekkomuseo<\/p>\n","protected":false},"author":40,"featured_media":0,"parent":0,"menu_order":0,"comment_status":"closed","ping_status":"closed","template":"","meta":{"footnotes":""},"class_list":["post-48","page","type-page","status-publish","hentry"],"_links":{"self":[{"href":"https:\/\/blogit.utu.fi\/kiekkokansa\/wp-json\/wp\/v2\/pages\/48","targetHints":{"allow":["GET"]}}],"collection":[{"href":"https:\/\/blogit.utu.fi\/kiekkokansa\/wp-json\/wp\/v2\/pages"}],"about":[{"href":"https:\/\/blogit.utu.fi\/kiekkokansa\/wp-json\/wp\/v2\/types\/page"}],"author":[{"embeddable":true,"href":"https:\/\/blogit.utu.fi\/kiekkokansa\/wp-json\/wp\/v2\/users\/40"}],"replies":[{"embeddable":true,"href":"https:\/\/blogit.utu.fi\/kiekkokansa\/wp-json\/wp\/v2\/comments?post=48"}],"version-history":[{"count":4,"href":"https:\/\/blogit.utu.fi\/kiekkokansa\/wp-json\/wp\/v2\/pages\/48\/revisions"}],"predecessor-version":[{"id":140,"href":"https:\/\/blogit.utu.fi\/kiekkokansa\/wp-json\/wp\/v2\/pages\/48\/revisions\/140"}],"wp:attachment":[{"href":"https:\/\/blogit.utu.fi\/kiekkokansa\/wp-json\/wp\/v2\/media?parent=48"}],"curies":[{"name":"wp","href":"https:\/\/api.w.org\/{rel}","templated":true}]}}