{"id":42,"date":"2017-10-06T09:20:45","date_gmt":"2017-10-06T09:20:45","guid":{"rendered":"https:\/\/blogit.utu.fi\/kiertotalous\/?page_id=42"},"modified":"2018-08-31T07:00:38","modified_gmt":"2018-08-31T07:00:38","slug":"jatehuolto","status":"publish","type":"page","link":"https:\/\/blogit.utu.fi\/kiertotalous\/jatehuolto\/","title":{"rendered":"J\u00e4tehuolto ja ymp\u00e4rist\u00f6j\u00e4rjestelm\u00e4t"},"content":{"rendered":"<p>Kiertotaloudessa j\u00e4tett\u00e4 pyrit\u00e4\u00e4n tuottamaan mahdollisimman v\u00e4h\u00e4n, sill\u00e4 kaikki ylij\u00e4\u00e4m\u00e4t pyrit\u00e4\u00e4n hy\u00f6dynt\u00e4m\u00e4\u00e4n uudelleen raaka-aineena tai kunnostamaan uudelleen k\u00e4ytett\u00e4v\u00e4ksi. Sivulta l\u00f6yd\u00e4t j\u00e4tehuoltoon ja ymp\u00e4rist\u00f6j\u00e4rjestelm\u00e4 ISO 140001:seen liittyv\u00e4\u00e4 oppimateriaalia. Materiaaleissa on huomioitu erityisesti meriteollisuuteen, satamatoimintoihin ja meriliikenteeseen liittyv\u00e4t toimialat.<\/p>\n<p>\u2022 Powerpointesitys ja luentomuistiinpanot aiheesta <a href=\"https:\/\/seafile.utu.fi\/f\/e3ebe2678fc34087a1d5\/\">&#8221;J\u00e4tehuoltosuunnitelma -ja kartoitus&#8221;<\/a><br \/>\n\u2022 <a href=\"https:\/\/play.kahoot.it\/#\/k\/fc8f6735-ea67-41bd-ab2a-9ab8f4730564\">Kahoot -kysely<\/a> satamien ja alusten j\u00e4tehuollosta sek\u00e4 ymp\u00e4rist\u00f6j\u00e4rjestelm\u00e4 ISO14001:st\u00e4. Kysely l\u00f6ytyy Kahootista my\u00f6s hakusanoilla #j\u00e4tehuolto, #ISO14001, #satamat, #alus, #merenkulku ja #meriklusteri<br \/>\n\u2022 Soveltuvat <a href=\"https:\/\/blogit.utu.fi\/kiertotalous\/wp-content\/uploads\/sites\/122\/2018\/01\/materiaalivinkit_jatehuolto_ymparistojarjestelma.pdf\">kirjallisuus- ja materiaalivinkit<\/a><br \/>\n\u2022 <a href=\"https:\/\/blogit.utu.fi\/kiertotalous\/wp-content\/uploads\/sites\/122\/2018\/01\/oppimistehtavaideoita_jatehuolto_ymparistojarjestelma.pdf\">Oppimisteht\u00e4v\u00e4ideoita<\/a><br \/>\n\u2022 <a href=\"https:\/\/youtu.be\/PKIQFVyPY0o\">Video kiertotaloudesta ja j\u00e4tteiden hy\u00f6dynt\u00e4misest\u00e4.<\/a> Mit\u00e4 erityist\u00e4 meriklusterissa?<\/p>\n","protected":false},"excerpt":{"rendered":"<p>Kiertotaloudessa j\u00e4tett\u00e4 pyrit\u00e4\u00e4n tuottamaan mahdollisimman v\u00e4h\u00e4n, sill\u00e4 kaikki ylij\u00e4\u00e4m\u00e4t pyrit\u00e4\u00e4n hy\u00f6dynt\u00e4m\u00e4\u00e4n uudelleen raaka-aineena tai kunnostamaan uudelleen k\u00e4ytett\u00e4v\u00e4ksi. Sivulta l\u00f6yd\u00e4t j\u00e4tehuoltoon ja ymp\u00e4rist\u00f6j\u00e4rjestelm\u00e4 ISO 140001:seen liittyv\u00e4\u00e4 oppimateriaalia. Materiaaleissa on huomioitu erityisesti meriteollisuuteen, satamatoimintoihin ja meriliikenteeseen liittyv\u00e4t toimialat. \u2022 Powerpointesitys ja luentomuistiinpanot &hellip; <a href=\"https:\/\/blogit.utu.fi\/kiertotalous\/jatehuolto\/\">Lue loppuun <span class=\"meta-nav\">&rarr;<\/span><\/a><\/p>\n","protected":false},"author":738,"featured_media":120,"parent":0,"menu_order":4,"comment_status":"closed","ping_status":"closed","template":"","meta":{"footnotes":""},"class_list":["post-42","page","type-page","status-publish","has-post-thumbnail","hentry"],"_links":{"self":[{"href":"https:\/\/blogit.utu.fi\/kiertotalous\/wp-json\/wp\/v2\/pages\/42","targetHints":{"allow":["GET"]}}],"collection":[{"href":"https:\/\/blogit.utu.fi\/kiertotalous\/wp-json\/wp\/v2\/pages"}],"about":[{"href":"https:\/\/blogit.utu.fi\/kiertotalous\/wp-json\/wp\/v2\/types\/page"}],"author":[{"embeddable":true,"href":"https:\/\/blogit.utu.fi\/kiertotalous\/wp-json\/wp\/v2\/users\/738"}],"replies":[{"embeddable":true,"href":"https:\/\/blogit.utu.fi\/kiertotalous\/wp-json\/wp\/v2\/comments?post=42"}],"version-history":[{"count":24,"href":"https:\/\/blogit.utu.fi\/kiertotalous\/wp-json\/wp\/v2\/pages\/42\/revisions"}],"predecessor-version":[{"id":578,"href":"https:\/\/blogit.utu.fi\/kiertotalous\/wp-json\/wp\/v2\/pages\/42\/revisions\/578"}],"wp:featuredmedia":[{"embeddable":true,"href":"https:\/\/blogit.utu.fi\/kiertotalous\/wp-json\/wp\/v2\/media\/120"}],"wp:attachment":[{"href":"https:\/\/blogit.utu.fi\/kiertotalous\/wp-json\/wp\/v2\/media?parent=42"}],"curies":[{"name":"wp","href":"https:\/\/api.w.org\/{rel}","templated":true}]}}