{"id":79,"date":"2017-10-06T09:47:37","date_gmt":"2017-10-06T09:47:37","guid":{"rendered":"https:\/\/blogit.utu.fi\/kiertotalous\/?page_id=79"},"modified":"2018-08-30T08:30:02","modified_gmt":"2018-08-30T08:30:02","slug":"ymparistooikeus","status":"publish","type":"page","link":"https:\/\/blogit.utu.fi\/kiertotalous\/ymparistooikeus\/","title":{"rendered":"Ymp\u00e4rist\u00f6s\u00e4\u00e4ntely"},"content":{"rendered":"<p>Sivu sis\u00e4lt\u00e4\u00e4 meriliikenteen ja satamien ymp\u00e4rist\u00f6s\u00e4\u00e4ntelyyn liittyv\u00e4\u00e4 oppimateriaalia.<\/p>\n<p>\u2022 Powerpointesitys ja luentomuistiinpanot aiheesta &#8221;<a href=\"https:\/\/seafile.utu.fi\/f\/2ddb69a0d47148948dc3\/\">Ymp\u00e4rist\u00f6s\u00e4\u00e4ntely<\/a>&#8221;<br \/>\n\u2022 <a href=\"https:\/\/play.kahoot.it\/#\/k\/c3a345fa-374b-47d5-887d-2ba5af6f3f0b\">Kahoot -kysely <\/a>meriliikenteen ymp\u00e4rist\u00f6s\u00e4\u00e4ntelyst\u00e4 ja satamien ymp\u00e4rist\u00f6lupak\u00e4yt\u00e4nn\u00f6ist\u00e4. Kysely l\u00f6ytyy linkki\u00e4 klikkaamalla sek\u00e4 Kahootista hakusanoilla: #meriliikenne #ymp\u00e4rist\u00f6oikeus #ymp\u00e4rist\u00f6s\u00e4\u00e4ntely #satama ja #ymp\u00e4rist\u00f6lupa<br \/>\n\u2022 <a href=\"https:\/\/blogit.utu.fi\/kiertotalous\/wp-content\/uploads\/sites\/122\/2018\/04\/materiaalivinkit_ymparistooikeus.pdf\">Kirjallisuus- ja materiaalivinkit<\/a><br \/>\n\u2022 <a href=\"https:\/\/blogit.utu.fi\/kiertotalous\/wp-content\/uploads\/sites\/122\/2018\/04\/oppimistehtavaideoita_ymparistosaantely.pdf\" target=\"_blank\" rel=\"noopener\">Oppimisteht\u00e4v\u00e4ideoita<\/a><\/p>\n","protected":false},"excerpt":{"rendered":"<p>Sivu sis\u00e4lt\u00e4\u00e4 meriliikenteen ja satamien ymp\u00e4rist\u00f6s\u00e4\u00e4ntelyyn liittyv\u00e4\u00e4 oppimateriaalia. \u2022 Powerpointesitys ja luentomuistiinpanot aiheesta &#8221;Ymp\u00e4rist\u00f6s\u00e4\u00e4ntely&#8221; \u2022 Kahoot -kysely meriliikenteen ymp\u00e4rist\u00f6s\u00e4\u00e4ntelyst\u00e4 ja satamien ymp\u00e4rist\u00f6lupak\u00e4yt\u00e4nn\u00f6ist\u00e4. Kysely l\u00f6ytyy linkki\u00e4 klikkaamalla sek\u00e4 Kahootista hakusanoilla: #meriliikenne #ymp\u00e4rist\u00f6oikeus #ymp\u00e4rist\u00f6s\u00e4\u00e4ntely #satama ja #ymp\u00e4rist\u00f6lupa \u2022 Kirjallisuus- ja materiaalivinkit \u2022 &hellip; <a href=\"https:\/\/blogit.utu.fi\/kiertotalous\/ymparistooikeus\/\">Lue loppuun <span class=\"meta-nav\">&rarr;<\/span><\/a><\/p>\n","protected":false},"author":738,"featured_media":134,"parent":0,"menu_order":5,"comment_status":"closed","ping_status":"closed","template":"","meta":{"footnotes":""},"class_list":["post-79","page","type-page","status-publish","has-post-thumbnail","hentry"],"_links":{"self":[{"href":"https:\/\/blogit.utu.fi\/kiertotalous\/wp-json\/wp\/v2\/pages\/79","targetHints":{"allow":["GET"]}}],"collection":[{"href":"https:\/\/blogit.utu.fi\/kiertotalous\/wp-json\/wp\/v2\/pages"}],"about":[{"href":"https:\/\/blogit.utu.fi\/kiertotalous\/wp-json\/wp\/v2\/types\/page"}],"author":[{"embeddable":true,"href":"https:\/\/blogit.utu.fi\/kiertotalous\/wp-json\/wp\/v2\/users\/738"}],"replies":[{"embeddable":true,"href":"https:\/\/blogit.utu.fi\/kiertotalous\/wp-json\/wp\/v2\/comments?post=79"}],"version-history":[{"count":18,"href":"https:\/\/blogit.utu.fi\/kiertotalous\/wp-json\/wp\/v2\/pages\/79\/revisions"}],"predecessor-version":[{"id":626,"href":"https:\/\/blogit.utu.fi\/kiertotalous\/wp-json\/wp\/v2\/pages\/79\/revisions\/626"}],"wp:featuredmedia":[{"embeddable":true,"href":"https:\/\/blogit.utu.fi\/kiertotalous\/wp-json\/wp\/v2\/media\/134"}],"wp:attachment":[{"href":"https:\/\/blogit.utu.fi\/kiertotalous\/wp-json\/wp\/v2\/media?parent=79"}],"curies":[{"name":"wp","href":"https:\/\/api.w.org\/{rel}","templated":true}]}}