{"id":28,"date":"2017-10-23T09:44:00","date_gmt":"2017-10-23T09:44:00","guid":{"rendered":"https:\/\/blogit.utu.fi\/kokkeli\/?page_id=28"},"modified":"2017-11-27T13:39:35","modified_gmt":"2017-11-27T13:39:35","slug":"kulttuurisuunnittelu-ja-taide","status":"publish","type":"page","link":"https:\/\/blogit.utu.fi\/kokkeli\/kulttuurisuunnittelu-ja-taide\/","title":{"rendered":"Kulttuurisuunnittelu ja taide"},"content":{"rendered":"<p><strong>Kulttuurisuunnittelu <\/strong><\/p>\n<p>Kulttuurisuunnittelu (cultural planning) on 1970-luvulla syntynyt l\u00e4hestymistapa paikkojen kulttuuril\u00e4ht\u00f6iseksi ja osallistavaksi kehitt\u00e4miseksi. Sen taustana ovat yht\u00e4\u00e4lt\u00e4 hallintovetoisen, sektorin\u00e4k\u00f6kulmiin perustuvan suunnittelun sek\u00e4 toisaalta yksipuoliseen ja kapeaan tuotteistamisajatteluun ja luoviin eliitteihin perustuvan kulttuurikehitt\u00e4misen kritiikki. Kulttuurisuunnittelu perustuu kulttuurin laajaan m\u00e4\u00e4rittelyyn el\u00e4m\u00e4ntapana eik\u00e4 yksitt\u00e4isin\u00e4 objekteina ja niiden tuottamisena. Sen l\u00e4ht\u00f6kohtana on kulttuurin erityispiirteiden paikallinen tunnistaminen ja kulttuurin\u00e4k\u00f6kulman integroiminen kehitt\u00e4miseen, mik\u00e4 edellytt\u00e4\u00e4 monipuolista tietoa, sektorirajojen ylitt\u00e4mist\u00e4 ja yhteis\u00f6jen laajaa osallistamista prosessiin.<\/p>\n<p>Kulttuurisuunnittelun p\u00e4\u00e4tavoitteena on sektorirajat ylitt\u00e4v\u00e4 strateginen suunnittelu ja kehitt\u00e4minen, jonka on perustuttava sek\u00e4 kaupungin tai alueorganisaation yleisiin linjauksiin ett\u00e4 osallisten k\u00e4sityksiin kulttuurista ja paikasta sek\u00e4 yhteisymm\u00e4rrykseen kehitt\u00e4mistavoitteista.<\/p>\n<p>Prosessi jakautuu kahteen osaan, <em>kulttuurikartoitukseen<\/em> (cultural mapping) ja siihen perustuvaan <em>kulttuurisuunnitteluun<\/em>. Menetelm\u00e4t ja painotukset vaihtelevat kohteittain, olennaista on paikalla el\u00e4vien ja toimivien tai muuten paikkaan liittyvien yhteis\u00f6jen ja ryhmien tunnistaminen sek\u00e4 n\u00e4iden keskin\u00e4isten suhteiden kartoitus.<\/p>\n<p>Kulttuurikartoitus tavoittelee kokoavaa yleiskuvaa kohdealueesta. Sen piiriin kuuluvat my\u00f6s hallinnon tuottama sektoritieto ja osallisten n\u00e4kemykset hallinnosta. Tiedon pohjalta tunnistetaan paikkakuntaa muista erottavat piirteet, sen keskeiset kulttuuriset resurssit sek\u00e4 niist\u00e4 vallitsevan konsensuksen aste. N\u00e4in saadaan esiin sektorien v\u00e4liin j\u00e4\u00e4vi\u00e4 katvealueita ja hallinnossa sivuutettua hiljaista tietoa, mutta my\u00f6s yhteis\u00f6n sis\u00e4isi\u00e4 hierarkioita ja jakolinjoja. N\u00e4iden perusteella paikannetaan keskeiset kehitt\u00e4mistarpeet. Kulttuurikartoituksessa hy\u00f6dynnet\u00e4\u00e4n yleens\u00e4 paikkatietoa, jolla heterogeeninen tietoaines saadaan esitetty\u00e4 yhdenmukaisella ja havainnollisella tavalla. Vaikka osa informaatiota n\u00e4in menetet\u00e4\u00e4nkin, paikkatietomuoto helpottaa sek\u00e4 keskustelua osallisten kanssa ett\u00e4 tietoon perustuvaa p\u00e4\u00e4t\u00f6ksentekoa ja suunnittelua.<\/p>\n<p>Kartoituksen ja siit\u00e4 ker\u00e4tyn palautteen j\u00e4lkeen prosessi jatkuu osallistavana suunnitteluna, jonka tarkoitus on tuottaa pohja kaupungin strategisille valinnoille ja niiden mukaisille toimenpiteille. N\u00e4iden vaikuttavuus perustuu olennaisesti sek\u00e4 siihen, miten ne ohjaavat sektorien keskin\u00e4ist\u00e4 yhteisty\u00f6t\u00e4, ett\u00e4 osallisten hyv\u00e4ksynn\u00e4lle. Toimenpiteiden pit\u00e4isi t\u00e4m\u00e4n mukaisesti jakautua kaikille sektoreille ja my\u00f6s hallinnon ulkopuolisille paikallisille tahoille. Usein t\u00e4m\u00e4 edellytt\u00e4\u00e4 sektorienv\u00e4listen ja verkostomaisten toimintamallien rakentamista sek\u00e4 uusien osallistamismuotojen vakiinnuttamista entisten rinnalle. Pitemm\u00e4ll\u00e4 aikav\u00e4lill\u00e4 tarvitaan my\u00f6s strategisen ohjauksen arviointik\u00e4yt\u00e4nt\u00f6\u00e4.<\/p>\n<p>Suomessa kulttuurisuunnittelua on sovellettu 2010-luvulla muutamassa kaupungissa erilaisin painotuksin. Pisimm\u00e4ll\u00e4 ovat Sipoo ja Pori, joista edellisess\u00e4 prosessia on viety eteenp\u00e4in kunnan hallinnossa ja j\u00e4lkimm\u00e4isess\u00e4 l\u00e4hi\u00f6kehitt\u00e4miseen liittyv\u00e4n tutkimushankkeen yhteydess\u00e4 (<b><\/b><span class=\" attachment-element display_block \"><a class=\"attachment_pdf attachment-a\" href=\"https:\/\/www.pori.fi\/material\/attachments\/hallintokunnat\/kaupunkisuunnittelu\/kaikkienpori\/8icvGMdTr\/Lahikuva_Lahiosta_Ita-Porin_lahioiden_kulttuurikartoitus_ja_toimenpidesuunnitelma.pdf\" target=\"_blank\" rel=\"noopener\">L\u00e4hkuva l\u00e4hi\u00f6st\u00e4 \u2013 It\u00e4-Porin l\u00e4hioiden kulttuurikartoitus ja toimenpidesuunnitelma<\/a><\/span>, Turun yliopisto 2014)<\/p>\n<p>KOKKELI-hankkeessa kulttuurisuunnittelun tuloksia k\u00e4sitell\u00e4\u00e4n kulttuurisuunnitelman n\u00e4k\u00f6kulmasta ensisijaisesti\u00a0 taiteellisissa prosesseissa, joiden kautta paikkojen syvempien merkitysten esitt\u00e4minen ja niist\u00e4 keskusteleminen on mahdollista. Hankkeen konkreettisina tuloksina n\u00e4ytt\u00e4ytyv\u00e4t asukkaiden osallisuuden ja keskustelun lis\u00e4\u00e4ntyminen sek\u00e4 l\u00e4hiymp\u00e4rist\u00f6n k\u00e4ytt\u00e4j\u00e4tiedon jakaminen sek\u00e4 taiteelliset prosessit ja teokset.<\/p>\n<p>&nbsp;<\/p>\n<p><strong>Taide<\/strong><\/p>\n<p>Taide toimii hankkeessa sek\u00e4 osallistavana prosessina, tiedon ker\u00e4\u00e4mis-, jakamis- ja syvent\u00e4mismetodina ty\u00f6pajoissa ett\u00e4 tiedon esitt\u00e4misen tapana.<\/p>\n<p>Kokkelissa tavoitteena on poikki- ja monitaiteinen ote. Taide voi olla yhteis\u00f6llist\u00e4, osallistavaa, se on avoin tulkinnoille ja kommenteille. Nykytaideteosten perustana on kulttuurimaisema, maisemansuojelu ja maisema-arvot, suhde luontoon ja ymp\u00e4r\u00f6iviin muutoksiin. Hanke on avoin taiteilijavieraille, erityisesti toivotaan alueella toimivien ammattitaiteilijoiden mukanaoloa, tavoitteena on saada mukaan my\u00f6s kansainv\u00e4lisi\u00e4 taiteilijavieraita ja yhteisty\u00f6t\u00e4. Kokkelin taiteilija-tutkijana, maaseututaiteilijana ja taidekoordinaattorina toimii kuvataiteilija, KuM, TaM Marjo Heino.<\/p>\n<p>&nbsp;<\/p>\n<p><strong>N\u00e4yttelyt<\/strong><\/p>\n<p>Tavoitteena on ker\u00e4t\u00e4 hankkeen my\u00f6t\u00e4 hankittu tieto usean n\u00e4yttelyn sarjaksi. N\u00e4yttelyt kokoavat prosessit, tapahtumat, dokumentit ja mahdolliset konkreettiset teokset koettaviksi ja visuaalisiksi kokonaisuuksiksi. N\u00e4yttelyt kertovat prosesseista ja avaavat n\u00e4kymi\u00e4 yksitt\u00e4isiin projekteihin. N\u00e4yttelyt osaltaan tuottavat tietoa ja j\u00e4sent\u00e4v\u00e4t tutkimustietoa, avaavat ymm\u00e4rryst\u00e4 muuttuvasta l\u00e4hiymp\u00e4rist\u00f6st\u00e4.<\/p>\n<p>&nbsp;<\/p>\n<p>&nbsp;<\/p>\n","protected":false},"excerpt":{"rendered":"<p>Kulttuurisuunnittelu Kulttuurisuunnittelu (cultural planning) on 1970-luvulla syntynyt l\u00e4hestymistapa paikkojen kulttuuril\u00e4ht\u00f6iseksi ja osallistavaksi kehitt\u00e4miseksi. Sen taustana ovat yht\u00e4\u00e4lt\u00e4 hallintovetoisen, sektorin\u00e4k\u00f6kulmiin perustuvan suunnittelun sek\u00e4 toisaalta yksipuoliseen ja kapeaan tuotteistamisajatteluun ja luoviin eliitteihin perustuvan kulttuurikehitt\u00e4misen kritiikki. Kulttuurisuunnittelu perustuu kulttuurin laajaan m\u00e4\u00e4rittelyyn el\u00e4m\u00e4ntapana eik\u00e4 yksitt\u00e4isin\u00e4 objekteina ja niiden tuottamisena. Sen l\u00e4ht\u00f6kohtana on kulttuurin erityispiirteiden paikallinen tunnistaminen ja kulttuurin\u00e4k\u00f6kulman integroiminen [&hellip;]<\/p>\n","protected":false},"author":3306,"featured_media":0,"parent":0,"menu_order":0,"comment_status":"closed","ping_status":"closed","template":"","meta":{"footnotes":""},"class_list":["post-28","page","type-page","status-publish","hentry","post-preview"],"_links":{"self":[{"href":"https:\/\/blogit.utu.fi\/kokkeli\/wp-json\/wp\/v2\/pages\/28","targetHints":{"allow":["GET"]}}],"collection":[{"href":"https:\/\/blogit.utu.fi\/kokkeli\/wp-json\/wp\/v2\/pages"}],"about":[{"href":"https:\/\/blogit.utu.fi\/kokkeli\/wp-json\/wp\/v2\/types\/page"}],"author":[{"embeddable":true,"href":"https:\/\/blogit.utu.fi\/kokkeli\/wp-json\/wp\/v2\/users\/3306"}],"replies":[{"embeddable":true,"href":"https:\/\/blogit.utu.fi\/kokkeli\/wp-json\/wp\/v2\/comments?post=28"}],"version-history":[{"count":7,"href":"https:\/\/blogit.utu.fi\/kokkeli\/wp-json\/wp\/v2\/pages\/28\/revisions"}],"predecessor-version":[{"id":105,"href":"https:\/\/blogit.utu.fi\/kokkeli\/wp-json\/wp\/v2\/pages\/28\/revisions\/105"}],"wp:attachment":[{"href":"https:\/\/blogit.utu.fi\/kokkeli\/wp-json\/wp\/v2\/media?parent=28"}],"curies":[{"name":"wp","href":"https:\/\/api.w.org\/{rel}","templated":true}]}}