{"id":481,"date":"2018-09-12T11:21:41","date_gmt":"2018-09-12T11:21:41","guid":{"rendered":"https:\/\/blogit.utu.fi\/kokkeli\/?page_id=481"},"modified":"2019-03-14T11:58:11","modified_gmt":"2019-03-14T11:58:11","slug":"osallistu","status":"publish","type":"page","link":"https:\/\/blogit.utu.fi\/kokkeli\/osallistu\/","title":{"rendered":"Osallistu"},"content":{"rendered":"<p>T\u00e4\u00e4lt\u00e4 l\u00f6yd\u00e4t Kokkeli-hankkeen osallistumiseen liittyv\u00e4t mahdollisuudet. Mik\u00e4li sinulla on kerrottavaa kohdealueinamme olevista alueista tai olet kiinnostunut yhteisty\u00f6st\u00e4 taiteen, osallisuuden, hyvinvoinnin sek\u00e4 maaseudun kulttuuriymp\u00e4rist\u00f6n kehitt\u00e4misen tiimoilta, \u00e4l\u00e4 ep\u00e4r\u00f6i ottaa yhteytt\u00e4 hankkeen tekij\u00f6ihin!<\/p>\n<p>&nbsp;<\/p>\n<p>Meneill\u00e4\u00e4n olevat karttakyselyt:<\/p>\n<p>14.3. &#8211; 10.4.2019 Lammaistenlahden maisema -karttakysely (Harjavalta ja Nakkila) <a href=\"https:\/\/query.eharava.fi\/2712\">https:\/\/query.eharava.fi\/2712 <\/a><\/p>\n<p>19.2 &#8211; 18.3.2019 Sastamalan Keiky\u00e4n karttakysely (Harava-kysely) <a href=\"https:\/\/query.eharava.fi\/2325\">https:\/\/query.eharava.fi\/2325\u00a0<\/a><\/p>\n<p>&nbsp;<\/p>\n<p>&nbsp;<\/p>\n<p>P\u00e4\u00e4ttyneet karttakyselyt:<\/p>\n<p>1. &#8211; 30.10.2018 Kokem\u00e4en Kuurola ja S\u00e4pil\u00e4niemi: Muistetun, koetun ja katsotun ymp\u00e4rist\u00f6n arvo -kysely (Harava-kysely)<\/p>\n<p>12.2. \u2013 11.3.2018 Pori: Huvilajuovan asukaskysely (Harava-kysely)<\/p>\n","protected":false},"excerpt":{"rendered":"<p>T\u00e4\u00e4lt\u00e4 l\u00f6yd\u00e4t Kokkeli-hankkeen osallistumiseen liittyv\u00e4t mahdollisuudet. Mik\u00e4li sinulla on kerrottavaa kohdealueinamme olevista alueista tai olet kiinnostunut yhteisty\u00f6st\u00e4 taiteen, osallisuuden, hyvinvoinnin sek\u00e4 maaseudun kulttuuriymp\u00e4rist\u00f6n kehitt\u00e4misen tiimoilta, \u00e4l\u00e4 ep\u00e4r\u00f6i ottaa yhteytt\u00e4 hankkeen tekij\u00f6ihin! &nbsp; Meneill\u00e4\u00e4n olevat karttakyselyt: 14.3. &#8211; 10.4.2019 Lammaistenlahden maisema -karttakysely (Harjavalta ja Nakkila) https:\/\/query.eharava.fi\/2712 19.2 &#8211; 18.3.2019 Sastamalan Keiky\u00e4n karttakysely (Harava-kysely) https:\/\/query.eharava.fi\/2325\u00a0 &nbsp; &nbsp; [&hellip;]<\/p>\n","protected":false},"author":3306,"featured_media":0,"parent":0,"menu_order":0,"comment_status":"closed","ping_status":"closed","template":"","meta":{"footnotes":""},"class_list":["post-481","page","type-page","status-publish","hentry","post-preview"],"_links":{"self":[{"href":"https:\/\/blogit.utu.fi\/kokkeli\/wp-json\/wp\/v2\/pages\/481","targetHints":{"allow":["GET"]}}],"collection":[{"href":"https:\/\/blogit.utu.fi\/kokkeli\/wp-json\/wp\/v2\/pages"}],"about":[{"href":"https:\/\/blogit.utu.fi\/kokkeli\/wp-json\/wp\/v2\/types\/page"}],"author":[{"embeddable":true,"href":"https:\/\/blogit.utu.fi\/kokkeli\/wp-json\/wp\/v2\/users\/3306"}],"replies":[{"embeddable":true,"href":"https:\/\/blogit.utu.fi\/kokkeli\/wp-json\/wp\/v2\/comments?post=481"}],"version-history":[{"count":8,"href":"https:\/\/blogit.utu.fi\/kokkeli\/wp-json\/wp\/v2\/pages\/481\/revisions"}],"predecessor-version":[{"id":581,"href":"https:\/\/blogit.utu.fi\/kokkeli\/wp-json\/wp\/v2\/pages\/481\/revisions\/581"}],"wp:attachment":[{"href":"https:\/\/blogit.utu.fi\/kokkeli\/wp-json\/wp\/v2\/media?parent=481"}],"curies":[{"name":"wp","href":"https:\/\/api.w.org\/{rel}","templated":true}]}}