{"id":29,"date":"2018-06-13T06:50:32","date_gmt":"2018-06-13T06:50:32","guid":{"rendered":"https:\/\/blogit.utu.fi\/konstitutionellratt2018\/?page_id=29"},"modified":"2018-08-20T11:43:03","modified_gmt":"2018-08-20T11:43:03","slug":"program","status":"publish","type":"page","link":"https:\/\/blogit.utu.fi\/konstitutionellratt2018\/program\/","title":{"rendered":"Program"},"content":{"rendered":"<h2><strong>Konstitutionell tolkning<\/strong><\/h2>\n<p>\u00c5bo den 22\u201324 augusti 2018<\/p>\n<h3><strong>Onsdag den 22 augusti <\/strong><\/h3>\n<p><strong>Plats<\/strong>: Juridiska fakulteten, Calonia<\/p>\n<p><strong>18.30-20.00<\/strong><br \/>\nV\u00e4lkomstreception p\u00e5 Juridiska fakulteten<br \/>\nDekanus h\u00e4lsar v\u00e4lkommen<br \/>\nDryck serveras.<\/p>\n<h3><strong>Torsdag den 23 augusti<\/strong><\/h3>\n<p><strong>Plats<\/strong>: Juridiska fakulteten, Calonia<\/p>\n<p><strong>9.30-10.00<\/strong><br \/>\nProfessor <strong>Veli-Pekka Viljanen<\/strong> \u00f6ppnar konferensen<\/p>\n<p>Professor <strong>Markku Suksi<\/strong>, Finland<br \/>\n<em>Inledning till huvudtemat f\u00f6r konferensen om konstitutionell tolkning <\/em><\/p>\n<p><strong>10.00\u201312.30<\/strong><br \/>\n<em>Konstitutionell tolkning i de nordiska l\u00e4nderna<br \/>\n<\/em>Professor <strong>Bj\u00f6rg Thorarensen<\/strong>, Island<br \/>\nProfessor <strong>Michael Hansen Jensen<\/strong>, Danmark<br \/>\nProfessor <strong>Veli-Pekka Viljanen<\/strong>, Finland<br \/>\nProfessor <strong>Karin \u00c5hman<\/strong>, Sverige<\/p>\n<p><strong>12.30\u201314.00<\/strong><br \/>\n<em>Lunch samt kaffe<\/em><\/p>\n<p><strong>14.00\u201316.00<\/strong><em><br \/>\nKonstitutionell tolkning \u2013 j\u00e4mf\u00f6relser, internationella influenser<br \/>\n<\/em>Professor <strong>Anna Jonsson Cornell<\/strong>, Sverige<br \/>\nProfessor <strong>Juha Lavapuro<\/strong>, Finland<br \/>\nBitr\u00e4dande professor <strong>Janne Salminen<\/strong>, Finland<br \/>\nProfessor <strong>Eivind Smith<\/strong>, Norge<br \/>\nDoktorand <strong>Mira Turpeinen<\/strong>, Finland<\/p>\n<p><strong>19.00-23.00<\/strong><br \/>\nKv\u00e4llskryssning med buffet till sk\u00e4ret Loistokari<\/p>\n<h3><strong>Fredag den 24 augusti<\/strong><\/h3>\n<p><strong>Plats<\/strong>: Juridiska fakulteten, Calonia<\/p>\n<p><strong>9.00-12.30<br \/>\n<\/strong><em>Den aktuella forskningen i konstitutionell r\u00e4tt i Norden idag \u2013 Workshops<\/em><strong><br \/>\n<\/strong><\/p>\n<p><strong>Workshop 1<\/strong><\/p>\n<ul>\n<li>Doktorand <strong>Anni Kolehmainen<br \/>\n<\/strong><em>Sociala medier och yttrandefrihet &#8211; Utmaningar f\u00f6r den konstitutionella r\u00e4tten<\/em><\/li>\n<li>Doktorand <strong>Mikael Ruotsi<br \/>\n<\/strong><em>Ett konstitutionellt skydd f\u00f6r journalistiska arbetsmetoder?<\/em><\/li>\n<li>Jur.dr <strong>\u00c5sa Elmerot<br \/>\n<\/strong><em>Tolka r\u00e4tt, tolka fel, tolka ryskt? En komparativ utblick<\/em><\/li>\n<li>Professor <strong>Christoffer Eriksen<br \/>\n<\/strong><em>Bruk av milit\u00e6rmakt i utlandet &#8211; konstitusjonelle utfordringe<\/em><\/li>\n<\/ul>\n<p><strong>Workshop 2<\/strong><\/p>\n<ul>\n<li>Doktorand <strong>Evelina Lund<br \/>\n<\/strong><em>Grundl\u00e4ggande r\u00e4ttigheter f\u00f6r juridiska personer<\/em><\/li>\n<li>Doktorand <strong>Joonas Norr<br \/>\n<\/strong><em>Horisontell effekt av grundl\u00e4ggande r\u00e4ttigheter inom avtalsr\u00e4tt<\/em><\/li>\n<li>Doktorand <strong>Sune Klinge<br \/>\n<\/strong><em>The horizontal effect of EU law, the concept of legal certainty and the possible consequences of non-compliance with EU law for the member state<\/em><\/li>\n<li>Jur. dr. <strong>Lars Karlander<br \/>\n<\/strong><em>EU-domstolens pr\u00f6vning av konflikter mellan grundl\u00e4ggande r\u00e4ttigheter<\/em><\/li>\n<\/ul>\n<p><strong>12.30-13.00<br \/>\n<\/strong><em>Sammanfattning av konferensen<br \/>\n<\/em>Professor <strong>Tuomas Ojanen<\/strong>, Finland<\/p>\n<p><strong>13.00<\/strong><br \/>\nLunch<\/p>\n<p>&nbsp;<\/p>\n","protected":false},"excerpt":{"rendered":"<p>Konstitutionell tolkning \u00c5bo den 22\u201324 augusti 2018 Onsdag den 22 augusti Plats: Juridiska fakulteten, Calonia 18.30-20.00 V\u00e4lkomstreception p\u00e5 Juridiska fakulteten Dekanus h\u00e4lsar v\u00e4lkommen Dryck serveras. Torsdag den 23 augusti Plats: Juridiska fakulteten, Calonia 9.30-10.00 Professor Veli-Pekka Viljanen \u00f6ppnar konferensen Professor &hellip; <a href=\"https:\/\/blogit.utu.fi\/konstitutionellratt2018\/program\/\">Forts\u00e4tt l\u00e4sa <span class=\"meta-nav\">&rarr;<\/span><\/a><\/p>\n","protected":false},"author":3701,"featured_media":0,"parent":0,"menu_order":0,"comment_status":"closed","ping_status":"closed","template":"","meta":{"footnotes":""},"class_list":["post-29","page","type-page","status-publish","hentry"],"_links":{"self":[{"href":"https:\/\/blogit.utu.fi\/konstitutionellratt2018\/wp-json\/wp\/v2\/pages\/29","targetHints":{"allow":["GET"]}}],"collection":[{"href":"https:\/\/blogit.utu.fi\/konstitutionellratt2018\/wp-json\/wp\/v2\/pages"}],"about":[{"href":"https:\/\/blogit.utu.fi\/konstitutionellratt2018\/wp-json\/wp\/v2\/types\/page"}],"author":[{"embeddable":true,"href":"https:\/\/blogit.utu.fi\/konstitutionellratt2018\/wp-json\/wp\/v2\/users\/3701"}],"replies":[{"embeddable":true,"href":"https:\/\/blogit.utu.fi\/konstitutionellratt2018\/wp-json\/wp\/v2\/comments?post=29"}],"version-history":[{"count":5,"href":"https:\/\/blogit.utu.fi\/konstitutionellratt2018\/wp-json\/wp\/v2\/pages\/29\/revisions"}],"predecessor-version":[{"id":283,"href":"https:\/\/blogit.utu.fi\/konstitutionellratt2018\/wp-json\/wp\/v2\/pages\/29\/revisions\/283"}],"wp:attachment":[{"href":"https:\/\/blogit.utu.fi\/konstitutionellratt2018\/wp-json\/wp\/v2\/media?parent=29"}],"curies":[{"name":"wp","href":"https:\/\/api.w.org\/{rel}","templated":true}]}}