{"id":18,"date":"2019-12-03T07:56:41","date_gmt":"2019-12-03T07:56:41","guid":{"rendered":"https:\/\/blogit.utu.fi\/koulutus3\/?page_id=18"},"modified":"2019-12-03T08:54:53","modified_gmt":"2019-12-03T08:54:53","slug":"esimerkki","status":"publish","type":"page","link":"https:\/\/blogit.utu.fi\/koulutus3\/","title":{"rendered":"Esimerkki"},"content":{"rendered":"<h1>Otsikko<\/h1>\n<p>asdgdflkmdgknldkfjk<\/p>\n<ul>\n<li>lista 1<\/li>\n<li>lista 2<\/li>\n<\/ul>\n<p><a href=\"http:\/\/utu.fi\"><img loading=\"lazy\" decoding=\"async\" class=\"alignnone size-medium wp-image-45\" src=\"https:\/\/blogit.utu.fi\/koulutus3\/wp-content\/uploads\/sites\/471\/2019\/12\/classic-blue-coupe-3156482-240x300.jpg\" alt=\"\" width=\"240\" height=\"300\" srcset=\"https:\/\/blogit.utu.fi\/koulutus3\/wp-content\/uploads\/sites\/471\/2019\/12\/classic-blue-coupe-3156482-240x300.jpg 240w, https:\/\/blogit.utu.fi\/koulutus3\/wp-content\/uploads\/sites\/471\/2019\/12\/classic-blue-coupe-3156482-768x960.jpg 768w, https:\/\/blogit.utu.fi\/koulutus3\/wp-content\/uploads\/sites\/471\/2019\/12\/classic-blue-coupe-3156482-819x1024.jpg 819w, https:\/\/blogit.utu.fi\/koulutus3\/wp-content\/uploads\/sites\/471\/2019\/12\/classic-blue-coupe-3156482-1200x1500.jpg 1200w\" sizes=\"auto, (max-width: 240px) 85vw, 240px\" \/><\/a><\/p>\n<p><iframe loading=\"lazy\" title=\"Turun yliopisto - the campus that never sleeps\" width=\"840\" height=\"473\" src=\"https:\/\/www.youtube.com\/embed\/X46AOxJksiM?feature=oembed\" frameborder=\"0\" allow=\"accelerometer; autoplay; encrypted-media; gyroscope; picture-in-picture\" allowfullscreen><\/iframe><\/p>\n<p>T\u00e4st\u00e4 <a href=\"https:\/\/blogit.utu.fi\/koulutus3\/artikkelit\/\">artikkeleihin<\/a><\/p>\n<hr \/>\n<p>klikkaa <a href=\"http:\/\/www.utu.fi\">linkki\u00e4<\/a><\/p>\n<p>t\u00e4ss\u00e4 <a href=\"http:\/\/utu.fi\">on<\/a> lause <a href=\"http:\/\/asgfdb.fi\">testi<\/a><\/p>\n<p><a href=\"http:\/\/www.utu.fi\">www.utu.fi<\/a><\/p>\n<p><iframe loading=\"lazy\" style=\"border: 0;\" src=\"https:\/\/www.google.com\/maps\/embed?pb=!1m18!1m12!1m3!1d15740.263734462145!2d22.27930995!3d60.45292525!2m3!1f0!2f0!3f0!3m2!1i1024!2i768!4f13.1!3m3!1m2!1s0x468c76e7b0d67ded%3A0xf2066fe5769c9801!2sUniversity%20of%20Turku!5e0!3m2!1sen!2sfi!4v1575362482798!5m2!1sen!2sfi\" width=\"600\" height=\"450\" frameborder=\"0\" allowfullscreen=\"allowfullscreen\"><\/iframe><\/p>\n<p><iframe loading=\"lazy\" title=\"Turun yliopisto - the campus that never sleeps\" width=\"840\" height=\"473\" src=\"https:\/\/www.youtube.com\/embed\/X46AOxJksiM?feature=oembed\" frameborder=\"0\" allow=\"accelerometer; autoplay; encrypted-media; gyroscope; picture-in-picture\" allowfullscreen><\/iframe><\/p>\n<p>&nbsp;<\/p>\n<p><a class=\"twitter-timeline\" href=\"https:\/\/twitter.com\/UniTurku?ref_src=twsrc%5Etfw\" data-theme=\"dark\">Tweets by UniTurku<\/a> <script async src=\"https:\/\/platform.twitter.com\/widgets.js\" charset=\"utf-8\"><\/script><\/p>\n","protected":false},"excerpt":{"rendered":"<p>Otsikko asdgdflkmdgknldkfjk lista 1 lista 2 T\u00e4st\u00e4 artikkeleihin klikkaa linkki\u00e4 t\u00e4ss\u00e4 on lause testi www.utu.fi &nbsp; Tweets by UniTurku<\/p>\n","protected":false},"author":5935,"featured_media":0,"parent":0,"menu_order":0,"comment_status":"closed","ping_status":"closed","template":"","meta":{"footnotes":""},"class_list":["post-18","page","type-page","status-publish","hentry"],"_links":{"self":[{"href":"https:\/\/blogit.utu.fi\/koulutus3\/wp-json\/wp\/v2\/pages\/18","targetHints":{"allow":["GET"]}}],"collection":[{"href":"https:\/\/blogit.utu.fi\/koulutus3\/wp-json\/wp\/v2\/pages"}],"about":[{"href":"https:\/\/blogit.utu.fi\/koulutus3\/wp-json\/wp\/v2\/types\/page"}],"author":[{"embeddable":true,"href":"https:\/\/blogit.utu.fi\/koulutus3\/wp-json\/wp\/v2\/users\/5935"}],"replies":[{"embeddable":true,"href":"https:\/\/blogit.utu.fi\/koulutus3\/wp-json\/wp\/v2\/comments?post=18"}],"version-history":[{"count":4,"href":"https:\/\/blogit.utu.fi\/koulutus3\/wp-json\/wp\/v2\/pages\/18\/revisions"}],"predecessor-version":[{"id":105,"href":"https:\/\/blogit.utu.fi\/koulutus3\/wp-json\/wp\/v2\/pages\/18\/revisions\/105"}],"wp:attachment":[{"href":"https:\/\/blogit.utu.fi\/koulutus3\/wp-json\/wp\/v2\/media?parent=18"}],"curies":[{"name":"wp","href":"https:\/\/api.w.org\/{rel}","templated":true}]}}