{"id":55,"date":"2025-09-24T10:06:07","date_gmt":"2025-09-24T07:06:07","guid":{"rendered":"https:\/\/blogit.utu.fi\/kulttuurityossa\/?page_id=55"},"modified":"2026-03-25T15:30:15","modified_gmt":"2026-03-25T13:30:15","slug":"etusivu","status":"publish","type":"page","link":"https:\/\/blogit.utu.fi\/kulttuurityossa\/","title":{"rendered":"Tietoa hankkeesta"},"content":{"rendered":"\n<p class=\"has-manrope-font-family\"><strong><em>Kulttuuri ty\u00f6ss\u00e4. Etnografinen tutkimus keikkaty\u00f6st\u00e4 ja luovuudesta pandemian j\u00e4lkeisess\u00e4 Suomessa&nbsp;<\/em><\/strong>-tutkimushanke tarkastelee keikkaty\u00f6t\u00e4 ja -taloutta sek\u00e4 luovuutta ja kulttuurisia k\u00e4yt\u00e4nt\u00f6j\u00e4. Hanke tutkii etenkin digitaalisia alustoja ty\u00f6ss\u00e4\u00e4n k\u00e4ytt\u00e4vi\u00e4 luovan ty\u00f6n tekij\u00f6it\u00e4. Tutkimuksen otsikko viittaa sek\u00e4 kulttuurialaan ett\u00e4 kulttuuriin ty\u00f6ss\u00e4, eli arkip\u00e4iv\u00e4n k\u00e4yt\u00e4nteisiin ja merkityksiin, jotka liittyv\u00e4t keikkaty\u00f6h\u00f6n. Hankkeessa tutkitaan etnografisin menetelmin (photovoice ja osallistuva havainnointi) keikkaty\u00f6t\u00e4 ja alustataloutta 2020-luvun alun Suomessa.&nbsp;<\/p>\n\n\n\n<p>Keskeinen kysymyksemme on, miten luovilla aloilla ty\u00f6skentelev\u00e4t kokevat keikkaty\u00f6n pandemian j\u00e4lkeisess\u00e4 Suomessa. Mik\u00e4 on luovuuden rooli itsen\u00e4isten ammatinharjoittajien ja keikkatalouden ty\u00f6ntekij\u00f6iden ty\u00f6el\u00e4m\u00e4ss\u00e4?<\/p>\n\n\n\n<p>Tutkimus tuottaa tietoa alustatalouden s\u00e4\u00e4ntelyn, tasa-arvon ja yhdenvertaisuuden edist\u00e4misen sek\u00e4 ty\u00f6el\u00e4m\u00e4n yleisen kehitt\u00e4misen tueksi.<\/p>\n\n\n\n<p>Tutkimusta rahoittavat Koneen s\u00e4\u00e4ti\u00f6 sek\u00e4 Turun yliopisto. <\/p>\n\n\n\n<hr class=\"wp-block-separator has-alpha-channel-opacity\" \/>\n\n\n\n<p><strong>Hankkeet tutkijat<\/strong><\/p>\n\n\n\n<p><strong>Tytti Suominen<\/strong>, Hankejohtaja, dos.<\/p>\n\n\n\n<p>Turun yliopisto, Historian, kulttuurien ja taiteen tutkimuksen laitos \/ kulttuurien tutkimus, etnologia<\/p>\n\n\n\n<p>tytti.suominen@utu.fi&nbsp;<\/p>\n\n\n\n<p>+358 50 303 1753<\/p>\n\n\n\n<p><a href=\"https:\/\/www.utu.fi\/fi\/ihmiset\/tytti-suominen\" target=\"_blank\" rel=\"noreferrer noopener\">https:\/\/www.utu.fi\/fi\/ihmiset\/tytti-suominen<\/a><\/p>\n\n\n\n<hr class=\"wp-block-separator has-text-color has-base-color has-alpha-channel-opacity has-base-background-color has-background is-style-default\" \/>\n\n\n\n<p><strong>Pauliina Latvala-Harvilahti<\/strong>, Kulttuuriperinn\u00f6n tutkimuksen dos., vanhempi tutkija<\/p>\n\n\n\n<p>Turun yliopisto, Historian, kulttuurien ja taiteen tutkimuksen laitos\/ kulttuurien tutkimus, etnologia<\/p>\n\n\n\n<p class=\"has-manrope-font-family\">pauliina.latvala-harvilahti@utu.fi<\/p>\n\n\n\n<p>+358 50 4725934 <\/p>\n\n\n\n<p><a href=\"https:\/\/www.utu.fi\/en\/people\/pauliina-latvala-harvilahti\" target=\"_blank\" rel=\"noreferrer noopener\">https:\/\/www.utu.fi\/en\/people\/pauliina-latvala-harvilahti<\/a><\/p>\n","protected":false},"excerpt":{"rendered":"<p>Kulttuuri ty\u00f6ss\u00e4. Etnografinen tutkimus keikkaty\u00f6st\u00e4 ja luovuudesta pandemian j\u00e4lkeisess\u00e4 Suomessa&nbsp;-tutkimushanke tarkastelee keikkaty\u00f6t\u00e4 ja -taloutta sek\u00e4 luovuutta ja kulttuurisia k\u00e4yt\u00e4nt\u00f6j\u00e4. Hanke tutkii etenkin digitaalisia alustoja ty\u00f6ss\u00e4\u00e4n k\u00e4ytt\u00e4vi\u00e4 luovan ty\u00f6n tekij\u00f6it\u00e4. Tutkimuksen otsikko viittaa sek\u00e4 kulttuurialaan ett\u00e4 kulttuuriin ty\u00f6ss\u00e4, eli arkip\u00e4iv\u00e4n k\u00e4yt\u00e4nteisiin ja merkityksiin, jotka liittyv\u00e4t keikkaty\u00f6h\u00f6n. Hankkeessa tutkitaan etnografisin menetelmin (photovoice ja osallistuva havainnointi) keikkaty\u00f6t\u00e4 ja [&hellip;]<\/p>\n","protected":false},"author":105,"featured_media":0,"parent":0,"menu_order":0,"comment_status":"closed","ping_status":"closed","template":"","meta":{"footnotes":""},"class_list":["post-55","page","type-page","status-publish","hentry"],"_links":{"self":[{"href":"https:\/\/blogit.utu.fi\/kulttuurityossa\/wp-json\/wp\/v2\/pages\/55","targetHints":{"allow":["GET"]}}],"collection":[{"href":"https:\/\/blogit.utu.fi\/kulttuurityossa\/wp-json\/wp\/v2\/pages"}],"about":[{"href":"https:\/\/blogit.utu.fi\/kulttuurityossa\/wp-json\/wp\/v2\/types\/page"}],"author":[{"embeddable":true,"href":"https:\/\/blogit.utu.fi\/kulttuurityossa\/wp-json\/wp\/v2\/users\/105"}],"replies":[{"embeddable":true,"href":"https:\/\/blogit.utu.fi\/kulttuurityossa\/wp-json\/wp\/v2\/comments?post=55"}],"version-history":[{"count":20,"href":"https:\/\/blogit.utu.fi\/kulttuurityossa\/wp-json\/wp\/v2\/pages\/55\/revisions"}],"predecessor-version":[{"id":180,"href":"https:\/\/blogit.utu.fi\/kulttuurityossa\/wp-json\/wp\/v2\/pages\/55\/revisions\/180"}],"wp:attachment":[{"href":"https:\/\/blogit.utu.fi\/kulttuurityossa\/wp-json\/wp\/v2\/media?parent=55"}],"curies":[{"name":"wp","href":"https:\/\/api.w.org\/{rel}","templated":true}]}}