{"id":162,"date":"2018-03-16T11:10:16","date_gmt":"2018-03-16T11:10:16","guid":{"rendered":"https:\/\/blogit.utu.fi\/laaketiedekriittisyys\/?page_id=162"},"modified":"2022-05-30T06:12:34","modified_gmt":"2022-05-30T06:12:34","slug":"tulevat-tapahtumat","status":"publish","type":"page","link":"https:\/\/blogit.utu.fi\/laaketiedekriittisyys\/tulevat-tapahtumat\/","title":{"rendered":"Tulevat tapahtumat"},"content":{"rendered":"<h4><strong>31.5.2022 <a href=\"https:\/\/helsinginyliopisto.etapahtuma.fi\/Default.aspx?tabid=959&amp;group=Tiedekulma&amp;_ga=2.41966053.1199959842.1653890847-1454794772.1344852058#.YpRgId-U9aR\">Rokotusasenteet ja luottamus tieteeseen<\/a><br \/>\n<\/strong>Helsingin yliopiston tiedekulma klo 17-19<br \/>\nPaneelikeskustelussa mm. Pia Vuolanto. Tilaisuus striimataan.<\/h4>\n<div>\n<h4><strong>Aiemmat tapahtumat<\/strong><\/h4>\n<h5><strong>21.5.2022 <a href=\"https:\/\/www.tuni.fi\/fi\/ajankohtaista\/taide-luonto-ja-terveys-0\">Taide, luonto ja terveys<\/a><\/strong><br \/>\nTampereen yliopisto klo 10-17, sali A1<br \/>\nTapahtuman yhten\u00e4 puhujana Pia Vuolanto, joka puhuu antroposofisen l\u00e4\u00e4kinn\u00e4n terapeuttien suhteesta tietoon ja l\u00e4\u00e4ketieteeseen.<\/h5>\n<h5><strong>11.11.2021 <\/strong><a href=\"https:\/\/www.turku.fi\/tapahtuma\/11112021-1800-miksi-kulttuurisella-muistilla-merkitysta\"><strong>Miksi kulttuurisella muistilla on merkityst\u00e4?<\/strong><\/a><br \/>\nTurun p\u00e4\u00e4kirjasto klo 18.00-19.30<br \/>\nTapahtuman yhten\u00e4 puhujana on Johanna Nurmi, joka kertoo rokotteiden vastustamisesta ja kritiikist\u00e4 Suomessa 1900-luvun alusta nykyp\u00e4iv\u00e4\u00e4n<\/h5>\n<h5>T\u00e4ydent\u00e4v\u00e4t ja vaihtoehtoiset hoidot: Haaste ja mahdollisuus &#8211; tutkimusta, tietoa ja terveyspolitiikkaa<\/h5>\n<h5>Ajankohta: 14.1.2020, Helsingin yliopisto, Biomedicum<\/h5>\n<p>**<\/p>\n<h5>Terveytt\u00e4 ja sairautta koskevan tiedon etiikka<\/h5>\n<h5><strong>Ajankohta:<\/strong> pe 15.11.2019\u200b klo 12.30-16.00<\/h5>\n<h5><strong>Paikka:<\/strong> Porthan-sali, Maaherran makasiini, Henrikinkatu 10, Turun yliopisto<\/h5>\n<h5>12.30-12.45 <em>Tilaisuuden avaus.<\/em>\u00a0Anu Laukkanen, tutkijatohtori, Kulttuurin ja terveyden tutkimusyksikk\u00f6, Turun yliopisto<\/h5>\n<h5><strong>12.45-13.15 <em>Tiedon rooli terveytt\u00e4 koskevassa p\u00e4\u00e4t\u00f6ksenteossa: Ovatko vaihtoehtohoitojen k\u00e4ytt\u00e4j\u00e4t tiet\u00e4m\u00e4tt\u00f6mi\u00e4?<\/em> Pia Vuolanto, tutkija, Tampereen yliopisto<\/strong><\/h5>\n<h5>13.15-13.45 <em>Kun potilas valittaa aikaisemman l\u00e4\u00e4k\u00e4rins\u00e4 toiminnasta \u2013 l\u00e4\u00e4k\u00e4rien ratkaisuja kollegiaalisuuden ja vuorovaikutustoimintaan liittyv\u00e4n preferenssin v\u00e4liseen ristiriitaan.<\/em> Suvi Kaikkonen, tohtorikoulutettava, Helsingin yliopisto<\/h5>\n<h5>13.45-14.15\u00a0<em>Teknologia etiikan toteuttamisen tapana hoivassa.<\/em> Joni Jaakola, tohtorikoulutettava, Turun yliopisto<\/h5>\n<h5>14.15-14.30 Kahvitauko<\/h5>\n<h5>14.30-15.00 <em>Taidel\u00e4ht\u00f6isyys ja l\u00e4\u00e4ketieteen opetus.<\/em> Kaisu Koski, akatemiatutkija, Tampereen yliopisto.\u00a0(Puheenvuoro et\u00e4yhteydell\u00e4.)<\/h5>\n<h5>15.00-16.00 <em>Paneelikeskustelu.<\/em>\u00a0vet\u00e4j\u00e4n\u00e4 Anu Laukkanen<\/h5>\n<ul>\n<li>\n<h5>Tiina Raevaara,\u00a0ty\u00f6el\u00e4m\u00e4professori, kirjailija, Turun yliopisto<\/h5>\n<\/li>\n<li>\n<h5>Riitta Suhonen, professori, hoitotiede, Turun yliopisto<\/h5>\n<\/li>\n<li>\n<h5>Mia Muhonen, Vastal\u00e4\u00e4ke ry<\/h5>\n<\/li>\n<\/ul>\n<h5>**<\/h5>\n<h5>Suomen Sukututkimusseuran Teemalauantai\u00a0\u00a0\u00a0\u00a0\u00a0\u00a0\u00a0\u00a0\u00a0\u00a0\u00a0\u00a0\u00a0\u00a0\u00a0\u00a0\u00a0\u00a0\u00a0\u00a0\u00a0\u00a0\u00a0\u00a0\u00a0\u00a0\u00a0\u00a0\u00a0\u00a0\u00a0\u00a0\u00a0\u00a0\u00a0\u00a0\u00a0\u00a0\u00a0\u00a0\u00a0\u00a0\u00a0\u00a0\u00a0\u00a0\u00a0\u00a0\u00a0\u00a0\u00a0\u00a0\u00a0\u00a0\u00a0\u00a0\u00a0\u00a0\u00a0\u00a0\u00a0\u00a0\u00a0\u00a0\u00a0\u00a0\u00a0\u00a0\u00a0\u00a0\u00a0\u00a0\u00a0\u00a0\u00a0\u00a0\u00a0\u00a0\u00a0\u00a0\u00a0\u00a0\u00a0\u00a0\u00a0\u00a0\u00a0\u00a0\u00a0\u00a0\u00a0\u00a0\u00a0\u00a0\u00a0\u00a0\u00a0\u00a0\u00a0\u00a0\u00a0\u00a0\u00a0\u00a0\u00a0\u00a0 <strong>Esivanhemmat tautien kourissa\u00a0\u00a0\u00a0\u00a0\u00a0\u00a0\u00a0\u00a0\u00a0\u00a0\u00a0\u00a0\u00a0\u00a0\u00a0\u00a0\u00a0\u00a0\u00a0\u00a0\u00a0\u00a0\u00a0\u00a0\u00a0\u00a0\u00a0\u00a0\u00a0\u00a0\u00a0\u00a0\u00a0\u00a0\u00a0\u00a0\u00a0\u00a0\u00a0\u00a0\u00a0\u00a0\u00a0\u00a0\u00a0\u00a0\u00a0\u00a0\u00a0\u00a0\u00a0\u00a0\u00a0\u00a0\u00a0\u00a0\u00a0\u00a0\u00a0\u00a0\u00a0\u00a0\u00a0\u00a0\u00a0\u00a0\u00a0\u00a0\u00a0\u00a0\u00a0\u00a0\u00a0\u00a0\u00a0\u00a0\u00a0\u00a0\u00a0\u00a0\u00a0\u00a0\u00a0\u00a0\u00a0\u00a0\u00a0\u00a0\u00a0\u00a0\u00a0\u00a0\u00a0\u00a0\u00a0\u00a0\u00a0\u00a0\u00a0\u00a0\u00a0\u00a0\u00a0\u00a0\u00a0\u00a0\u00a0\u00a0\u00a0\u00a0\u00a0\u00a0\u00a0\u00a0\u00a0\u00a0\u00a0\u00a0\u00a0\u00a0\u00a0\u00a0\u00a0\u00a0\u00a0\u00a0\u00a0\u00a0\u00a0\u00a0\u00a0\u00a0\u00a0\u00a0\u00a0\u00a0\u00a0\u00a0\u00a0\u00a0\u00a0\u00a0\u00a0\u00a0\u00a0\u00a0\u00a0\u00a0\u00a0\u00a0\u00a0\u00a0\u00a0\u00a0\u00a0\u00a0\u00a0\u00a0\u00a0\u00a0\u00a0\u00a0\u00a0\u00a0\u00a0\u00a0\u00a0\u00a0\u00a0\u00a0\u00a0\u00a0\u00a0\u00a0\u00a0\u00a0\u00a0\u00a0\u00a0\u00a0\u00a0\u00a0\u00a0\u00a0\u00a0\u00a0\u00a0\u00a0\u00a0\u00a0\u00a0\u00a0 <\/strong>19.10.2019 klo 10\u201315 Tieteiden talolla Helsingiss\u00e4\u00a0\u00a0\u00a0\u00a0\u00a0\u00a0\u00a0\u00a0\u00a0\u00a0\u00a0\u00a0\u00a0\u00a0\u00a0\u00a0\u00a0\u00a0\u00a0\u00a0\u00a0\u00a0\u00a0\u00a0\u00a0\u00a0\u00a0\u00a0\u00a0\u00a0\u00a0\u00a0\u00a0\u00a0\u00a0\u00a0\u00a0\u00a0\u00a0\u00a0\u00a0\u00a0\u00a0\u00a0\u00a0\u00a0\u00a0\u00a0\u00a0\u00a0\u00a0\u00a0\u00a0\u00a0\u00a0\u00a0\u00a0\u00a0\u00a0\u00a0\u00a0\u00a0\u00a0\u00a0\u00a0\u00a0\u00a0\u00a0\u00a0\u00a0\u00a0\u00a0\u00a0\u00a0\u00a0\u00a0\u00a0\u00a0\u00a0\u00a0\u00a0\u00a0\u00a0\u00a0\u00a0\u00a0\u00a0\u00a0\u00a0\u00a0\u00a0\u00a0\u00a0\u00a0\u00a0\u00a0\u00a0\u00a0\u00a0\u00a0\u00a0\u00a0\u00a0\u00a0\u00a0\u00a0\u00a0\u00a0\u00a0\u00a0\u00a0\u00a0\u00a0\u00a0\u00a0\u00a0\u00a0\u00a0\u00a0\u00a0\u00a0\u00a0\u00a0\u00a0\u00a0\u00a0\u00a0\u00a0\u00a0\u00a0\u00a0\u00a0\u00a0\u00a0\u00a0\u00a0\u00a0\u00a0\u00a0\u00a0\u00a0\u00a0\u00a0\u00a0\u00a0\u00a0\u00a0\u00a0\u00a0\u00a0\u00a0\u00a0\u00a0\u00a0\u00a0\u00a0\u00a0\u00a0\u00a0\u00a0\u00a0\u00a0\u00a0\u00a0\u00a0\u00a0\u00a0\u00a0\u00a0\u00a0\u00a0\u00a0\u00a0\u00a0\u00a0\u00a0\u00a0\u00a0 Ohjelmassa mm. FM, tohtorikoulutettava Suvi Rytty Turun yliopistosta\u00a0\u00a0\u00a0\u00a0\u00a0\u00a0\u00a0\u00a0\u00a0\u00a0\u00a0\u00a0\u00a0\u00a0\u00a0\u00a0\u00a0\u00a0\u00a0\u00a0\u00a0\u00a0\u00a0\u00a0\u00a0\u00a0\u00a0\u00a0\u00a0\u00a0\u00a0\u00a0\u00a0\u00a0\u00a0\u00a0\u00a0\u00a0\u00a0\u00a0\u00a0\u00a0\u00a0\u00a0\u00a0\u00a0\u00a0\u00a0\u00a0\u00a0\u00a0\u00a0\u00a0\u00a0\u00a0\u00a0\u00a0\u00a0\u00a0\u00a0\u00a0\u00a0\u00a0\u00a0\u00a0\u00a0\u00a0\u00a0\u00a0\u00a0\u00a0\u00a0\u00a0\u00a0\u00a0\u00a0\u00a0\u00a0\u00a0\u00a0\u00a0\u00a0\u00a0\u00a0\u00a0\u00a0\u00a0\u00a0\u00a0\u00a0\u00a0\u00a0\u00a0\u00a0\u00a0\u00a0\u00a0\u00a0\u00a0\u00a0\u00a0\u00a0\u00a0\u00a0\u00a0\u00a0\u00a0\u00a0\u00a0\u00a0\u00a0\u00a0\u00a0\u00a0\u00a0\u00a0\u00a0\u00a0\u00a0\u00a0\u00a0\u00a0\u00a0\u00a0\u00a0\u00a0\u00a0\u00a0\u00a0\u00a0\u00a0\u00a0\u00a0\u00a0\u00a0\u00a0\u00a0\u00a0\u00a0\u00a0\u00a0\u00a0\u00a0\u00a0\u00a0\u00a0\u00a0\u00a0\u00a0\u00a0\u00a0\u00a0\u00a0\u00a0\u00a0\u00a0\u00a0\u00a0\u00a0\u00a0\u00a0\u00a0\u00a0\u00a0\u00a0\u00a0\u00a0\u00a0\u00a0\u00a0\u00a0 esitelm\u00f6im\u00e4ss\u00e4 aiheesta <strong>Aatteellinen rokotusvastaisuus Suomessa\u00a0\u00a0\u00a0\u00a0\u00a0\u00a0\u00a0\u00a0\u00a0\u00a0\u00a0\u00a0\u00a0\u00a0\u00a0\u00a0\u00a0\u00a0\u00a0\u00a0\u00a0\u00a0\u00a0\u00a0\u00a0\u00a0\u00a0\u00a0\u00a0\u00a0\u00a0\u00a0\u00a0\u00a0\u00a0\u00a0\u00a0\u00a0\u00a0\u00a0\u00a0\u00a0\u00a0\u00a0\u00a0\u00a0\u00a0\u00a0\u00a0\u00a0\u00a0\u00a0\u00a0\u00a0\u00a0\u00a0\u00a0\u00a0\u00a0\u00a0\u00a0\u00a0\u00a0\u00a0\u00a0\u00a0\u00a0\u00a0\u00a0\u00a0\u00a0\u00a0\u00a0\u00a0\u00a0\u00a0\u00a0\u00a0\u00a0\u00a0\u00a0\u00a0\u00a0\u00a0\u00a0\u00a0\u00a0\u00a0\u00a0\u00a0\u00a0\u00a0\u00a0\u00a0\u00a0\u00a0\u00a0\u00a0\u00a0\u00a0\u00a0\u00a0\u00a0\u00a0\u00a0\u00a0\u00a0\u00a0\u00a0\u00a0\u00a0\u00a0\u00a0\u00a0\u00a0\u00a0\u00a0\u00a0\u00a0\u00a0\u00a0\u00a0\u00a0\u00a0\u00a0\u00a0\u00a0\u00a0\u00a0\u00a0\u00a0\u00a0\u00a0\u00a0\u00a0\u00a0\u00a0\u00a0\u00a0\u00a0\u00a0\u00a0\u00a0\u00a0\u00a0\u00a0\u00a0\u00a0\u00a0\u00a0\u00a0\u00a0\u00a0\u00a0\u00a0\u00a0\u00a0\u00a0\u00a0 <\/strong>Rokotekriittisyys ei ole pelk\u00e4st\u00e4\u00e4n nykyp\u00e4iv\u00e4n ilmi\u00f6, vaan sen juuret ulottuvat aina ensimm\u00e4iseen, 1700-luvun lopulla kehitettyyn isorokkorokotteeseen saakka. Aatteellista ja organisoitunutta rokotusvastaisuutta Suomessa alkoi kuitenkin esiinty\u00e4 vasta 1900-luvun alussa vegetarismin ja luonnonmukaisen parannustavan kannattajien keskuudessa.<\/h5>\n<p>&#8211;<\/p>\n<h5>Edistyksen p\u00e4iv\u00e4t Tieteiden talolla Helsingiss\u00e4 10.-11.10.2019\u00a0 YTT Pia Vuolanto esitelm\u00f6i aiheesta<br \/>\nAsiantuntijavalta ja vaihtoehtoinen terveystieto<br \/>\nMediassa, sairaaloissa ja terveysasemilla kiistell\u00e4\u00e4n l\u00e4\u00e4ketieteen ulkopuolisista ns. vaihtoehtohoidoista, kuten homeopatiasta, kiinalaisesta l\u00e4\u00e4kinn\u00e4st\u00e4 tai vy\u00f6hyketerapiasta. N\u00e4ist\u00e4 hoidoista on tulossa entist\u00e4 kiistanalaisempia, kun vaihtoehtohoitojen tutkimus pyrkii tieteen kent\u00e4lle. Eri maissa on perustettu vaihtoehtohoitojen tutkimuskeskuksia ja alan julkaisutoiminta on vilkasta. Vaihtoehtohoitojen tutkimusala haastaa ja pyrkii muuttamaan n\u00e4ytt\u00f6\u00f6n perustuvaa l\u00e4\u00e4ketiedett\u00e4. Esitys tarkastelee vaihtoehtohoitoihin liittyv\u00e4\u00e4 tiedontuotantoa k\u00e4yden l\u00e4pi uusimpia vaihtoehtohoitojen tutkimuksen suuntia Pohjoismaissa. Se analysoi erilaisia tietoon liittyvi\u00e4 strategioita, joilla vaihtoehtohoitojen tutkimus pyrkii saamaan jalansijaa tiedemaailmassa. Analyysin pohjalta esityksess\u00e4 pohditaan uudenlaisia tapoja vaihtoehtoisen terveystiedon tuottajien ja k\u00e4ytt\u00e4jien kohtaamiseen.<\/h5>\n<h5><\/h5>\n<h5>Apteekkimuseon ja Qwenselin talon luentosarjassa:\u00a0\u00a0\u00a0\u00a0\u00a0\u00a0\u00a0\u00a0\u00a0\u00a0\u00a0\u00a0\u00a0\u00a0\u00a0\u00a0\u00a0\u00a0\u00a0\u00a0\u00a0\u00a0\u00a0\u00a0\u00a0\u00a0\u00a0\u00a0\u00a0\u00a0\u00a0\u00a0\u00a0\u00a0\u00a0\u00a0\u00a0\u00a0\u00a0\u00a0\u00a0\u00a0\u00a0\u00a0\u00a0\u00a0\u00a0\u00a0\u00a0\u00a0\u00a0\u00a0\u00a0\u00a0\u00a0\u00a0\u00a0\u00a0\u00a0\u00a0\u00a0\u00a0\u00a0\u00a0\u00a0\u00a0\u00a0\u00a0\u00a0\u00a0\u00a0\u00a0\u00a0\u00a0\u00a0\u00a0\u00a0\u00a0\u00a0\u00a0\u00a0\u00a0\u00a0\u00a0\u00a0\u00a0\u00a0\u00a0\u00a0\u00a0\u00a0\u00a0\u00a0\u00a0\u00a0\u00a0\u00a0\u00a0\u00a0\u00a0\u00a0\u00a0\u00a0\u00a0\u00a0\u00a0\u00a0\u00a0\u00a0\u00a0\u00a0\u00a0\u00a0\u00a0\u00a0\u00a0\u00a0\u00a0\u00a0\u00a0\u00a0\u00a0\u00a0\u00a0\u00a0\u00a0\u00a0\u00a0\u00a0\u00a0\u00a0\u00a0\u00a0\u00a0\u00a0\u00a0\u00a0\u00a0\u00a0\u00a0\u00a0\u00a0\u00a0\u00a0\u00a0\u00a0\u00a0\u00a0\u00a0\u00a0\u00a0\u00a0\u00a0\u00a0\u00a0\u00a0\u00a0\u00a0\u00a0\u00a0\u00a0\u00a0\u00a0\u00a0\u00a0\u00a0\u00a0\u00a0\u00a0\u00a0\u00a0\u00a0\u00a0\u00a0\u00a0\u00a0\u00a0\u00a0\u00a0\u00a0\u00a0\u00a0\u00a0\u00a0\u00a0\u00a0\u00a0\u00a0 To 15.8. klo 18.30 Suvi Rytty: Rokotusvastaisuuden historiaa Suomessa \u00a0\u00a0\u00a0\u00a0\u00a0\u00a0\u00a0\u00a0\u00a0\u00a0\u00a0\u00a0\u00a0\u00a0\u00a0\u00a0\u00a0\u00a0\u00a0\u00a0\u00a0\u00a0\u00a0\u00a0\u00a0\u00a0\u00a0\u00a0\u00a0\u00a0\u00a0\u00a0\u00a0\u00a0\u00a0\u00a0\u00a0\u00a0\u00a0\u00a0\u00a0\u00a0\u00a0\u00a0\u00a0\u00a0\u00a0\u00a0\u00a0\u00a0\u00a0 Isorokkorokotuksen, rokotuspakkolain sek\u00e4 niiden synnytt\u00e4m\u00e4n rokotusvastaisuuden historiaa Suomessa 1800-luvulta 1900-luvun alkuun. Painopiste on 1900-luvun alkuvuosikymmenien rokotusvastaisuudessa, joka alkoi tuolloin saada organisoituneita muotoja vegetarismin ja luonnonmukaisen parannustavan kannattajien keskuudessa.<br \/>\nLuennoitsijana tohtorikoulutettava Suvi Rytty, Turun yliopisto.<\/h5>\n<h5><a href=\"https:\/\/www.turku.fi\/uutinen\/2019-05-07_apteekkimuseon-ja-qwenselin-talon-luentosarja\">https:\/\/www.turku.fi\/uutinen\/2019-05-07_apteekkimuseon-ja-qwenselin-talon-luentosarja<\/a><\/h5>\n<h5>15.3.2019 Rokotus ennen ja nyt -seminaari<br \/>\nPaikka: Turun yliopisto, seminaarihuone Tempo, Minerva-rakennus (Sirkkalan kasarmi)<br \/>\nAika: 10-17<\/h5>\n<h5>30.11.2018 at 10-16<br \/>\nHealth, expertise and knowledge production<br \/>\nScience and Technology research seminar coordinated by Pia Vuolanto<br \/>\nVenue: Tampere University, Linna 5014<\/h5>\n<\/div>\n<div>Ma 16.4.2018 klo klo 14:15-16:00,<\/div>\n<div>Turun yliopisto, Edu3 (Assistentinkatu 5)<\/div>\n<div><a href=\"https:\/\/blogit.utu.fi\/laaketiedekriittisyys\/2018\/03\/22\/rokotteiden-politiikka-seminaari-turun-yliopistolla-16-4-2018\/\">Rokotteiden politiikka -iltap\u00e4iv\u00e4seminaari<\/a><\/div>\n<p><!--more--><\/p>\n<div>Pe 4.5.2018 Tampereen yliopistossa Tiede ja teknologia -tutkimusseminaari<\/div>\n<div>Terapeuttinen tieto, terapeuttiset kulttuurit<\/div>\n<div>Koordinoivat\u00a0Virve Peteri\u00a0ja\u00a0Pia Vuolanto<\/div>\n<div>Lis\u00e4tietoa: pia.vuolanto(at)uta.fi<\/div>\n<div><\/div>\n","protected":false},"excerpt":{"rendered":"<p>31.5.2022 Rokotusasenteet ja luottamus tieteeseen Helsingin yliopiston tiedekulma klo 17-19 Paneelikeskustelussa mm. Pia Vuolanto. Tilaisuus striimataan. Aiemmat tapahtumat 21.5.2022 Taide, luonto ja terveys Tampereen yliopisto klo 10-17, sali A1 Tapahtuman yhten\u00e4 puhujana Pia Vuolanto, joka puhuu antroposofisen l\u00e4\u00e4kinn\u00e4n terapeuttien suhteesta &hellip; <a href=\"https:\/\/blogit.utu.fi\/laaketiedekriittisyys\/tulevat-tapahtumat\/\">Lue loppuun <span class=\"meta-nav\">&rarr;<\/span><\/a><\/p>\n","protected":false},"author":5402,"featured_media":0,"parent":0,"menu_order":0,"comment_status":"closed","ping_status":"closed","template":"","meta":{"footnotes":""},"class_list":["post-162","page","type-page","status-publish","hentry"],"_links":{"self":[{"href":"https:\/\/blogit.utu.fi\/laaketiedekriittisyys\/wp-json\/wp\/v2\/pages\/162","targetHints":{"allow":["GET"]}}],"collection":[{"href":"https:\/\/blogit.utu.fi\/laaketiedekriittisyys\/wp-json\/wp\/v2\/pages"}],"about":[{"href":"https:\/\/blogit.utu.fi\/laaketiedekriittisyys\/wp-json\/wp\/v2\/types\/page"}],"author":[{"embeddable":true,"href":"https:\/\/blogit.utu.fi\/laaketiedekriittisyys\/wp-json\/wp\/v2\/users\/5402"}],"replies":[{"embeddable":true,"href":"https:\/\/blogit.utu.fi\/laaketiedekriittisyys\/wp-json\/wp\/v2\/comments?post=162"}],"version-history":[{"count":35,"href":"https:\/\/blogit.utu.fi\/laaketiedekriittisyys\/wp-json\/wp\/v2\/pages\/162\/revisions"}],"predecessor-version":[{"id":1044,"href":"https:\/\/blogit.utu.fi\/laaketiedekriittisyys\/wp-json\/wp\/v2\/pages\/162\/revisions\/1044"}],"wp:attachment":[{"href":"https:\/\/blogit.utu.fi\/laaketiedekriittisyys\/wp-json\/wp\/v2\/media?parent=162"}],"curies":[{"name":"wp","href":"https:\/\/api.w.org\/{rel}","templated":true}]}}