{"id":176,"date":"2018-03-16T11:23:24","date_gmt":"2018-03-16T11:23:24","guid":{"rendered":"https:\/\/blogit.utu.fi\/laaketiedekriittisyys\/?page_id=176"},"modified":"2021-11-12T15:30:41","modified_gmt":"2021-11-12T15:30:41","slug":"julkaisut","status":"publish","type":"page","link":"https:\/\/blogit.utu.fi\/laaketiedekriittisyys\/julkaisut\/","title":{"rendered":"Julkaisut"},"content":{"rendered":"<p><strong>Terveys, tieto ja asiantuntijuus -hankkeeseen liittyvi\u00e4 projektin tutkijoiden julkaisuja<\/strong><\/p>\n<p><a href=\"http:\/\/urn.fi\/URN:ISBN:978-951-29-8681-1\">Rytty, S. (2021). Ruumiista reformiin. Suomalaiset el\u00e4m\u00e4nuudistajat, luonnonmukainen ruumiinmuokkaus ja modernisaation ongelma, 1910-1932.<\/a><\/p>\n<div class=\"padding2em odd_inline\">\n<p><a href=\"https:\/\/journal.fi\/sla\/article\/view\/91133\">Rytty, S. (2020). Rokotusvastaisuus historiallisena ilmi\u00f6n\u00e4 1900-luvun alun Suomessa. <i>Sosiaalil\u00e4\u00e4ketieteellinen Aikakauslehti<\/i>, <i>57<\/i>(3). https:\/\/doi.org\/10.23990\/sa.91133<\/a><\/p>\n<p><a href=\"https:\/\/journals.sagepub.com\/doi\/full\/10.1177\/0963662520934752\">Vuolanto, Pia; Bergroth, Harley; Nurmi, Johanna; Salmenniemi, Suvi. (2020). Reconfiguring health knowledges? Contemporary modes of self-care as &#8217;everyday fringe medicine&#8217;. Public Understanding of Science 29 (5), 508-523<\/a>.<\/p>\n<p><a href=\"https:\/\/journals.sagepub.com\/doi\/full\/10.1177\/0162243920947475\">Vuolanto, Pia; Kolehmainen, Marjo. (2020). Gendered Boundary-work within the Finnish skepticism movement. Science, Technology &amp; Human Values. https:\/\/doi.org\/10.1177\/0162243920947475<\/a><\/p>\n<p><a href=\"https:\/\/journal.fi\/sla\/article\/view\/80288\">Vuolanto, P., Kemppainen, L., Kemppainen, T. &amp; Nurmi, J. (2020). T\u00e4ydent\u00e4vien ja vaihtoehtoisten (CAM) hoitojen k\u00e4ytt\u00f6 Suomessa. <em>Sosiaalil\u00e4\u00e4ketieteellinen aikakauslehti<\/em>, 57, 44\u201356.<\/a><\/p>\n<p><a href=\"https:\/\/www.routledge.com\/Assembling-Therapeutics-Cultures-Politics-and-Materiality\/Salmenniemi-Nurmi-Perheentupa-Bergroth\/p\/book\/9780815377979\">Salmenniemi, S., Nurmi, J., Bergroth, H. &amp; Perheentupa, I. (eds.) (2019) <em>Assembling Therapeutics: Cultures, Politics and Materiality.<\/em> Routledge, New York and London.<\/a><\/p>\n<p><a href=\"https:\/\/trepo.tuni.fi\/handle\/10024\/105311\">Nurmi, J. &amp; Salmenniemi, S. (2019). Konfliktien v\u00e4lttely\u00e4 ja piiloon hakeutumista: rokotekriittisten vanhempien vastustustaktiikat. In Autti, O. &amp; Lehtola, V.-P. (eds.) <em>Hiljainen vastarinta.<\/em> Tampere: Tampere University Press.<\/a><\/p>\n<p><a href=\"https:\/\/journals.sagepub.com\/doi\/10.1177\/1403494819834099\">Brodin Danell Jenny-Ann, Danell Rikard, Vuolanto Pia. (2019). Scandinavian research on complementary and alternative medicine: A bibliometric study. Scandinavian Journal of Public Health. https:\/\/doi.org\/10.1177\/1403494819834099<\/a><\/p>\n<p><a href=\"https:\/\/alusta.uta.fi\/2019\/03\/29\/yhteiskuntatiede-luo-uusia-nakokulmia-uskomushoitoihin\/\">Vuolanto Pia. (2019). Yhteiskuntatiede luo uusia n\u00e4k\u00f6kulmia uskomushoitoihin. Alusta! Tampereen yliopiston yhteiskuntatieteiden tiedekunnan verkkolehti.<\/a><\/p>\n<p>Vuolanto Pia, Sorsa Minna, Aarva Pauliina, Helin Kaija. (2018). Katsaus suomalaiseen CAM-tutkimukseen. Sosiaalil\u00e4\u00e4ketieteellinen aikakauslehti 55 (3), 243-259.<\/p>\n<\/div>\n<p>Brosnan Caragh, Vuolanto Pia, Brodin Danell Jenny-Ann (toim.). (2018). Complementary and Alternative Medicine: Knowledge Production and Social Transformation. Cham, Switzerland: Palgrave Macmillan.<\/p>\n<p>Kemppainen Laura, Kemppainen Teemu, Reippainen Jutta, Salmenniemi Suvi, Vuolanto Pia. (2017). Use of complementary and alternative medicine in Europe : Health-related and sociodemographic determinants. Scandinavian Journal of Public Health.<\/p>\n<p>Rytty, Suvi (2017): Puoskarointia vai puhdasta auttamisen halua? Luonnonparantaja Maalin Bergstr\u00f6m ja laittoman l\u00e4\u00e4k\u00e4rintoimen harjoitus 1900-luvun alun Suomessa. Teoksessa Markku Hokkanen ja Kalle Kananoja (toim.): Kiistellyt tiet terveyteen. Parantamisen monimuotoisuus globaalihistoriassa. SKS, Helsinki, 130 &#8211; 164.<\/p>\n<p>Vuolanto Pia. (2018). The Incompatibility Between Social Worlds in Complementary and Alternative Medicine: The Case of Therapeutic Touch. Teoksessa Brosnan Caragh, Vuolanto Pia, Brodin Danell Jenny-Ann (toim.) Complementary and Alternative Medicine: Knowledge Production and Social Transformation. Cham: Palgrave Macmillan, 59-84.<\/p>\n<p>Vuolanto Pia. (2015). Boundary Work and Power in the Controversy Over Therapeutic Touch in Finnish Nursing Science. Minerva 53 (4), 359-380.<\/p>\n<p>Vuolanto Pia. (2014). Hyv\u00e4n tieteen m\u00e4\u00e4rittely ja rajanvetokiistat. Teoksessa Muhonen Reetta, Puuska Hanna-Mari (toim.) Tutkimuksen kansallinen teht\u00e4v\u00e4. Tampere: Vastapaino, 259-270.<\/p>\n","protected":false},"excerpt":{"rendered":"<p>Terveys, tieto ja asiantuntijuus -hankkeeseen liittyvi\u00e4 projektin tutkijoiden julkaisuja Rytty, S. (2021). Ruumiista reformiin. Suomalaiset el\u00e4m\u00e4nuudistajat, luonnonmukainen ruumiinmuokkaus ja modernisaation ongelma, 1910-1932. Rytty, S. (2020). Rokotusvastaisuus historiallisena ilmi\u00f6n\u00e4 1900-luvun alun Suomessa. Sosiaalil\u00e4\u00e4ketieteellinen Aikakauslehti, 57(3). https:\/\/doi.org\/10.23990\/sa.91133 Vuolanto, Pia; Bergroth, Harley; Nurmi, &hellip; <a href=\"https:\/\/blogit.utu.fi\/laaketiedekriittisyys\/julkaisut\/\">Lue loppuun <span class=\"meta-nav\">&rarr;<\/span><\/a><\/p>\n","protected":false},"author":5402,"featured_media":0,"parent":0,"menu_order":0,"comment_status":"closed","ping_status":"closed","template":"","meta":{"footnotes":""},"class_list":["post-176","page","type-page","status-publish","hentry"],"_links":{"self":[{"href":"https:\/\/blogit.utu.fi\/laaketiedekriittisyys\/wp-json\/wp\/v2\/pages\/176","targetHints":{"allow":["GET"]}}],"collection":[{"href":"https:\/\/blogit.utu.fi\/laaketiedekriittisyys\/wp-json\/wp\/v2\/pages"}],"about":[{"href":"https:\/\/blogit.utu.fi\/laaketiedekriittisyys\/wp-json\/wp\/v2\/types\/page"}],"author":[{"embeddable":true,"href":"https:\/\/blogit.utu.fi\/laaketiedekriittisyys\/wp-json\/wp\/v2\/users\/5402"}],"replies":[{"embeddable":true,"href":"https:\/\/blogit.utu.fi\/laaketiedekriittisyys\/wp-json\/wp\/v2\/comments?post=176"}],"version-history":[{"count":12,"href":"https:\/\/blogit.utu.fi\/laaketiedekriittisyys\/wp-json\/wp\/v2\/pages\/176\/revisions"}],"predecessor-version":[{"id":1011,"href":"https:\/\/blogit.utu.fi\/laaketiedekriittisyys\/wp-json\/wp\/v2\/pages\/176\/revisions\/1011"}],"wp:attachment":[{"href":"https:\/\/blogit.utu.fi\/laaketiedekriittisyys\/wp-json\/wp\/v2\/media?parent=176"}],"curies":[{"name":"wp","href":"https:\/\/api.w.org\/{rel}","templated":true}]}}