{"id":50,"date":"2018-02-15T12:04:32","date_gmt":"2018-02-15T12:04:32","guid":{"rendered":"https:\/\/blogit.utu.fi\/laaketiedekriittisyys\/?page_id=50"},"modified":"2019-10-09T11:41:00","modified_gmt":"2019-10-09T11:41:00","slug":"hanke","status":"publish","type":"page","link":"https:\/\/blogit.utu.fi\/laaketiedekriittisyys\/hanke\/","title":{"rendered":"Hanke"},"content":{"rendered":"<div><strong>Terveys, tieto ja asiantuntijuus: vaihtoehtohoitoihin ja rokotteisiin liittyv\u00e4 l\u00e4\u00e4ketiedekriittisyys 1900-luvun alusta nykyp\u00e4iv\u00e4\u00e4n<\/strong><\/div>\n<p><!--more--><\/p>\n<div>Hankkeemme vastaa ajankohtaiseen tieteelliseen ja yhteiskunnalliseen tarpeeseen ymm\u00e4rt\u00e4\u00e4 vaihtoehtohoitojen k\u00e4ytt\u00f6\u00e4 ja rokotekriittisyytt\u00e4, sek\u00e4 niihin liittyv\u00e4\u00e4 koulul\u00e4\u00e4ketieteen kritiikki\u00e4. Hankkeen vahvuutena on sosiologisen ja historiallisen tutkimuksen yhdist\u00e4minen, sill\u00e4 pitk\u00e4n aikav\u00e4lin perspektiivist\u00e4 katsottuna l\u00e4\u00e4ketiedekriittisyys ei ole hetkellinen, vaan syv\u00e4lle moderniin yhteiskuntaan juurtunut ilmi\u00f6.<\/div>\n<p><!--more--><\/p>\n<div>Tarkastelemme rokotekriittisyyteen ja vaihtoehtohoitoihin kiinnittyv\u00e4\u00e4 koulul\u00e4\u00e4ketieteen kritiikki\u00e4 kansalaisten, mutta my\u00f6s terveydenhoitoalan ammattilaisten keskuudessa. Tarkastelun kohteena ovat kritiikin taustalta l\u00f6ytyv\u00e4t k\u00e4sitykset sairaudesta, terveydest\u00e4, tiedosta ja asiantuntijuudesta, sek\u00e4 n\u00e4iden k\u00e4sitysten historiallinen jatkumo 1900-luvun alusta nykyp\u00e4iv\u00e4\u00e4n. Selvit\u00e4mme sosiaalisia ja kulttuurisia syit\u00e4 vaihtoehtohoitojen k\u00e4ytt\u00f6\u00f6n ja rokotekriittisyyteen nyky-yhteiskunnassa, jota leimaavat muuttuvat terveys- ja sairausk\u00e4sitykset, koulul\u00e4\u00e4ketieteen auktoriteetin kyseenalaistaminen, terveyden yksil\u00f6llistyminen ja kaupallistuminen sek\u00e4 valinnanvapauden korostuminen.<\/div>\n<div><\/div>\n<p><!--more--><\/p>\n<div>Hanke toteutetaan vuosina 2018-2020 Turun ja Tampereen yliopistoilla ja sit\u00e4 rahoittaa Emil Aaltosen s\u00e4\u00e4ti\u00f6.<\/div>\n<p><!--more--><\/p>\n<div><strong>Tutkimusryhm\u00e4:<\/strong><\/div>\n<p><!--more--><\/p>\n<div><a href=\"https:\/\/www.tuni.fi\/fi\/pia-vuolanto\">Pia Vuolanto<\/a> on sosiologian dosentti ja tutkija. H\u00e4n toimii tieteen- ja teknologian tutkijana Tampereen yliopistossa. H\u00e4n tutkii tieteen rajoja ja tieteellisi\u00e4 kiistoja. T\u00e4ss\u00e4 hankkeessa Vuolanto keskittyy vaihtoehtol\u00e4\u00e4kinn\u00e4n ja n\u00e4ytt\u00f6\u00f6n perustuvan l\u00e4\u00e4ketieteen suhteisiin ja l\u00e4\u00e4ketieteen sis\u00e4iseen ja ulkoiseen kritiikkiin. H\u00e4n on aiemmalta koulutukseltaan sairaanhoitaja ja terveystieteen maisteri. Vuolanto toimii projektin toisena johtajana.<\/div>\n<p><!--more--><\/p>\n<div><a href=\"http:\/\/www.utu.fi\/fi\/yksikot\/soc\/yksikot\/sosiologia\/oppiaine\/henkilokunta\/nurmi\/Sivut\/home.aspx\">Johanna Nurmi<\/a> on sosiologian tutkijatohtori Turun yliopistosta. H\u00e4n tutkii rokotekriittisyytt\u00e4 poliittisena ja el\u00e4m\u00e4ntapaan kiinnittyv\u00e4n\u00e4 ilmi\u00f6n\u00e4. T\u00e4ss\u00e4 hankkeessa Nurmi on kiinnostunut erityisesti\u00a0 rokotekriittisyyden suhteesta l\u00e4\u00e4ketieteeseen ja terveydenhuoltoon sek\u00e4 rokotteisiin liittyvist\u00e4\u00a0 terveydenhuollon sis\u00e4isist\u00e4 neuvotteluista. Nurmi toimii projektin toisena johtajana.<\/div>\n<p><!--more--><\/p>\n<div>Suvi Rytty viimeistelee Suomen historian alaan kuuluvaa v\u00e4it\u00f6skirjaansa 1900-luvun alun luonnonmukaisesta el\u00e4m\u00e4ntavasta, johon kuului niin luonnonparannustavan, vegetarismin, alastomuuden harjoittamisen kuin rokotusvastaisuuden kaltaisia aatteita. Rytyn tutkimuksellisia kiinnostuksenkohteita ovat terveyshistoria, vaihtoehtol\u00e4\u00e4kinn\u00e4n historia sek\u00e4 ruumiillisuuden historia.<\/div>\n<div><\/div>\n<p><!--more--><\/p>\n<div>Tiina V\u00e4\u00e4n\u00e4nen tekee v\u00e4it\u00f6skirjatutkimusta liittyen suomalaisten kokemuksiin t\u00e4ydent\u00e4vist\u00e4 hoitomuodoista. V\u00e4\u00e4n\u00e4sen tutkimus selvitt\u00e4\u00e4, miksi osa suomalaisista valitsee virallisen terveydenhuollon ulkopuolisia hoitomuotoja, sek\u00e4 tarkastelee virallisen terveydenhuollon ja t\u00e4ydent\u00e4vien hoitomuotojen suhdetta. V\u00e4\u00e4n\u00e4nen on opettanut n\u00e4ytt\u00f6\u00f6n perustuvaa hoitoty\u00f6t\u00e4 yli kymmenen vuotta.<\/div>\n<div>\n<p style=\"margin-bottom: 8.0pt\"><span style=\"font-family: 'Calibri',sans-serif;color: black\">\u00a0<\/span><\/p>\n<\/div>\n","protected":false},"excerpt":{"rendered":"<p>Terveys, tieto ja asiantuntijuus: vaihtoehtohoitoihin ja rokotteisiin liittyv\u00e4 l\u00e4\u00e4ketiedekriittisyys 1900-luvun alusta nykyp\u00e4iv\u00e4\u00e4n<\/p>\n","protected":false},"author":5402,"featured_media":0,"parent":0,"menu_order":0,"comment_status":"closed","ping_status":"closed","template":"","meta":{"footnotes":""},"class_list":["post-50","page","type-page","status-publish","hentry"],"_links":{"self":[{"href":"https:\/\/blogit.utu.fi\/laaketiedekriittisyys\/wp-json\/wp\/v2\/pages\/50","targetHints":{"allow":["GET"]}}],"collection":[{"href":"https:\/\/blogit.utu.fi\/laaketiedekriittisyys\/wp-json\/wp\/v2\/pages"}],"about":[{"href":"https:\/\/blogit.utu.fi\/laaketiedekriittisyys\/wp-json\/wp\/v2\/types\/page"}],"author":[{"embeddable":true,"href":"https:\/\/blogit.utu.fi\/laaketiedekriittisyys\/wp-json\/wp\/v2\/users\/5402"}],"replies":[{"embeddable":true,"href":"https:\/\/blogit.utu.fi\/laaketiedekriittisyys\/wp-json\/wp\/v2\/comments?post=50"}],"version-history":[{"count":21,"href":"https:\/\/blogit.utu.fi\/laaketiedekriittisyys\/wp-json\/wp\/v2\/pages\/50\/revisions"}],"predecessor-version":[{"id":554,"href":"https:\/\/blogit.utu.fi\/laaketiedekriittisyys\/wp-json\/wp\/v2\/pages\/50\/revisions\/554"}],"wp:attachment":[{"href":"https:\/\/blogit.utu.fi\/laaketiedekriittisyys\/wp-json\/wp\/v2\/media?parent=50"}],"curies":[{"name":"wp","href":"https:\/\/api.w.org\/{rel}","templated":true}]}}