{"id":2,"date":"2023-01-23T16:21:34","date_gmt":"2023-01-23T14:21:34","guid":{"rendered":"https:\/\/blogit.utu.fi\/lakitutka\/?page_id=2"},"modified":"2024-01-12T08:29:15","modified_gmt":"2024-01-12T06:29:15","slug":"esimerkkisivu","status":"publish","type":"page","link":"https:\/\/blogit.utu.fi\/lakitutka\/esimerkkisivu\/","title":{"rendered":"Tietoa Lakitutkasta"},"content":{"rendered":"\n<p>Eduskunta hyv\u00e4ksyy joka vuosi satoja hallituksen esityksi\u00e4 laiksi. S\u00e4\u00e4dettyjen lakien taustalla on useita\u00a0valmisteluvaiheita, joiden aikana tuotetaan valtava m\u00e4\u00e4r\u00e4 asiakirjoja. Lakiehdotuksen taustaksi voidaan teett\u00e4\u00e4 raportteja, tutkimuksia tai selvityksi\u00e4. Lakitekstin ensimm\u00e4inen versio perusteluineen l\u00e4hetet\u00e4\u00e4n lausuntokierrokselle. Eduskunnassa kansanedustajat keskustelevat lakiehdotuksista, ja n\u00e4m\u00e4 keskustelut dokumentoidaan t\u00e4ysistuntojen p\u00f6yt\u00e4kirjoihin. Lainvalmistelun aikana syntyneet dokumentit ovat l\u00e4ht\u00f6kohtaisesti julkisia, ja niiden tulee olla kenen tahansa saatavilla. Aiemmin asiakirjat olivat hajallaan eri tietokannoissa, kaikki asiakirjat eiv\u00e4t olleet s\u00e4hk\u00f6isesti saatavilla, ja tietokantojen hakutoiminnot olivat hankalia k\u00e4ytt\u00e4\u00e4. Asiakirjojen haku ja niiden k\u00e4sittely tutkimusty\u00f6ss\u00e4 vei todella paljon aikaa.<\/p>\n\n\n\n<p>Turun yliopiston oikeustieteellisen tiedekunnan tutkijat, opiskelijat ja yliopiston it-suunnittelijat kehittiv\u00e4t Lakitutka-verkkosovelluksen ratkaisuksi ongelmaan. Lakitutka kokoaa yhteen hakupalveluun lainvalmistelun aikana syntyv\u00e4t julkiset asiakirjat koko valmisteluprosessin ajalta. Lakitutka tarjoaa samalla kaikille aiempaa paremman mahdollisuuden p\u00e4\u00e4st\u00e4 k\u00e4siksi omaan arkeen vaikuttavan lains\u00e4\u00e4d\u00e4nn\u00f6n tausta-aineistoon.<\/p>\n\n\n\n<p>Lakitutkalla voit tarkastella lakihankkeiden etenemist\u00e4 hallituksen esitysten, annettujen lausuntojen, valiokunta-asiakirjojen ja eduskuntakeskusteluiden kautta. Lakitutkalla voi selvitt\u00e4\u00e4 esimerkiksi eri hallitusten toimintaa tiettyyn teemaan liittyen. Lakitutkan avulla on mahdollista tutkia, mitk\u00e4 tahot valmistelevat, puolustavat ja vastustavat itselle t\u00e4rkeit\u00e4 lakihankkeita. Yksitt\u00e4isen lakihankkeen kulkua voi tarkastella aikajanalla, jolla n\u00e4kyv\u00e4t kaikki siihen liittyv\u00e4t valmisteluasiakirjat. Aikajanan kautta on mahdollista avata asiakirjat luettavaksi yksi kerrallaan. Lakitutkassa on visualisointiominaisuus, joka esitt\u00e4\u00e4 hakutulokset nopeasti hahmotettavina diagrammeina.<\/p>\n\n\n\n<p>Lakitutka helpottaa my\u00f6s tutkimuksen tekemist\u00e4. Lakitutkasta on mahdollista ladata itse rajattu joukko asiakirjatiedostoja, kuten hallituksen esityksi\u00e4 tai lausuntokierrosten lausuntoja. Lakitutkasta voi ladata my\u00f6s matriiseja asiakirjojen metatiedoista, eik\u00e4 asiakirjojen tunnistetietoja tarvitse en\u00e4\u00e4 kirjata k\u00e4sity\u00f6n\u00e4.<\/p>\n\n\n\n<p>Lakitutkan tavoitteena on lis\u00e4t\u00e4 kiinnostusta lakien syntymekanismeihin ja tuoda lakien s\u00e4\u00e4t\u00e4miseen liittyv\u00e4\u00e4 tietoa yh\u00e4 useamman saataville. Tarkoituksena on edist\u00e4\u00e4 lains\u00e4\u00e4d\u00e4nn\u00f6n l\u00e4pin\u00e4kyvyytt\u00e4, tuoda ilmi lains\u00e4\u00e4d\u00e4nt\u00f6prosesseihin liittyv\u00e4\u00e4 vaikuttamista, tukea aktiivista kansalaisyhteiskuntaa ja parantaa jokaisen osallistumismahdollisuuksia, sek\u00e4 helpottaa lains\u00e4\u00e4d\u00e4nt\u00f6\u00f6n liittyv\u00e4n tutkimuksen tekemist\u00e4.<\/p>\n\n\n\n<p>Lakitutka on saatavilla osoitteessa <a href=\"https:\/\/lakitutka.fi\/\">https:\/\/lakitutka.fi\/<\/a>.<\/p>\n","protected":false},"excerpt":{"rendered":"<p>Eduskunta hyv\u00e4ksyy joka vuosi satoja hallituksen esityksi\u00e4 laiksi. S\u00e4\u00e4dettyjen lakien taustalla on useita\u00a0valmisteluvaiheita, joiden aikana tuotetaan valtava m\u00e4\u00e4r\u00e4 asiakirjoja. Lakiehdotuksen taustaksi voidaan teett\u00e4\u00e4 raportteja, tutkimuksia tai selvityksi\u00e4. Lakitekstin ensimm\u00e4inen versio perusteluineen l\u00e4hetet\u00e4\u00e4n lausuntokierrokselle. Eduskunnassa kansanedustajat keskustelevat lakiehdotuksista, ja n\u00e4m\u00e4 keskustelut dokumentoidaan t\u00e4ysistuntojen p\u00f6yt\u00e4kirjoihin. Lainvalmistelun aikana syntyneet dokumentit ovat l\u00e4ht\u00f6kohtaisesti julkisia, ja niiden tulee olla kenen&#8230; <\/p>\n<div class=\"link-more\"><a href=\"https:\/\/blogit.utu.fi\/lakitutka\/esimerkkisivu\/\">Read More<\/a><\/div>\n","protected":false},"author":21843,"featured_media":0,"parent":0,"menu_order":0,"comment_status":"closed","ping_status":"open","template":"","meta":{"footnotes":""},"class_list":["post-2","page","type-page","status-publish","hentry"],"_links":{"self":[{"href":"https:\/\/blogit.utu.fi\/lakitutka\/wp-json\/wp\/v2\/pages\/2","targetHints":{"allow":["GET"]}}],"collection":[{"href":"https:\/\/blogit.utu.fi\/lakitutka\/wp-json\/wp\/v2\/pages"}],"about":[{"href":"https:\/\/blogit.utu.fi\/lakitutka\/wp-json\/wp\/v2\/types\/page"}],"author":[{"embeddable":true,"href":"https:\/\/blogit.utu.fi\/lakitutka\/wp-json\/wp\/v2\/users\/21843"}],"replies":[{"embeddable":true,"href":"https:\/\/blogit.utu.fi\/lakitutka\/wp-json\/wp\/v2\/comments?post=2"}],"version-history":[{"count":1,"href":"https:\/\/blogit.utu.fi\/lakitutka\/wp-json\/wp\/v2\/pages\/2\/revisions"}],"predecessor-version":[{"id":97,"href":"https:\/\/blogit.utu.fi\/lakitutka\/wp-json\/wp\/v2\/pages\/2\/revisions\/97"}],"wp:attachment":[{"href":"https:\/\/blogit.utu.fi\/lakitutka\/wp-json\/wp\/v2\/media?parent=2"}],"curies":[{"name":"wp","href":"https:\/\/api.w.org\/{rel}","templated":true}]}}