{"id":603,"date":"2025-02-11T09:09:41","date_gmt":"2025-02-11T09:09:41","guid":{"rendered":"https:\/\/blogit.utu.fi\/luha\/?page_id=603"},"modified":"2025-12-04T11:57:54","modified_gmt":"2025-12-04T11:57:54","slug":"metsastajien-maara-ja-jakauma","status":"publish","type":"page","link":"https:\/\/blogit.utu.fi\/luha\/metsastajien-jakauma-ja-asenteet-metsastysta-kohtaan\/metsastajien-maara-ja-jakauma\/","title":{"rendered":"Mets\u00e4st\u00e4jien m\u00e4\u00e4r\u00e4 ja jakauma"},"content":{"rendered":"\n<p>Raportti:<\/p>\n\n\n\n<ul class=\"wp-block-list\">\n<li>Perkkola M., Tuominen L., Wikstr\u00f6m M. &amp; Brommer J. E. (2024). Suomen mets\u00e4st\u00e4j\u00e4m\u00e4\u00e4rien taustatekij\u00f6iden selvitt\u00e4minen: m\u00e4\u00e4r\u00e4n vaihtelu riistakeskusalueittain. Turun yliopisto &amp; Suomen Riistakeskus.\u00a0<a href=\"https:\/\/www.utupub.fi\/handle\/10024\/179001\">https:\/\/www.utupub.fi\/handle\/10024\/179001<\/a><\/li>\n<\/ul>\n\n\n\n<p>Uutinen:<\/p>\n\n\n\n<ul class=\"wp-block-list\">\n<li>Perkkola M., Wikstr\u00f6m M. &amp; Brommer J. E. (2025). Mets\u00e4st\u00e4j\u00e4m\u00e4\u00e4r\u00e4 hupenee, jos riistakannat hupenevat. <em>Mets\u00e4st\u00e4j\u00e4<\/em>. <a href=\"https:\/\/metsastajalehti.fi\/tutkittua\/metsastajamaara-hupenee-jos-riistakannat-hupenevat\/\">https:\/\/metsastajalehti.fi\/tutkittua\/metsastajamaara-hupenee-jos-riistakannat-hupenevat\/<\/a><\/li>\n<\/ul>\n\n\n\n<p><\/p>\n\n\n\n<p><\/p>\n","protected":false},"excerpt":{"rendered":"<p>Raportti: Uutinen:<\/p>\n","protected":false},"author":17951,"featured_media":0,"parent":599,"menu_order":0,"comment_status":"closed","ping_status":"closed","template":"","meta":{"footnotes":""},"class_list":["post-603","page","type-page","status-publish","hentry","post-preview"],"_links":{"self":[{"href":"https:\/\/blogit.utu.fi\/luha\/wp-json\/wp\/v2\/pages\/603","targetHints":{"allow":["GET"]}}],"collection":[{"href":"https:\/\/blogit.utu.fi\/luha\/wp-json\/wp\/v2\/pages"}],"about":[{"href":"https:\/\/blogit.utu.fi\/luha\/wp-json\/wp\/v2\/types\/page"}],"author":[{"embeddable":true,"href":"https:\/\/blogit.utu.fi\/luha\/wp-json\/wp\/v2\/users\/17951"}],"replies":[{"embeddable":true,"href":"https:\/\/blogit.utu.fi\/luha\/wp-json\/wp\/v2\/comments?post=603"}],"version-history":[{"count":3,"href":"https:\/\/blogit.utu.fi\/luha\/wp-json\/wp\/v2\/pages\/603\/revisions"}],"predecessor-version":[{"id":632,"href":"https:\/\/blogit.utu.fi\/luha\/wp-json\/wp\/v2\/pages\/603\/revisions\/632"}],"up":[{"embeddable":true,"href":"https:\/\/blogit.utu.fi\/luha\/wp-json\/wp\/v2\/pages\/599"}],"wp:attachment":[{"href":"https:\/\/blogit.utu.fi\/luha\/wp-json\/wp\/v2\/media?parent=603"}],"curies":[{"name":"wp","href":"https:\/\/api.w.org\/{rel}","templated":true}]}}