{"id":610,"date":"2025-02-11T09:15:44","date_gmt":"2025-02-11T09:15:44","guid":{"rendered":"https:\/\/blogit.utu.fi\/luha\/?page_id=610"},"modified":"2025-12-04T11:59:25","modified_gmt":"2025-12-04T11:59:25","slug":"asenteet-metsastysta-kohtaan","status":"publish","type":"page","link":"https:\/\/blogit.utu.fi\/luha\/asenteet-metsastysta-kohtaan\/","title":{"rendered":"Asenteet mets\u00e4styst\u00e4 kohtaan"},"content":{"rendered":"\n<p>Raportti:<\/p>\n\n\n\n<ul class=\"wp-block-list\">\n<li>Perkkola M., Wikstr\u00f6m M. &amp; Brommer J. (2025). Yhteiskunnan suhtautuminen mets\u00e4stykseen. UTUPub, Turun yliopisto &amp; Suomen riistakeskus.\u00a0<a href=\"https:\/\/urn.fi\/URN:ISBN:978-952-02-0086-2\">https:\/\/urn.fi\/URN:ISBN:978-952-02-0086-2<\/a><\/li>\n<\/ul>\n\n\n\n<p>Uutiset:<\/p>\n\n\n\n<ul class=\"wp-block-list\">\n<li>Wikstr\u00f6m M., Perkkola M. &amp; Brommer J. E. (2025). Muuttaako kaupungistuminen suhtautumista mets\u00e4stykseen? <em>Mets\u00e4st\u00e4j\u00e4<\/em>.<a href=\"https:\/\/metsastajalehti.fi\/tutkittua\/metsastajamaara-hupenee-jos-riistakannat-hupenevat\/\"> <\/a><a href=\"https:\/\/metsastajalehti.fi\/ajankohtaista\/muuttaako-kaupungistuminen-suhtautumista-metsastykseen\/\">https:\/\/metsastajalehti.fi\/ajankohtaista\/muuttaako-kaupungistuminen-suhtautumista-metsastykseen\/<\/a><\/li>\n\n\n\n<li>Vallinheimo E. (2025). Joka nelj\u00e4s suomalainen ei tunne yht\u00e4\u00e4n mets\u00e4st\u00e4j\u00e4\u00e4 \u2013 t\u00e4m\u00e4 vaikutus sill\u00e4 on asenteisiin mets\u00e4styst\u00e4 kohtaan. <em>Maaseudun Tulevaisuus<\/em>. <a href=\"https:\/\/www.maaseuduntulevaisuus.fi\/metsa\/aa4aa8d7-1aba-425d-bc70-8ad39b71a0f2\">https:\/\/www.maaseuduntulevaisuus.fi\/metsa\/aa4aa8d7-1aba-425d-bc70-8ad39b71a0f2<\/a><\/li>\n<\/ul>\n\n\n\n<p><\/p>\n","protected":false},"excerpt":{"rendered":"<p>Raportti: Uutiset:<\/p>\n","protected":false},"author":17951,"featured_media":0,"parent":0,"menu_order":0,"comment_status":"closed","ping_status":"closed","template":"","meta":{"footnotes":""},"class_list":["post-610","page","type-page","status-publish","hentry","post-preview"],"_links":{"self":[{"href":"https:\/\/blogit.utu.fi\/luha\/wp-json\/wp\/v2\/pages\/610","targetHints":{"allow":["GET"]}}],"collection":[{"href":"https:\/\/blogit.utu.fi\/luha\/wp-json\/wp\/v2\/pages"}],"about":[{"href":"https:\/\/blogit.utu.fi\/luha\/wp-json\/wp\/v2\/types\/page"}],"author":[{"embeddable":true,"href":"https:\/\/blogit.utu.fi\/luha\/wp-json\/wp\/v2\/users\/17951"}],"replies":[{"embeddable":true,"href":"https:\/\/blogit.utu.fi\/luha\/wp-json\/wp\/v2\/comments?post=610"}],"version-history":[{"count":3,"href":"https:\/\/blogit.utu.fi\/luha\/wp-json\/wp\/v2\/pages\/610\/revisions"}],"predecessor-version":[{"id":634,"href":"https:\/\/blogit.utu.fi\/luha\/wp-json\/wp\/v2\/pages\/610\/revisions\/634"}],"wp:attachment":[{"href":"https:\/\/blogit.utu.fi\/luha\/wp-json\/wp\/v2\/media?parent=610"}],"curies":[{"name":"wp","href":"https:\/\/api.w.org\/{rel}","templated":true}]}}